NOAA-Style Climate Reports
Select a Year or Month report
2024: Gen Feb Mar Apr Mag Giu Lug Ago Set Ott Nov Dic
2023: Gen Feb Mar Apr Mag Giu Lug Ago Set Ott Nov Dic
2022: Gen Feb Mar Apr Mag Giu Lug Ago Set Ott Nov Dic
2021: Gen Feb Mar Apr Mag Giu Lug Ago Set Ott Nov Dic
2020: Gen Feb Mar Apr Mag Giu Lug Ago Set Ott Nov Dic
2019: Gen Feb Mar Apr Mag Giu Lug Ago Set Ott Nov Dic
2018: Gen Feb Mar Apr Mag Giu Lug Ago Set Ott Nov Dic
2017: Gen Feb Mar Apr Mag Giu Lug Ago Set Ott Nov Dic
2016: Gen Feb Mar Apr Mag Giu Lug Ago Set Ott Nov Dic
2015: Gen Feb Mar Apr Mag Giu Lug Ago Set Ott Nov Dic
2014: Gen Feb Mar Apr Mag Giu Lug Ago Set Ott Nov Dic
2013: Gen Feb Mar Apr Mag Giu Lug Ago Set Ott Nov Dic
2012: Gen Feb Mar Apr Mag Giu Lug Ago Set Ott Nov Dic
2011: Gen Feb Mar Apr Mag Giu Lug Ago Set Ott Nov Dic
2024: Gen Feb Mar Apr Mag Giu Lug Ago Set Ott Nov Dic
2023: Gen Feb Mar Apr Mag Giu Lug Ago Set Ott Nov Dic
2022: Gen Feb Mar Apr Mag Giu Lug Ago Set Ott Nov Dic
2021: Gen Feb Mar Apr Mag Giu Lug Ago Set Ott Nov Dic
2020: Gen Feb Mar Apr Mag Giu Lug Ago Set Ott Nov Dic
2019: Gen Feb Mar Apr Mag Giu Lug Ago Set Ott Nov Dic
2018: Gen Feb Mar Apr Mag Giu Lug Ago Set Ott Nov Dic
2017: Gen Feb Mar Apr Mag Giu Lug Ago Set Ott Nov Dic
2016: Gen Feb Mar Apr Mag Giu Lug Ago Set Ott Nov Dic
2015: Gen Feb Mar Apr Mag Giu Lug Ago Set Ott Nov Dic
2014: Gen Feb Mar Apr Mag Giu Lug Ago Set Ott Nov Dic
2013: Gen Feb Mar Apr Mag Giu Lug Ago Set Ott Nov Dic
2012: Gen Feb Mar Apr Mag Giu Lug Ago Set Ott Nov Dic
2011: Gen Feb Mar Apr Mag Giu Lug Ago Set Ott Nov Dic
Report for 2020 Maggio
Monthly Climatological Summary for May 2020 Name: AT165-Meteoredipuglia City: Fogliano Redipuglia State: Italy Elevation: 14 m Lat: N 45 50 39 Lon: E 013 29 20 Temperature (°C), Rain (mm), Wind Speed (m/s) Heat Cool Avg Mean Deg Deg Wind Dom Day Temp High Time Low Time Days Days Rain Speed High Time Dir ---------------------------------------------------------------------------------- 01 16.0 20.5 09:47 12.5 03:50 2.6 0.3 3.0 2.7 13.8 04:34 SE 02 15.8 22.7 10:52 11.5 13:18 3.3 0.8 10.2 2.1 17.7 13:03 ESE 03 17.0 24.4 15:28 9.1 04:09 2.6 1.2 0.3 1.9 9.9 07:42 ESE 04 16.0 21.5 14:50 9.4 02:20 3.2 0.9 0.0 2.1 9.0 11:20 S 05 15.3 21.8 13:55 8.2 02:46 3.3 0.3 0.0 1.3 6.5 23:06 E 06 16.5 22.2 14:42 9.8 23:58 2.5 0.7 0.0 3.7 15.1 05:54 ESE 07 16.0 22.1 13:49 8.2 03:29 3.4 1.1 0.0 1.9 9.0 11:48 SSW 08 17.4 25.3 14:33 8.9 03:27 2.9 2.0 0.0 1.3 7.4 13:00 SW 09 17.7 24.5 11:36 9.9 03:31 2.6 2.0 0.0 1.6 7.7 13:42 SW 10 18.1 24.5 12:34 13.0 03:04 1.8 1.5 0.0 1.9 7.4 14:43 SSW 11 16.3 20.9 12:43 13.1 04:43 2.2 0.2 7.2 3.0 15.1 12:44 SSE 12 14.3 19.3 10:56 10.1 23:33 4.0 0.0 4.8 4.1 19.1 16:37 ESE 13 17.6 23.7 14:11 10.2 00:17 2.0 1.4 0.0 1.4 7.7 03:51 NNE 14 20.4 26.3 12:15 14.1 02:16 0.8 2.9 0.6 2.3 17.7 23:28 ESE 15 18.3 24.5 10:47 15.5 07:01 0.6 0.6 7.2 3.3 14.7 00:20 ESE 16 17.0 21.0 12:55 13.2 23:23 1.8 0.5 1.5 5.5 20.7 03:26 E 17 20.7 27.5 14:11 13.0 03:14 1.1 3.5 0.3 4.2 17.3 19:31 E 18 22.1 26.3 13:59 15.5 03:15 0.1 3.9 0.0 5.1 20.7 22:17 E 19 20.1 24.5 08:38 14.7 20:47 0.8 2.6 6.0 6.2 24.6 05:07 E 20 21.1 24.5 08:59 14.9 01:14 0.4 3.1 0.0 4.3 17.3 17:00 E 21 21.0 28.0 13:15 13.5 02:23 0.8 3.4 0.0 2.0 9.9 07:37 E 22 20.0 25.5 14:56 15.2 01:23 0.9 2.6 0.0 1.4 6.1 09:31 WSW 23 20.9 27.8 14:16 14.7 01:07 0.9 3.5 6.3 1.8 14.2 23:52 ESE 24 20.1 26.7 15:01 13.9 03:51 1.1 2.9 1.5 2.1 14.2 00:00 ESE 25 19.3 24.5 13:49 12.4 01:55 1.4 2.4 0.0 2.3 9.9 10:23 S 26 18.5 25.7 17:48 12.1 03:59 1.6 1.8 0.0 1.9 8.6 09:22 NNW 27 19.1 25.3 13:54 10.2 03:02 1.7 2.5 0.0 2.1 11.7 12:52 WNW 28 17.8 23.7 11:16 12.3 23:36 2.0 1.6 3.9 2.1 11.2 16:50 S 29 18.1 24.5 10:59 9.0 03:44 1.8 1.6 0.3 2.1 13.8 16:10 E 30 19.0 24.5 10:20 12.6 03:42 0.9 1.7 0.0 2.2 8.3 15:47 E 31 18.6 23.2 12:45 13.0 03:22 1.2 1.5 0.0 1.5 8.3 13:19 WNW ---------------------------------------------------------------------------------- 18.3 28.0 21 8.2 5 56.3 55.0 53.1 2.6 24.6 19 ESE Max >= 27.0 3 Max <= 0.0 0 Min <= 0.0 0 Min <= -5.0 0 Max Rain: 10.2 on day 2 Days of Rain: 14 (>= 0.2 mm) 8 (>= 2.0 mm) 0 (>= 20.0 mm) Heat Base: 18.3 Cool Base: 18.3 Method: Integration