NOAA-Style Climate Reports
Select a Year or Month report
2024: Gen Feb Mar Apr Mag Giu Lug Ago Set Ott Nov Dic
2023: Gen Feb Mar Apr Mag Giu Lug Ago Set Ott Nov Dic
2022: Gen Feb Mar Apr Mag Giu Lug Ago Set Ott Nov Dic
2021: Gen Feb Mar Apr Mag Giu Lug Ago Set Ott Nov Dic
2020: Gen Feb Mar Apr Mag Giu Lug Ago Set Ott Nov Dic
2019: Gen Feb Mar Apr Mag Giu Lug Ago Set Ott Nov Dic
2018: Gen Feb Mar Apr Mag Giu Lug Ago Set Ott Nov Dic
2017: Gen Feb Mar Apr Mag Giu Lug Ago Set Ott Nov Dic
2016: Gen Feb Mar Apr Mag Giu Lug Ago Set Ott Nov Dic
2015: Gen Feb Mar Apr Mag Giu Lug Ago Set Ott Nov Dic
2014: Gen Feb Mar Apr Mag Giu Lug Ago Set Ott Nov Dic
2013: Gen Feb Mar Apr Mag Giu Lug Ago Set Ott Nov Dic
2012: Gen Feb Mar Apr Mag Giu Lug Ago Set Ott Nov Dic
2011: Gen Feb Mar Apr Mag Giu Lug Ago Set Ott Nov Dic
2024: Gen Feb Mar Apr Mag Giu Lug Ago Set Ott Nov Dic
2023: Gen Feb Mar Apr Mag Giu Lug Ago Set Ott Nov Dic
2022: Gen Feb Mar Apr Mag Giu Lug Ago Set Ott Nov Dic
2021: Gen Feb Mar Apr Mag Giu Lug Ago Set Ott Nov Dic
2020: Gen Feb Mar Apr Mag Giu Lug Ago Set Ott Nov Dic
2019: Gen Feb Mar Apr Mag Giu Lug Ago Set Ott Nov Dic
2018: Gen Feb Mar Apr Mag Giu Lug Ago Set Ott Nov Dic
2017: Gen Feb Mar Apr Mag Giu Lug Ago Set Ott Nov Dic
2016: Gen Feb Mar Apr Mag Giu Lug Ago Set Ott Nov Dic
2015: Gen Feb Mar Apr Mag Giu Lug Ago Set Ott Nov Dic
2014: Gen Feb Mar Apr Mag Giu Lug Ago Set Ott Nov Dic
2013: Gen Feb Mar Apr Mag Giu Lug Ago Set Ott Nov Dic
2012: Gen Feb Mar Apr Mag Giu Lug Ago Set Ott Nov Dic
2011: Gen Feb Mar Apr Mag Giu Lug Ago Set Ott Nov Dic
Report for 2020 Giugno
Monthly Climatological Summary for Jun 2020 Name: AT165-Meteoredipuglia City: Fogliano Redipuglia State: Italy Elevation: 14 m Lat: N 45 50 39 Lon: E 013 29 20 Temperature (°C), Rain (mm), Wind Speed (m/s) Heat Cool Avg Mean Deg Deg Wind Dom Day Temp High Time Low Time Days Days Rain Speed High Time Dir ---------------------------------------------------------------------------------- 01 20.6 27.3 16:26 13.2 02:23 1.1 3.4 0.0 2.0 9.9 13:07 SW 02 20.7 26.4 12:18 13.2 03:33 1.0 3.4 0.0 2.0 9.9 10:36 S 03 20.4 25.9 07:59 13.3 03:44 1.1 3.2 7.8 2.4 12.1 20:55 S 04 17.4 21.5 07:00 15.0 20:38 1.5 0.5 36.0 3.6 13.3 09:57 SSE 05 19.3 23.1 16:45 15.0 00:16 0.6 1.5 13.8 3.5 13.3 02:25 S 06 20.9 27.3 14:07 16.2 01:08 0.5 3.1 0.0 1.8 7.7 14:56 W 07 19.4 25.3 11:58 15.1 02:10 0.9 2.0 5.1 2.8 10.4 20:19 SSE 08 17.6 23.0 10:17 15.5 20:40 1.4 0.7 33.6 2.6 11.2 13:44 ESE 09 19.2 27.6 16:34 14.9 03:16 0.9 1.8 7.8 2.3 10.8 01:02 E 10 17.9 23.4 16:15 14.7 22:52 1.3 0.9 12.6 1.8 9.9 01:49 ESE 11 18.3 24.5 13:17 14.0 05:56 1.7 1.7 5.7 2.1 8.3 07:42 SSE 12 19.8 24.5 12:07 12.6 03:15 1.0 2.5 0.0 1.7 8.6 09:40 SSW 13 21.3 26.7 16:52 15.6 03:00 0.4 3.4 0.0 2.0 9.0 14:17 S 14 20.4 24.5 17:16 17.2 23:14 0.1 2.2 0.6 1.8 8.6 10:36 S 15 18.6 21.1 13:43 16.3 01:27 0.5 0.8 4.8 0.8 6.1 15:46 N 16 21.5 28.0 11:39 15.8 23:59 0.2 3.4 0.0 1.4 12.6 17:07 ENE 17 21.6 27.3 12:36 15.8 00:00 0.4 3.7 0.0 1.8 11.7 15:51 W 18 20.8 25.6 14:28 15.9 02:07 0.3 2.8 0.0 3.0 11.7 13:23 S 19 20.2 25.3 12:36 16.6 23:51 0.3 2.2 0.3 3.1 11.7 14:57 SSE 20 21.2 27.6 12:36 15.5 03:51 0.6 3.5 0.6 1.4 7.4 14:28 NW 21 20.7 26.3 13:15 15.7 03:19 0.3 2.7 0.0 1.0 6.5 01:00 SE 22 24.5 32.4 17:44 16.0 02:48 0.2 6.5 0.0 1.4 6.9 12:09 SSW 23 25.4 30.7 17:35 16.2 03:54 0.2 7.3 0.0 2.2 9.0 22:24 WNW 24 24.1 29.6 14:28 19.3 03:10 0.0 5.8 0.3 1.4 9.5 23:58 SSE 25 21.9 27.1 12:52 19.3 01:57 0.0 3.6 0.0 3.6 11.2 01:32 E 26 23.6 28.9 13:42 17.7 02:51 0.0 5.3 1.8 1.8 10.4 03:35 SSE 27 25.1 30.5 15:00 18.8 02:07 0.0 6.8 0.0 1.7 6.9 10:54 S 28 26.2 31.5 11:48 19.3 03:04 0.0 7.9 0.0 1.7 6.9 12:41 SSW 29 24.3 29.1 09:11 20.4 02:29 0.0 6.0 3.9 2.6 11.2 11:28 SSE 30 26.0 32.3 13:48 21.3 03:17 0.0 7.7 0.0 2.1 9.0 07:42 ESE ---------------------------------------------------------------------------------- 21.3 32.4 22 12.6 12 16.5 106.3 134.7 2.1 13.3 4 SSE Max >= 27.0 15 Max <= 0.0 0 Min <= 0.0 0 Min <= -5.0 0 Max Rain: 36.0 on day 4 Days of Rain: 15 (>= 0.2 mm) 10 (>= 2.0 mm) 2 (>= 20.0 mm) Heat Base: 18.3 Cool Base: 18.3 Method: Integration