NOAA-Style Climate Reports
Select a Year or Month report
2024: Gen Feb Mar Apr Mag Giu Lug Ago Set Ott Nov Dic
2023: Gen Feb Mar Apr Mag Giu Lug Ago Set Ott Nov Dic
2022: Gen Feb Mar Apr Mag Giu Lug Ago Set Ott Nov Dic
2021: Gen Feb Mar Apr Mag Giu Lug Ago Set Ott Nov Dic
2020: Gen Feb Mar Apr Mag Giu Lug Ago Set Ott Nov Dic
2019: Gen Feb Mar Apr Mag Giu Lug Ago Set Ott Nov Dic
2018: Gen Feb Mar Apr Mag Giu Lug Ago Set Ott Nov Dic
2017: Gen Feb Mar Apr Mag Giu Lug Ago Set Ott Nov Dic
2016: Gen Feb Mar Apr Mag Giu Lug Ago Set Ott Nov Dic
2015: Gen Feb Mar Apr Mag Giu Lug Ago Set Ott Nov Dic
2014: Gen Feb Mar Apr Mag Giu Lug Ago Set Ott Nov Dic
2013: Gen Feb Mar Apr Mag Giu Lug Ago Set Ott Nov Dic
2012: Gen Feb Mar Apr Mag Giu Lug Ago Set Ott Nov Dic
2011: Gen Feb Mar Apr Mag Giu Lug Ago Set Ott Nov Dic
2024: Gen Feb Mar Apr Mag Giu Lug Ago Set Ott Nov Dic
2023: Gen Feb Mar Apr Mag Giu Lug Ago Set Ott Nov Dic
2022: Gen Feb Mar Apr Mag Giu Lug Ago Set Ott Nov Dic
2021: Gen Feb Mar Apr Mag Giu Lug Ago Set Ott Nov Dic
2020: Gen Feb Mar Apr Mag Giu Lug Ago Set Ott Nov Dic
2019: Gen Feb Mar Apr Mag Giu Lug Ago Set Ott Nov Dic
2018: Gen Feb Mar Apr Mag Giu Lug Ago Set Ott Nov Dic
2017: Gen Feb Mar Apr Mag Giu Lug Ago Set Ott Nov Dic
2016: Gen Feb Mar Apr Mag Giu Lug Ago Set Ott Nov Dic
2015: Gen Feb Mar Apr Mag Giu Lug Ago Set Ott Nov Dic
2014: Gen Feb Mar Apr Mag Giu Lug Ago Set Ott Nov Dic
2013: Gen Feb Mar Apr Mag Giu Lug Ago Set Ott Nov Dic
2012: Gen Feb Mar Apr Mag Giu Lug Ago Set Ott Nov Dic
2011: Gen Feb Mar Apr Mag Giu Lug Ago Set Ott Nov Dic
Report for 2020 Luglio
Monthly Climatological Summary for Jul 2020 Name: AT165-Meteoredipuglia City: Fogliano Redipuglia State: Italy Elevation: 14 m Lat: N 45 50 39 Lon: E 013 29 20 Temperature (°C), Rain (mm), Wind Speed (m/s) Heat Cool Avg Mean Deg Deg Wind Dom Day Temp High Time Low Time Days Days Rain Speed High Time Dir ---------------------------------------------------------------------------------- 01 26.8 32.6 13:00 21.3 02:32 0.0 8.5 0.0 1.8 8.3 13:56 S 02 25.2 30.5 14:07 20.2 03:03 0.0 6.9 0.0 1.5 8.6 14:56 N 03 23.4 28.3 13:48 20.2 04:22 0.0 5.1 0.0 3.1 19.1 05:41 E 04 25.4 31.0 13:31 17.7 03:38 0.0 7.1 0.0 1.9 8.6 14:27 ENE 05 26.6 32.8 15:09 19.6 02:26 0.0 8.3 0.0 2.2 10.4 11:08 N 06 27.8 34.4 12:48 17.9 23:59 0.0 9.5 3.6 2.3 13.3 22:34 N 07 22.0 27.6 16:22 14.9 02:32 0.6 4.2 11.4 3.0 14.7 00:29 E 08 22.8 28.9 13:50 14.6 03:56 0.5 5.0 0.0 1.4 6.9 15:02 NW 09 24.7 32.2 15:24 16.9 02:44 0.1 6.6 0.0 1.5 6.9 03:18 SW 10 25.2 31.2 14:13 17.3 03:02 0.1 6.9 0.0 1.4 6.9 12:50 SW 11 23.2 30.3 09:28 16.8 23:57 0.0 4.9 4.2 2.4 18.2 17:55 NE 12 22.4 28.2 12:44 14.5 03:21 0.5 4.6 0.0 3.3 12.6 17:41 E 13 22.8 27.8 14:50 16.5 03:57 0.0 4.5 0.0 4.3 13.8 06:56 E 14 23.2 30.1 14:38 15.7 04:14 0.1 5.0 0.0 2.8 11.2 09:29 ESE 15 22.5 29.1 13:00 15.9 02:54 0.3 4.5 1.5 1.6 7.7 11:16 WNW 16 22.9 29.3 14:07 16.2 03:08 0.2 4.8 0.3 1.6 7.7 13:48 SW 17 21.2 27.0 16:20 17.0 03:09 0.2 3.1 6.0 2.7 14.7 00:31 E 18 20.3 24.5 10:16 14.9 04:08 0.6 2.6 0.0 1.4 7.7 10:55 N 19 22.0 28.4 14:35 14.2 03:32 0.7 4.4 0.0 1.4 10.4 13:33 NW 20 24.1 29.8 16:50 17.1 02:07 0.1 5.9 0.0 1.6 8.6 11:33 WSW 21 25.7 31.5 11:59 18.6 01:55 0.0 7.4 0.0 1.5 7.4 12:35 W 22 25.8 32.5 13:25 19.9 22:26 0.0 7.5 8.7 2.2 16.9 18:21 SW 23 25.4 33.7 14:37 19.3 03:32 0.0 7.1 0.3 2.4 22.0 16:58 NE 24 21.9 27.1 10:10 18.2 23:24 0.0 3.6 8.1 2.4 20.3 03:54 NNE 25 23.0 29.1 14:56 18.0 00:20 0.0 4.7 0.0 1.6 7.7 14:30 WSW 26 24.6 30.6 17:03 18.1 04:11 0.0 6.3 0.0 1.3 6.1 11:42 SSW 27 26.3 31.8 12:42 19.0 04:14 0.0 8.0 0.0 1.8 7.7 00:11 SW 28 26.7 32.4 13:56 19.7 03:44 0.0 8.3 0.0 1.4 6.9 13:41 WSW 29 28.2 34.0 13:24 20.9 02:28 0.0 9.9 0.0 2.0 9.9 23:08 SSW 30 29.2 35.4 11:10 23.3 02:37 0.0 10.9 0.0 1.5 6.5 10:39 SW 31 27.9 34.7 13:46 23.4 03:37 0.0 9.6 0.0 2.5 22.5 14:14 E ---------------------------------------------------------------------------------- 24.5 35.4 30 14.2 19 4.0 195.7 44.1 2.1 22.5 31 E Max >= 27.0 30 Max <= 0.0 0 Min <= 0.0 0 Min <= -5.0 0 Max Rain: 11.4 on day 7 Days of Rain: 9 (>= 0.2 mm) 6 (>= 2.0 mm) 0 (>= 20.0 mm) Heat Base: 18.3 Cool Base: 18.3 Method: Integration