NOAA-Style Climate Reports
Select a Year or Month report
2024: Gen Feb Mar Apr Mag Giu Lug Ago Set Ott Nov Dic
2023: Gen Feb Mar Apr Mag Giu Lug Ago Set Ott Nov Dic
2022: Gen Feb Mar Apr Mag Giu Lug Ago Set Ott Nov Dic
2021: Gen Feb Mar Apr Mag Giu Lug Ago Set Ott Nov Dic
2020: Gen Feb Mar Apr Mag Giu Lug Ago Set Ott Nov Dic
2019: Gen Feb Mar Apr Mag Giu Lug Ago Set Ott Nov Dic
2018: Gen Feb Mar Apr Mag Giu Lug Ago Set Ott Nov Dic
2017: Gen Feb Mar Apr Mag Giu Lug Ago Set Ott Nov Dic
2016: Gen Feb Mar Apr Mag Giu Lug Ago Set Ott Nov Dic
2015: Gen Feb Mar Apr Mag Giu Lug Ago Set Ott Nov Dic
2014: Gen Feb Mar Apr Mag Giu Lug Ago Set Ott Nov Dic
2013: Gen Feb Mar Apr Mag Giu Lug Ago Set Ott Nov Dic
2012: Gen Feb Mar Apr Mag Giu Lug Ago Set Ott Nov Dic
2011: Gen Feb Mar Apr Mag Giu Lug Ago Set Ott Nov Dic
2024: Gen Feb Mar Apr Mag Giu Lug Ago Set Ott Nov Dic
2023: Gen Feb Mar Apr Mag Giu Lug Ago Set Ott Nov Dic
2022: Gen Feb Mar Apr Mag Giu Lug Ago Set Ott Nov Dic
2021: Gen Feb Mar Apr Mag Giu Lug Ago Set Ott Nov Dic
2020: Gen Feb Mar Apr Mag Giu Lug Ago Set Ott Nov Dic
2019: Gen Feb Mar Apr Mag Giu Lug Ago Set Ott Nov Dic
2018: Gen Feb Mar Apr Mag Giu Lug Ago Set Ott Nov Dic
2017: Gen Feb Mar Apr Mag Giu Lug Ago Set Ott Nov Dic
2016: Gen Feb Mar Apr Mag Giu Lug Ago Set Ott Nov Dic
2015: Gen Feb Mar Apr Mag Giu Lug Ago Set Ott Nov Dic
2014: Gen Feb Mar Apr Mag Giu Lug Ago Set Ott Nov Dic
2013: Gen Feb Mar Apr Mag Giu Lug Ago Set Ott Nov Dic
2012: Gen Feb Mar Apr Mag Giu Lug Ago Set Ott Nov Dic
2011: Gen Feb Mar Apr Mag Giu Lug Ago Set Ott Nov Dic
Report for 2020 Settembre
Monthly Climatological Summary for Sep 2020 Name: AT165-Meteoredipuglia City: Fogliano Redipuglia State: Italy Elevation: 14 m Lat: N 45 50 39 Lon: E 013 29 20 Temperature (°C), Rain (mm), Wind Speed (m/s) Heat Cool Avg Mean Deg Deg Wind Dom Day Temp High Time Low Time Days Days Rain Speed High Time Dir ---------------------------------------------------------------------------------- 01 19.0 25.5 12:26 14.0 03:58 1.2 2.0 3.9 1.7 7.4 14:29 NE 02 21.4 29.5 13:15 15.8 05:05 0.5 3.6 0.0 2.1 11.2 20:17 ENE 03 21.7 30.0 15:24 15.6 03:44 0.6 4.0 0.0 1.4 9.5 09:15 ENE 04 22.2 29.3 13:29 15.1 00:49 0.5 4.3 0.0 1.3 6.1 05:14 NW 05 22.8 29.8 11:58 16.1 03:27 0.3 4.7 0.0 1.2 7.4 04:45 SW 06 23.9 32.8 12:22 16.9 02:38 0.1 5.7 0.0 1.4 8.3 23:09 SE 07 22.6 27.0 14:49 18.9 04:18 0.0 4.3 0.0 3.5 12.1 10:29 E 08 22.9 30.6 14:35 16.2 04:53 0.2 4.7 0.0 2.6 10.8 08:40 E 09 22.2 29.9 13:32 14.4 04:55 0.6 4.5 0.0 1.2 6.1 12:50 SW 10 24.0 31.9 13:30 16.3 03:54 0.3 6.0 0.0 1.2 7.4 05:53 E 11 24.6 30.0 12:41 18.3 05:02 0.0 6.3 0.0 3.0 12.6 08:53 E 12 25.6 30.9 13:07 18.7 02:39 0.0 7.3 0.0 4.4 15.1 08:16 E 13 25.9 31.5 13:43 19.1 01:47 0.0 7.6 0.0 3.0 12.1 13:53 E 14 26.5 32.4 12:37 19.3 04:10 0.0 8.2 0.0 4.5 12.6 10:17 E 15 26.3 31.9 13:24 21.3 03:48 0.0 8.0 0.0 4.3 16.0 08:25 E 16 25.4 34.8 12:37 18.6 04:48 0.0 7.1 0.0 1.6 9.5 08:37 E 17 25.2 31.9 13:56 17.7 04:36 0.0 6.9 0.0 2.3 10.4 09:57 ENE 18 22.1 28.2 13:37 15.3 23:47 0.3 4.1 0.0 3.0 14.7 10:29 ESE 19 19.9 28.0 13:45 11.8 04:48 1.4 3.1 0.0 1.9 11.2 09:32 ESE 20 20.8 29.6 13:25 12.8 04:29 1.0 3.5 0.0 1.1 6.1 05:09 S 21 21.9 29.8 14:33 16.6 00:15 0.1 3.7 0.0 1.3 7.7 04:29 ESE 22 20.4 25.1 11:13 17.4 22:46 0.1 2.1 4.5 1.4 8.3 13:49 ESE 23 18.9 23.4 11:24 16.2 01:57 0.5 1.1 10.5 1.3 6.5 12:48 SSE 24 20.6 25.1 13:54 16.1 23:28 0.3 2.6 36.0 1.9 21.2 23:16 SSE 25 18.5 25.1 13:33 11.2 23:23 1.4 1.6 64.5 3.8 21.6 15:08 SSE 26 13.6 20.7 10:17 9.8 01:05 4.9 0.2 8.4 1.6 12.1 00:53 ENE 27 14.3 20.1 09:18 9.2 05:03 4.0 0.1 15.6 2.9 14.7 17:41 E 28 11.9 14.4 12:24 10.0 23:48 6.4 0.0 17.7 2.9 18.5 05:57 E 29 14.9 23.6 13:05 8.5 04:34 4.2 0.8 0.3 1.2 6.1 09:27 W 30 15.9 24.4 12:46 8.8 05:07 3.6 1.2 0.0 1.1 6.1 04:28 SSW ---------------------------------------------------------------------------------- 21.2 34.8 16 8.5 29 32.5 119.3 161.4 2.2 21.6 25 E Max >= 27.0 20 Max <= 0.0 0 Min <= 0.0 0 Min <= -5.0 0 Max Rain: 64.5 on day 25 Days of Rain: 9 (>= 0.2 mm) 8 (>= 2.0 mm) 2 (>= 20.0 mm) Heat Base: 18.3 Cool Base: 18.3 Method: Integration