NOAA-Style Climate Reports
Select a Year or Month report
2024: Gen Feb Mar Apr Mag Giu Lug Ago Set Ott Nov Dic
2023: Gen Feb Mar Apr Mag Giu Lug Ago Set Ott Nov Dic
2022: Gen Feb Mar Apr Mag Giu Lug Ago Set Ott Nov Dic
2021: Gen Feb Mar Apr Mag Giu Lug Ago Set Ott Nov Dic
2020: Gen Feb Mar Apr Mag Giu Lug Ago Set Ott Nov Dic
2019: Gen Feb Mar Apr Mag Giu Lug Ago Set Ott Nov Dic
2018: Gen Feb Mar Apr Mag Giu Lug Ago Set Ott Nov Dic
2017: Gen Feb Mar Apr Mag Giu Lug Ago Set Ott Nov Dic
2016: Gen Feb Mar Apr Mag Giu Lug Ago Set Ott Nov Dic
2015: Gen Feb Mar Apr Mag Giu Lug Ago Set Ott Nov Dic
2014: Gen Feb Mar Apr Mag Giu Lug Ago Set Ott Nov Dic
2013: Gen Feb Mar Apr Mag Giu Lug Ago Set Ott Nov Dic
2012: Gen Feb Mar Apr Mag Giu Lug Ago Set Ott Nov Dic
2011: Gen Feb Mar Apr Mag Giu Lug Ago Set Ott Nov Dic
2024: Gen Feb Mar Apr Mag Giu Lug Ago Set Ott Nov Dic
2023: Gen Feb Mar Apr Mag Giu Lug Ago Set Ott Nov Dic
2022: Gen Feb Mar Apr Mag Giu Lug Ago Set Ott Nov Dic
2021: Gen Feb Mar Apr Mag Giu Lug Ago Set Ott Nov Dic
2020: Gen Feb Mar Apr Mag Giu Lug Ago Set Ott Nov Dic
2019: Gen Feb Mar Apr Mag Giu Lug Ago Set Ott Nov Dic
2018: Gen Feb Mar Apr Mag Giu Lug Ago Set Ott Nov Dic
2017: Gen Feb Mar Apr Mag Giu Lug Ago Set Ott Nov Dic
2016: Gen Feb Mar Apr Mag Giu Lug Ago Set Ott Nov Dic
2015: Gen Feb Mar Apr Mag Giu Lug Ago Set Ott Nov Dic
2014: Gen Feb Mar Apr Mag Giu Lug Ago Set Ott Nov Dic
2013: Gen Feb Mar Apr Mag Giu Lug Ago Set Ott Nov Dic
2012: Gen Feb Mar Apr Mag Giu Lug Ago Set Ott Nov Dic
2011: Gen Feb Mar Apr Mag Giu Lug Ago Set Ott Nov Dic
Report for 2020 Novembre
Monthly Climatological Summary for Nov 2020 Name: AT165-Meteoredipuglia City: Fogliano Redipuglia State: Italy Elevation: 14 m Lat: N 45 50 39 Lon: E 013 29 20 Temperature (°C), Rain (mm), Wind Speed (m/s) Heat Cool Avg Mean Deg Deg Wind Dom Day Temp High Time Low Time Days Days Rain Speed High Time Dir ---------------------------------------------------------------------------------- 01 11.5 15.9 10:02 6.7 02:47 6.8 0.0 0.0 0.8 4.7 09:35 SSW 02 12.4 15.6 11:07 10.1 05:32 5.9 0.0 0.0 0.6 4.7 14:27 SW 03 12.8 15.9 13:23 9.4 23:49 5.5 0.0 0.0 0.5 3.9 22:39 NNE 04 13.5 22.0 10:14 7.4 04:51 4.9 0.1 0.0 1.7 15.1 17:14 E 05 13.8 21.3 13:18 9.3 23:57 4.8 0.2 0.0 1.1 7.7 10:54 E 06 12.5 22.1 10:24 5.6 23:08 6.5 0.6 0.0 1.0 9.0 13:29 SE 07 12.4 24.5 11:43 4.5 05:52 6.7 0.8 0.0 1.2 6.9 21:44 E 08 11.7 21.2 13:55 5.0 05:23 7.0 0.3 0.0 0.8 6.5 02:47 SSE 09 11.1 22.7 13:23 4.6 06:04 7.6 0.4 0.0 0.5 3.9 12:06 WSW 10 10.3 21.0 10:47 4.2 04:46 8.1 0.2 0.0 1.3 8.3 17:07 E 11 9.4 16.2 10:15 4.1 01:39 8.9 0.0 0.0 2.1 10.8 20:08 E 12 9.8 13.7 12:25 6.9 23:58 8.5 0.0 2.4 0.8 9.5 02:18 ENE 13 10.3 15.3 12:46 6.0 01:52 7.9 0.0 0.0 0.5 5.6 12:26 SSW 14 11.3 17.3 10:50 7.6 03:25 7.0 0.0 0.0 0.6 3.9 06:08 N 15 11.2 15.4 14:46 7.4 01:27 7.1 0.0 0.0 0.6 4.3 10:26 NNW 16 10.8 12.8 15:18 9.0 23:09 7.5 0.0 22.5 1.1 8.6 13:16 NNE 17 11.0 17.6 12:21 4.8 05:41 7.3 0.0 0.3 2.3 12.1 12:43 ENE 18 11.6 21.3 12:25 5.9 03:15 7.1 0.4 0.0 0.9 7.7 23:58 NW 19 11.3 19.4 11:14 6.6 01:07 7.0 0.0 0.0 1.5 8.3 02:02 ESE 20 10.3 15.3 11:30 6.5 23:51 8.0 0.0 0.0 3.7 15.5 18:50 E 21 6.7 11.9 12:53 0.4 22:52 11.6 0.0 0.0 3.5 12.6 17:19 E 22 5.8 17.7 13:24 -0.6 06:25 12.5 0.0 0.0 1.1 6.9 08:08 NNE 23 6.8 15.7 11:40 0.0 04:58 11.5 0.0 0.0 0.8 10.4 23:38 NNE 24 8.5 14.2 12:52 1.2 23:26 9.8 0.0 0.0 3.3 13.3 10:56 E 25 7.6 18.2 12:25 1.7 06:27 10.7 0.0 0.0 1.1 7.4 06:57 E 26 6.4 15.2 12:23 1.3 05:54 11.9 0.0 0.0 0.4 4.3 12:35 WSW 27 6.6 14.1 11:25 1.9 00:34 11.7 0.0 0.0 0.6 4.7 12:32 NW 28 7.1 11.2 17:09 1.6 03:28 11.1 0.0 0.0 1.1 8.6 22:00 NE 29 6.9 12.9 09:37 0.3 20:50 11.4 0.0 0.0 2.4 16.4 02:17 E 30 4.9 11.9 11:53 -0.9 05:37 13.4 0.0 0.0 1.9 9.9 09:39 E ---------------------------------------------------------------------------------- 9.9 24.5 7 -0.9 30 255.7 3.0 25.2 1.3 16.4 29 E Max >= 27.0 0 Max <= 0.0 0 Min <= 0.0 3 Min <= -5.0 0 Max Rain: 22.5 on day 16 Days of Rain: 3 (>= 0.2 mm) 2 (>= 2.0 mm) 1 (>= 20.0 mm) Heat Base: 18.3 Cool Base: 18.3 Method: Integration