NOAA-Style Climate Reports
Select a Year or Month report
2024: Gen Feb Mar Apr Mag Giu Lug Ago Set Ott Nov Dic
2023: Gen Feb Mar Apr Mag Giu Lug Ago Set Ott Nov Dic
2022: Gen Feb Mar Apr Mag Giu Lug Ago Set Ott Nov Dic
2021: Gen Feb Mar Apr Mag Giu Lug Ago Set Ott Nov Dic
2020: Gen Feb Mar Apr Mag Giu Lug Ago Set Ott Nov Dic
2019: Gen Feb Mar Apr Mag Giu Lug Ago Set Ott Nov Dic
2018: Gen Feb Mar Apr Mag Giu Lug Ago Set Ott Nov Dic
2017: Gen Feb Mar Apr Mag Giu Lug Ago Set Ott Nov Dic
2016: Gen Feb Mar Apr Mag Giu Lug Ago Set Ott Nov Dic
2015: Gen Feb Mar Apr Mag Giu Lug Ago Set Ott Nov Dic
2014: Gen Feb Mar Apr Mag Giu Lug Ago Set Ott Nov Dic
2013: Gen Feb Mar Apr Mag Giu Lug Ago Set Ott Nov Dic
2012: Gen Feb Mar Apr Mag Giu Lug Ago Set Ott Nov Dic
2011: Gen Feb Mar Apr Mag Giu Lug Ago Set Ott Nov Dic
2024: Gen Feb Mar Apr Mag Giu Lug Ago Set Ott Nov Dic
2023: Gen Feb Mar Apr Mag Giu Lug Ago Set Ott Nov Dic
2022: Gen Feb Mar Apr Mag Giu Lug Ago Set Ott Nov Dic
2021: Gen Feb Mar Apr Mag Giu Lug Ago Set Ott Nov Dic
2020: Gen Feb Mar Apr Mag Giu Lug Ago Set Ott Nov Dic
2019: Gen Feb Mar Apr Mag Giu Lug Ago Set Ott Nov Dic
2018: Gen Feb Mar Apr Mag Giu Lug Ago Set Ott Nov Dic
2017: Gen Feb Mar Apr Mag Giu Lug Ago Set Ott Nov Dic
2016: Gen Feb Mar Apr Mag Giu Lug Ago Set Ott Nov Dic
2015: Gen Feb Mar Apr Mag Giu Lug Ago Set Ott Nov Dic
2014: Gen Feb Mar Apr Mag Giu Lug Ago Set Ott Nov Dic
2013: Gen Feb Mar Apr Mag Giu Lug Ago Set Ott Nov Dic
2012: Gen Feb Mar Apr Mag Giu Lug Ago Set Ott Nov Dic
2011: Gen Feb Mar Apr Mag Giu Lug Ago Set Ott Nov Dic
Report for 2020 Dicembre
Monthly Climatological Summary for Dec 2020 Name: AT165-Meteoredipuglia City: Fogliano Redipuglia State: Italy Elevation: 14 m Lat: N 45 50 39 Lon: E 013 29 20 Temperature (°C), Rain (mm), Wind Speed (m/s) Heat Cool Avg Mean Deg Deg Wind Dom Day Temp High Time Low Time Days Days Rain Speed High Time Dir ---------------------------------------------------------------------------------- 01 3.7 9.3 11:44 -2.1 04:20 14.6 0.0 0.0 3.2 15.1 20:54 E 02 3.7 5.2 05:18 2.2 21:31 14.6 0.0 9.9 4.8 24.1 10:47 E 03 4.9 6.2 13:39 3.0 01:52 13.4 0.0 0.9 2.8 15.1 00:27 E 04 8.0 12.2 22:04 4.4 02:46 10.3 0.0 0.3 3.5 12.6 15:39 ESE 05 14.1 15.7 17:49 12.0 01:32 4.2 0.0 7.5 6.0 15.5 10:52 SE 06 12.1 16.1 05:05 8.3 23:59 6.2 0.0 70.2 5.0 15.1 02:53 ESE 07 8.3 15.3 11:26 4.6 22:56 10.0 0.0 6.3 2.4 13.8 18:00 E 08 7.1 8.8 07:15 4.9 04:41 11.2 0.0 68.1 5.7 20.7 18:09 ENE 09 7.7 10.7 14:12 3.5 22:56 10.6 0.0 15.3 6.2 23.4 00:21 E 10 7.2 11.1 12:54 3.0 04:48 11.1 0.0 0.0 1.5 6.9 16:45 E 11 6.8 11.2 13:21 4.0 22:47 11.5 0.0 0.0 1.3 8.6 00:13 ENE 12 6.1 14.0 14:14 1.6 21:54 12.2 0.0 0.0 0.9 6.9 00:41 NE 13 6.5 16.3 11:30 0.9 06:24 11.8 0.0 0.0 1.2 7.7 17:18 ENE 14 7.7 17.0 10:35 1.8 06:13 10.6 0.0 0.0 1.3 10.4 07:37 NE 15 5.9 12.0 10:12 1.9 02:28 12.4 0.0 0.0 1.2 8.3 01:24 ENE 16 5.5 11.3 12:02 2.0 03:53 12.8 0.0 0.0 0.3 2.5 09:37 NNW 17 7.3 12.0 12:25 3.8 03:19 11.0 0.0 0.0 0.4 3.9 06:12 NNW 18 9.8 17.3 13:09 7.1 00:00 8.5 0.0 0.0 0.7 6.1 01:42 E 19 9.2 13.2 10:33 7.0 03:07 9.1 0.0 0.0 0.6 4.3 11:31 S 20 9.6 11.7 11:46 8.1 01:58 8.7 0.0 0.0 0.4 4.3 06:19 N 21 9.2 10.0 11:59 8.1 23:50 9.1 0.0 0.0 0.3 3.0 13:16 NNW 22 8.4 9.3 12:59 7.5 23:58 9.9 0.0 0.3 0.1 2.2 10:10 WNW 23 8.6 9.7 11:44 7.5 00:00 9.7 0.0 0.0 0.3 3.0 14:45 NNE 24 9.1 11.0 17:49 7.8 04:05 9.2 0.0 4.5 0.4 3.9 17:37 NNW 25 7.3 9.3 11:07 5.4 22:09 11.0 0.0 9.6 2.2 12.6 18:41 NE 26 4.9 10.4 12:05 -1.5 23:48 13.4 0.0 0.0 3.0 14.2 13:21 E 27 2.3 8.7 14:23 -2.2 00:41 16.0 0.0 0.0 2.7 16.9 08:19 E 28 5.5 10.8 15:34 0.2 04:23 12.8 0.0 14.4 4.2 20.7 14:46 SSE 29 7.1 10.2 13:44 2.8 00:32 11.2 0.0 9.0 1.8 8.6 23:41 E 30 7.1 14.3 11:49 4.1 23:47 11.2 0.0 3.0 0.8 8.3 00:42 NNE 31 6.1 13.6 13:14 2.2 22:06 12.2 0.0 0.0 1.1 5.6 10:51 NNE ---------------------------------------------------------------------------------- 7.3 17.3 18 -2.2 27 340.5 0.0 219.3 2.1 24.1 2 E Max >= 27.0 0 Max <= 0.0 0 Min <= 0.0 3 Min <= -5.0 0 Max Rain: 70.2 on day 6 Days of Rain: 14 (>= 0.2 mm) 11 (>= 2.0 mm) 2 (>= 20.0 mm) Heat Base: 18.3 Cool Base: 18.3 Method: Integration