NOAA-Style Climate Reports
Select a Year or Month report
2024: Gen Feb Mar Apr Mag Giu Lug Ago Set Ott Nov Dic
2023: Gen Feb Mar Apr Mag Giu Lug Ago Set Ott Nov Dic
2022: Gen Feb Mar Apr Mag Giu Lug Ago Set Ott Nov Dic
2021: Gen Feb Mar Apr Mag Giu Lug Ago Set Ott Nov Dic
2020: Gen Feb Mar Apr Mag Giu Lug Ago Set Ott Nov Dic
2019: Gen Feb Mar Apr Mag Giu Lug Ago Set Ott Nov Dic
2018: Gen Feb Mar Apr Mag Giu Lug Ago Set Ott Nov Dic
2017: Gen Feb Mar Apr Mag Giu Lug Ago Set Ott Nov Dic
2016: Gen Feb Mar Apr Mag Giu Lug Ago Set Ott Nov Dic
2015: Gen Feb Mar Apr Mag Giu Lug Ago Set Ott Nov Dic
2014: Gen Feb Mar Apr Mag Giu Lug Ago Set Ott Nov Dic
2013: Gen Feb Mar Apr Mag Giu Lug Ago Set Ott Nov Dic
2012: Gen Feb Mar Apr Mag Giu Lug Ago Set Ott Nov Dic
2011: Gen Feb Mar Apr Mag Giu Lug Ago Set Ott Nov Dic
2024: Gen Feb Mar Apr Mag Giu Lug Ago Set Ott Nov Dic
2023: Gen Feb Mar Apr Mag Giu Lug Ago Set Ott Nov Dic
2022: Gen Feb Mar Apr Mag Giu Lug Ago Set Ott Nov Dic
2021: Gen Feb Mar Apr Mag Giu Lug Ago Set Ott Nov Dic
2020: Gen Feb Mar Apr Mag Giu Lug Ago Set Ott Nov Dic
2019: Gen Feb Mar Apr Mag Giu Lug Ago Set Ott Nov Dic
2018: Gen Feb Mar Apr Mag Giu Lug Ago Set Ott Nov Dic
2017: Gen Feb Mar Apr Mag Giu Lug Ago Set Ott Nov Dic
2016: Gen Feb Mar Apr Mag Giu Lug Ago Set Ott Nov Dic
2015: Gen Feb Mar Apr Mag Giu Lug Ago Set Ott Nov Dic
2014: Gen Feb Mar Apr Mag Giu Lug Ago Set Ott Nov Dic
2013: Gen Feb Mar Apr Mag Giu Lug Ago Set Ott Nov Dic
2012: Gen Feb Mar Apr Mag Giu Lug Ago Set Ott Nov Dic
2011: Gen Feb Mar Apr Mag Giu Lug Ago Set Ott Nov Dic
Report for 2021 Marzo
Monthly Climatological Summary for Mar 2021 Name: AT165-Meteoredipuglia City: Fogliano Redipuglia State: Italy Elevation: 14 m Lat: N 45 50 39 Lon: E 013 29 20 Temperature (°C), Rain (mm), Wind Speed (m/s) Heat Cool Avg Mean Deg Deg Wind Dom Day Temp High Time Low Time Days Days Rain Speed High Time Dir ---------------------------------------------------------------------------------- 01 11.1 23.3 14:25 0.7 03:25 7.6 0.4 0.0 1.9 9.5 14:59 E 02 10.1 18.8 11:08 2.3 23:25 8.2 0.0 0.0 1.5 8.3 00:54 SW 03 8.0 17.5 14:06 0.6 05:07 10.3 0.0 0.0 1.1 6.5 12:39 S 04 8.6 15.2 12:52 2.1 04:29 9.7 0.0 0.0 1.1 6.9 14:12 SSW 05 9.8 14.4 14:02 4.9 22:49 8.5 0.0 4.5 2.6 20.7 23:20 ESE 06 5.9 11.7 13:58 -0.4 23:49 12.4 0.0 0.0 4.6 19.4 00:33 ESE 07 5.1 14.8 14:17 -1.9 03:39 13.2 0.0 0.0 1.3 8.6 04:38 S 08 6.3 14.4 14:37 -1.0 05:38 12.0 0.0 0.0 1.3 9.5 23:57 WNW 09 9.0 14.6 14:05 4.3 23:44 9.3 0.0 0.0 5.3 14.7 07:30 E 10 8.3 16.0 13:57 2.1 03:37 10.0 0.0 0.0 2.0 7.4 08:44 NNE 11 8.7 12.5 11:37 5.2 04:18 9.6 0.0 0.3 1.7 8.3 21:59 SSE 12 10.5 14.7 11:28 7.2 00:57 7.8 0.0 1.2 1.3 6.5 22:19 ESE 13 9.7 14.3 12:22 4.8 05:25 8.6 0.0 0.0 2.0 8.3 10:52 SSE 14 7.4 13.5 10:16 1.5 23:47 10.9 0.0 15.9 2.7 15.5 12:07 ESE 15 6.5 13.6 14:59 0.2 05:29 11.8 0.0 0.0 1.4 7.4 12:25 SW 16 8.6 18.5 12:58 0.4 02:47 9.6 0.0 0.0 1.4 10.4 15:53 N 17 7.7 14.3 13:12 1.1 03:51 10.7 0.0 0.0 2.1 10.4 13:42 S 18 5.7 12.2 10:42 -0.5 05:12 12.6 0.0 0.0 1.6 7.4 13:42 SE 19 5.4 11.8 12:12 -0.7 02:42 12.9 0.0 0.0 1.5 9.9 11:42 NNE 20 4.9 11.4 12:43 -1.4 05:00 13.3 0.0 0.3 3.2 22.0 13:56 E 21 5.1 10.5 12:28 -3.2 05:18 13.2 0.0 0.0 2.4 13.3 13:16 E 22 7.5 15.5 15:27 -1.0 04:42 10.8 0.0 0.0 1.8 9.9 21:44 SSW 23 8.5 14.9 11:46 2.4 05:25 9.8 0.0 0.0 2.5 12.1 00:18 W 24 9.5 15.7 13:22 3.4 00:23 8.8 0.0 0.0 1.9 7.7 12:25 SSW 25 9.6 17.1 14:24 1.7 02:12 8.7 0.0 0.0 1.5 7.4 12:53 SSW 26 10.5 18.7 13:29 2.8 04:50 7.8 0.0 0.0 1.5 8.6 12:46 S 27 10.9 17.6 11:55 5.8 04:28 7.4 0.0 0.0 1.5 8.6 14:08 SSE 28 13.2 18.5 11:17 8.7 22:49 5.1 0.0 0.0 1.3 8.6 12:26 E 29 13.5 21.0 14:12 7.3 05:00 5.2 0.3 0.0 1.5 7.4 11:21 SW 30 14.6 24.5 12:30 6.2 04:50 4.8 1.2 0.0 1.4 6.5 12:36 SSW 31 16.9 25.9 14:11 7.3 03:11 3.8 2.4 0.0 0.9 7.7 13:41 WSW ---------------------------------------------------------------------------------- 8.9 25.9 31 -3.2 21 294.4 4.3 22.2 2.0 22.0 20 SE Max >= 27.0 0 Max <= 0.0 0 Min <= 0.0 8 Min <= -5.0 0 Max Rain: 15.9 on day 14 Days of Rain: 5 (>= 0.2 mm) 2 (>= 2.0 mm) 0 (>= 20.0 mm) Heat Base: 18.3 Cool Base: 18.3 Method: Integration