NOAA-Style Climate Reports
Select a Year or Month report
2024: Gen Feb Mar Apr Mag Giu Lug Ago Set Ott Nov Dic
2023: Gen Feb Mar Apr Mag Giu Lug Ago Set Ott Nov Dic
2022: Gen Feb Mar Apr Mag Giu Lug Ago Set Ott Nov Dic
2021: Gen Feb Mar Apr Mag Giu Lug Ago Set Ott Nov Dic
2020: Gen Feb Mar Apr Mag Giu Lug Ago Set Ott Nov Dic
2019: Gen Feb Mar Apr Mag Giu Lug Ago Set Ott Nov Dic
2018: Gen Feb Mar Apr Mag Giu Lug Ago Set Ott Nov Dic
2017: Gen Feb Mar Apr Mag Giu Lug Ago Set Ott Nov Dic
2016: Gen Feb Mar Apr Mag Giu Lug Ago Set Ott Nov Dic
2015: Gen Feb Mar Apr Mag Giu Lug Ago Set Ott Nov Dic
2014: Gen Feb Mar Apr Mag Giu Lug Ago Set Ott Nov Dic
2013: Gen Feb Mar Apr Mag Giu Lug Ago Set Ott Nov Dic
2012: Gen Feb Mar Apr Mag Giu Lug Ago Set Ott Nov Dic
2011: Gen Feb Mar Apr Mag Giu Lug Ago Set Ott Nov Dic
2024: Gen Feb Mar Apr Mag Giu Lug Ago Set Ott Nov Dic
2023: Gen Feb Mar Apr Mag Giu Lug Ago Set Ott Nov Dic
2022: Gen Feb Mar Apr Mag Giu Lug Ago Set Ott Nov Dic
2021: Gen Feb Mar Apr Mag Giu Lug Ago Set Ott Nov Dic
2020: Gen Feb Mar Apr Mag Giu Lug Ago Set Ott Nov Dic
2019: Gen Feb Mar Apr Mag Giu Lug Ago Set Ott Nov Dic
2018: Gen Feb Mar Apr Mag Giu Lug Ago Set Ott Nov Dic
2017: Gen Feb Mar Apr Mag Giu Lug Ago Set Ott Nov Dic
2016: Gen Feb Mar Apr Mag Giu Lug Ago Set Ott Nov Dic
2015: Gen Feb Mar Apr Mag Giu Lug Ago Set Ott Nov Dic
2014: Gen Feb Mar Apr Mag Giu Lug Ago Set Ott Nov Dic
2013: Gen Feb Mar Apr Mag Giu Lug Ago Set Ott Nov Dic
2012: Gen Feb Mar Apr Mag Giu Lug Ago Set Ott Nov Dic
2011: Gen Feb Mar Apr Mag Giu Lug Ago Set Ott Nov Dic
Report for 2021 Maggio
Monthly Climatological Summary for May 2021 Name: AT165-Meteoredipuglia City: Fogliano Redipuglia State: Italy Elevation: 14 m Lat: N 45° 50' 39" Lon: E 013° 29' 20" Temperature (°C), Rain (mm), Wind Speed (m/s) Heat Cool Avg Mean Deg Deg Wind Dom Day Temp High Time Low Time Days Days Rain Speed High Time Dir ---------------------------------------------------------------------------------- 01 18.2 25.6 13:15 12.1 04:14 1.7 1.7 22.2 2.1 15.1 23:57 S 02 15.1 19.4 15:01 9.3 23:59 3.3 0.0 2.4 3.5 13.3 14:40 S 03 13.9 24.2 15:38 8.1 23:28 4.9 0.5 0.9 2.6 12.6 04:21 E 04 14.5 20.3 08:38 6.5 03:47 4.0 0.2 0.0 2.0 8.6 10:51 SSW 05 15.3 18.8 15:07 11.7 04:38 3.0 0.0 0.0 4.4 15.1 23:58 S 06 13.5 18.3 15:22 11.3 03:33 4.8 0.0 0.0 6.4 21.2 04:28 E 07 15.1 21.1 13:04 8.7 22:39 3.3 0.1 4.8 2.9 13.3 14:50 SE 08 15.8 22.8 15:33 9.0 23:54 3.3 0.9 0.0 2.1 12.6 00:20 NE 09 17.4 25.6 13:47 7.8 03:44 3.1 2.2 0.0 1.3 7.4 01:43 WSW 10 18.1 25.6 15:19 10.4 03:36 2.5 2.3 0.0 1.2 7.4 11:05 WSW 11 18.8 25.6 13:36 12.2 03:40 1.6 2.1 3.6 2.0 8.6 21:59 ENE 12 15.1 18.4 13:01 13.1 04:41 3.2 0.0 21.3 2.2 9.0 12:47 SSE 13 14.7 21.3 14:21 12.2 02:57 3.7 0.1 3.6 1.6 8.3 13:13 SSE 14 14.8 21.2 11:52 12.0 22:43 3.7 0.2 8.1 1.6 12.1 17:51 SSE 15 15.7 20.0 07:46 11.5 01:08 2.8 0.2 2.4 2.1 8.6 22:22 S 16 16.0 19.9 09:50 11.8 03:53 2.5 0.2 13.5 3.2 9.5 09:37 SSE 17 15.2 21.8 13:43 10.3 22:50 3.5 0.4 16.5 3.2 16.9 09:13 E 18 16.7 22.2 14:32 9.1 03:21 2.6 1.0 3.0 2.6 9.9 23:19 SSE 19 12.8 18.6 13:37 10.0 22:19 5.5 0.0 12.9 1.4 12.6 04:39 E 20 15.1 21.8 13:14 8.6 03:21 3.8 0.6 0.3 1.5 10.8 15:57 WSW 21 16.9 21.7 13:44 8.9 01:42 2.4 0.9 0.0 2.3 9.5 10:20 SSW 22 15.8 17.6 11:20 12.9 22:07 2.5 0.0 1.2 3.0 10.4 23:40 SE 23 16.8 22.5 14:08 13.3 02:24 2.1 0.6 0.3 3.9 16.4 15:34 SSE 24 13.7 15.2 14:27 12.6 23:04 4.6 0.0 20.4 2.2 16.4 17:15 ENE 25 15.1 21.1 14:36 11.6 23:46 3.5 0.3 3.3 3.2 14.2 15:40 ESE 26 17.5 23.4 12:39 10.9 03:36 2.6 1.8 0.0 2.0 10.4 00:54 S 27 17.4 25.3 12:15 10.5 00:38 2.9 2.0 1.5 2.2 18.5 17:12 NNW 28 18.3 25.9 16:16 9.3 03:32 2.4 2.4 0.0 1.5 8.3 13:13 NW 29 17.9 28.4 13:33 11.3 23:48 2.2 1.8 0.9 2.1 18.5 20:08 ESE 30 18.0 25.3 12:46 11.2 01:01 2.0 1.7 0.0 1.9 10.4 07:37 E 31 18.3 24.5 13:19 11.1 03:38 2.0 2.0 0.0 1.7 9.0 11:54 NNW ---------------------------------------------------------------------------------- 16.0 28.4 29 6.5 4 96.0 26.2 143.1 2.5 21.2 6 SE Max >= 27.0 1 Max <= 0.0 0 Min <= 0.0 0 Min <= -5.0 0 Max Rain: 22.2 on day 1 Days of Rain: 20 (>= 0.2 mm) 14 (>= 2.0 mm) 3 (>= 20.0 mm) Heat Base: 18.3 Cool Base: 18.3 Method: Integration