NOAA-Style Climate Reports
Select a Year or Month report
2024: Gen Feb Mar Apr Mag Giu Lug Ago Set Ott Nov Dic
2023: Gen Feb Mar Apr Mag Giu Lug Ago Set Ott Nov Dic
2022: Gen Feb Mar Apr Mag Giu Lug Ago Set Ott Nov Dic
2021: Gen Feb Mar Apr Mag Giu Lug Ago Set Ott Nov Dic
2020: Gen Feb Mar Apr Mag Giu Lug Ago Set Ott Nov Dic
2019: Gen Feb Mar Apr Mag Giu Lug Ago Set Ott Nov Dic
2018: Gen Feb Mar Apr Mag Giu Lug Ago Set Ott Nov Dic
2017: Gen Feb Mar Apr Mag Giu Lug Ago Set Ott Nov Dic
2016: Gen Feb Mar Apr Mag Giu Lug Ago Set Ott Nov Dic
2015: Gen Feb Mar Apr Mag Giu Lug Ago Set Ott Nov Dic
2014: Gen Feb Mar Apr Mag Giu Lug Ago Set Ott Nov Dic
2013: Gen Feb Mar Apr Mag Giu Lug Ago Set Ott Nov Dic
2012: Gen Feb Mar Apr Mag Giu Lug Ago Set Ott Nov Dic
2011: Gen Feb Mar Apr Mag Giu Lug Ago Set Ott Nov Dic
2024: Gen Feb Mar Apr Mag Giu Lug Ago Set Ott Nov Dic
2023: Gen Feb Mar Apr Mag Giu Lug Ago Set Ott Nov Dic
2022: Gen Feb Mar Apr Mag Giu Lug Ago Set Ott Nov Dic
2021: Gen Feb Mar Apr Mag Giu Lug Ago Set Ott Nov Dic
2020: Gen Feb Mar Apr Mag Giu Lug Ago Set Ott Nov Dic
2019: Gen Feb Mar Apr Mag Giu Lug Ago Set Ott Nov Dic
2018: Gen Feb Mar Apr Mag Giu Lug Ago Set Ott Nov Dic
2017: Gen Feb Mar Apr Mag Giu Lug Ago Set Ott Nov Dic
2016: Gen Feb Mar Apr Mag Giu Lug Ago Set Ott Nov Dic
2015: Gen Feb Mar Apr Mag Giu Lug Ago Set Ott Nov Dic
2014: Gen Feb Mar Apr Mag Giu Lug Ago Set Ott Nov Dic
2013: Gen Feb Mar Apr Mag Giu Lug Ago Set Ott Nov Dic
2012: Gen Feb Mar Apr Mag Giu Lug Ago Set Ott Nov Dic
2011: Gen Feb Mar Apr Mag Giu Lug Ago Set Ott Nov Dic
Report for 2021 Giugno
Monthly Climatological Summary for Jun 2021 Name: AT165-Meteoredipuglia City: Fogliano Redipuglia State: Italy Elevation: 14 m Lat: N 45° 50' 39" Lon: E 013° 29' 20" Temperature (°C), Rain (mm), Wind Speed (m/s) Heat Cool Avg Mean Deg Deg Wind Dom Day Temp High Time Low Time Days Days Rain Speed High Time Dir ---------------------------------------------------------------------------------- 01 18.4 23.4 14:57 12.3 03:43 1.8 1.9 0.0 2.1 8.3 12:49 S 02 19.2 25.3 10:50 11.7 02:44 1.8 2.7 0.0 1.6 8.3 11:58 SSW 03 20.5 27.1 14:17 12.3 02:28 1.4 3.7 0.0 1.5 8.3 03:22 SSW 04 22.3 28.4 10:56 13.2 03:02 0.9 4.8 0.0 1.5 8.3 14:13 SW 05 22.9 27.8 14:41 17.0 01:24 0.1 4.8 0.0 2.2 8.6 13:45 S 06 20.8 28.1 11:13 16.9 05:37 0.3 2.8 16.5 2.1 9.9 01:53 ESE 07 21.3 26.5 11:30 16.1 02:35 0.3 3.3 0.0 2.3 14.2 12:19 E 08 23.7 30.2 15:18 15.7 03:02 0.3 5.7 0.0 1.6 10.8 15:25 ENE 09 24.1 32.3 11:16 16.6 03:31 0.1 5.9 0.0 1.7 10.8 14:35 NE 10 23.3 31.7 13:58 17.9 22:40 0.0 5.0 0.3 2.2 13.0 14:53 ENE 11 23.1 30.9 13:22 15.8 03:33 0.2 5.0 0.0 1.3 6.5 15:05 NNW 12 24.3 29.8 13:25 17.8 03:33 0.0 6.0 0.0 1.6 7.7 01:36 SSW 13 25.4 30.3 12:13 19.4 03:29 0.0 7.1 0.0 2.2 9.9 23:45 SSE 14 23.7 29.4 12:17 17.2 03:38 0.0 5.5 0.0 1.9 9.9 00:32 S 15 22.5 28.2 14:56 16.3 04:27 0.2 4.4 0.0 1.4 7.4 13:03 SW 16 24.8 31.0 13:06 16.9 02:45 0.1 6.6 0.0 1.7 8.3 13:33 WSW 17 25.6 31.8 14:28 16.6 03:10 0.1 7.4 0.9 1.5 8.3 13:26 WSW 18 24.9 30.2 12:45 17.9 02:42 0.0 6.6 0.0 1.6 6.9 14:58 S 19 26.0 31.5 13:37 18.8 01:25 0.0 7.8 0.0 1.6 7.4 13:40 SW 20 26.5 31.8 08:53 20.5 02:58 0.0 8.2 0.0 1.8 7.4 10:50 S 21 27.1 31.9 07:26 21.0 03:17 0.0 8.8 0.0 2.0 9.9 13:33 SSW 22 26.5 32.1 17:33 20.8 02:07 0.0 8.2 0.0 2.2 9.0 11:05 S 23 27.5 33.2 12:07 20.0 03:33 0.0 9.2 0.0 1.7 8.3 03:00 SSW 24 27.7 32.8 14:09 21.3 03:42 0.0 9.4 0.0 1.9 8.3 21:08 SSW 25 25.0 30.0 17:09 19.2 23:59 0.0 6.7 0.0 2.1 9.5 11:45 S 26 26.1 32.1 11:57 17.7 03:21 0.0 7.9 0.0 1.9 8.6 12:45 WSW 27 27.1 33.3 13:25 19.7 03:54 0.0 8.8 0.0 1.7 7.4 12:21 WSW 28 27.2 33.9 13:25 19.5 03:39 0.0 8.9 0.0 1.7 7.4 11:55 SSW 29 27.3 32.1 07:40 20.2 02:46 0.0 9.0 0.0 2.2 9.9 13:33 SSW 30 26.0 30.2 12:07 20.8 03:53 0.0 7.7 0.0 3.3 15.5 18:41 S ---------------------------------------------------------------------------------- 24.4 33.9 28 11.7 2 7.6 189.8 17.7 1.9 15.5 30 SSW Max >= 27.0 27 Max <= 0.0 0 Min <= 0.0 0 Min <= -5.0 0 Max Rain: 16.5 on day 6 Days of Rain: 3 (>= 0.2 mm) 1 (>= 2.0 mm) 0 (>= 20.0 mm) Heat Base: 18.3 Cool Base: 18.3 Method: Integration