NOAA-Style Climate Reports
Select a Year or Month report
2024: Gen Feb Mar Apr Mag Giu Lug Ago Set Ott Nov Dic
2023: Gen Feb Mar Apr Mag Giu Lug Ago Set Ott Nov Dic
2022: Gen Feb Mar Apr Mag Giu Lug Ago Set Ott Nov Dic
2021: Gen Feb Mar Apr Mag Giu Lug Ago Set Ott Nov Dic
2020: Gen Feb Mar Apr Mag Giu Lug Ago Set Ott Nov Dic
2019: Gen Feb Mar Apr Mag Giu Lug Ago Set Ott Nov Dic
2018: Gen Feb Mar Apr Mag Giu Lug Ago Set Ott Nov Dic
2017: Gen Feb Mar Apr Mag Giu Lug Ago Set Ott Nov Dic
2016: Gen Feb Mar Apr Mag Giu Lug Ago Set Ott Nov Dic
2015: Gen Feb Mar Apr Mag Giu Lug Ago Set Ott Nov Dic
2014: Gen Feb Mar Apr Mag Giu Lug Ago Set Ott Nov Dic
2013: Gen Feb Mar Apr Mag Giu Lug Ago Set Ott Nov Dic
2012: Gen Feb Mar Apr Mag Giu Lug Ago Set Ott Nov Dic
2011: Gen Feb Mar Apr Mag Giu Lug Ago Set Ott Nov Dic
2024: Gen Feb Mar Apr Mag Giu Lug Ago Set Ott Nov Dic
2023: Gen Feb Mar Apr Mag Giu Lug Ago Set Ott Nov Dic
2022: Gen Feb Mar Apr Mag Giu Lug Ago Set Ott Nov Dic
2021: Gen Feb Mar Apr Mag Giu Lug Ago Set Ott Nov Dic
2020: Gen Feb Mar Apr Mag Giu Lug Ago Set Ott Nov Dic
2019: Gen Feb Mar Apr Mag Giu Lug Ago Set Ott Nov Dic
2018: Gen Feb Mar Apr Mag Giu Lug Ago Set Ott Nov Dic
2017: Gen Feb Mar Apr Mag Giu Lug Ago Set Ott Nov Dic
2016: Gen Feb Mar Apr Mag Giu Lug Ago Set Ott Nov Dic
2015: Gen Feb Mar Apr Mag Giu Lug Ago Set Ott Nov Dic
2014: Gen Feb Mar Apr Mag Giu Lug Ago Set Ott Nov Dic
2013: Gen Feb Mar Apr Mag Giu Lug Ago Set Ott Nov Dic
2012: Gen Feb Mar Apr Mag Giu Lug Ago Set Ott Nov Dic
2011: Gen Feb Mar Apr Mag Giu Lug Ago Set Ott Nov Dic
Report for 2021 Agosto
Monthly Climatological Summary for Aug 2021 Name: AT165-Meteoredipuglia City: Fogliano Redipuglia State: Italy Elevation: 14 m Lat: N 45° 50' 39" Lon: E 013° 29' 20" Temperature (°C), Rain (mm), Wind Speed (m/s) Heat Cool Avg Mean Deg Deg Wind Dom Day Temp High Time Low Time Days Days Rain Speed High Time Dir ---------------------------------------------------------------------------------- 01 24.8 29.8 11:06 17.8 23:59 0.0 6.5 3.6 3.4 15.1 13:27 S 02 23.1 29.6 13:02 17.0 02:23 0.1 4.9 0.0 2.2 12.6 10:52 ESE 03 24.4 30.0 12:21 19.0 04:07 0.0 6.1 0.0 2.1 12.1 12:44 S 04 24.1 28.7 12:36 19.6 22:54 0.0 5.6 3.6 2.8 9.9 23:30 SE 05 23.0 29.5 15:54 18.8 22:37 0.0 4.7 0.6 2.9 10.8 00:23 ESE 06 23.7 29.5 15:50 18.5 01:40 0.0 5.4 0.3 2.2 9.5 02:08 SSE 07 25.6 29.9 10:14 20.0 03:20 0.0 7.3 0.0 2.4 9.5 12:51 S 08 26.7 31.2 15:47 23.0 23:13 0.0 8.4 0.3 2.9 10.4 09:45 SSE 09 26.7 33.5 13:33 20.3 23:34 0.0 8.4 0.0 2.1 8.3 14:25 SSE 10 27.3 34.4 15:11 20.4 03:59 0.0 9.0 0.0 1.8 8.3 00:45 NNW 11 28.8 35.7 12:10 20.8 01:50 0.0 10.5 0.0 2.3 11.2 19:45 ESE 12 28.5 35.1 15:00 21.2 04:14 0.0 10.2 0.0 1.5 7.4 13:00 SW 13 28.8 36.6 12:58 21.3 03:15 0.0 10.5 0.0 1.6 9.0 04:23 SW 14 28.7 34.7 11:10 22.2 04:36 0.0 10.4 0.0 1.5 6.9 11:57 S 15 28.9 35.7 12:55 21.8 03:52 0.0 10.6 0.0 1.4 8.6 23:56 WSW 16 27.7 33.8 08:32 18.8 22:27 0.0 9.4 6.3 3.2 24.6 21:06 SSE 17 23.9 29.1 13:51 18.8 01:40 0.0 5.6 0.0 4.4 16.4 21:43 ESE 18 24.2 31.6 15:06 19.2 22:15 0.0 5.9 0.0 4.2 20.7 02:12 E 19 24.5 30.5 14:36 17.3 03:47 0.0 6.2 0.0 1.9 9.0 11:55 NW 20 24.7 30.9 11:46 16.3 04:35 0.2 6.6 0.0 1.8 11.7 13:03 NW 21 25.7 32.6 13:43 17.3 04:10 0.1 7.5 0.0 1.4 8.3 08:52 NW 22 26.4 32.6 11:10 19.5 04:10 0.0 8.0 0.0 1.5 8.3 02:19 SW 23 20.9 24.5 13:51 15.8 23:07 0.4 3.0 13.5 4.0 17.3 09:59 E 24 23.2 31.1 12:56 13.4 04:48 0.8 5.7 0.0 2.2 11.2 17:31 E 25 22.4 28.9 15:20 16.4 23:23 0.1 4.2 0.0 2.6 12.6 11:59 ESE 26 21.2 27.8 11:44 14.0 02:32 0.7 3.6 5.4 2.0 13.0 21:37 SE 27 20.4 27.5 15:10 15.2 04:57 0.7 2.8 0.9 2.1 12.1 23:49 E 28 19.8 25.6 13:46 16.5 01:26 0.3 1.8 0.0 2.8 13.8 11:51 E 29 18.3 25.6 12:20 13.3 21:43 1.6 1.7 0.9 1.5 12.6 13:48 ESE 30 18.7 24.7 12:46 13.7 03:53 1.2 1.6 0.0 2.3 8.3 19:43 E 31 20.4 26.8 14:23 14.6 03:52 0.8 2.9 0.0 1.8 8.6 14:36 SSE ---------------------------------------------------------------------------------- 24.4 36.6 13 13.3 29 7.0 195.0 35.4 2.3 24.6 16 SE Max >= 27.0 26 Max <= 0.0 0 Min <= 0.0 0 Min <= -5.0 0 Max Rain: 13.5 on day 23 Days of Rain: 10 (>= 0.2 mm) 5 (>= 2.0 mm) 0 (>= 20.0 mm) Heat Base: 18.3 Cool Base: 18.3 Method: Integration