NOAA-Style Climate Reports
Select a Year or Month report
2024: Gen Feb Mar Apr Mag Giu Lug Ago Set Ott Nov Dic
2023: Gen Feb Mar Apr Mag Giu Lug Ago Set Ott Nov Dic
2022: Gen Feb Mar Apr Mag Giu Lug Ago Set Ott Nov Dic
2021: Gen Feb Mar Apr Mag Giu Lug Ago Set Ott Nov Dic
2020: Gen Feb Mar Apr Mag Giu Lug Ago Set Ott Nov Dic
2019: Gen Feb Mar Apr Mag Giu Lug Ago Set Ott Nov Dic
2018: Gen Feb Mar Apr Mag Giu Lug Ago Set Ott Nov Dic
2017: Gen Feb Mar Apr Mag Giu Lug Ago Set Ott Nov Dic
2016: Gen Feb Mar Apr Mag Giu Lug Ago Set Ott Nov Dic
2015: Gen Feb Mar Apr Mag Giu Lug Ago Set Ott Nov Dic
2014: Gen Feb Mar Apr Mag Giu Lug Ago Set Ott Nov Dic
2013: Gen Feb Mar Apr Mag Giu Lug Ago Set Ott Nov Dic
2012: Gen Feb Mar Apr Mag Giu Lug Ago Set Ott Nov Dic
2011: Gen Feb Mar Apr Mag Giu Lug Ago Set Ott Nov Dic
2024: Gen Feb Mar Apr Mag Giu Lug Ago Set Ott Nov Dic
2023: Gen Feb Mar Apr Mag Giu Lug Ago Set Ott Nov Dic
2022: Gen Feb Mar Apr Mag Giu Lug Ago Set Ott Nov Dic
2021: Gen Feb Mar Apr Mag Giu Lug Ago Set Ott Nov Dic
2020: Gen Feb Mar Apr Mag Giu Lug Ago Set Ott Nov Dic
2019: Gen Feb Mar Apr Mag Giu Lug Ago Set Ott Nov Dic
2018: Gen Feb Mar Apr Mag Giu Lug Ago Set Ott Nov Dic
2017: Gen Feb Mar Apr Mag Giu Lug Ago Set Ott Nov Dic
2016: Gen Feb Mar Apr Mag Giu Lug Ago Set Ott Nov Dic
2015: Gen Feb Mar Apr Mag Giu Lug Ago Set Ott Nov Dic
2014: Gen Feb Mar Apr Mag Giu Lug Ago Set Ott Nov Dic
2013: Gen Feb Mar Apr Mag Giu Lug Ago Set Ott Nov Dic
2012: Gen Feb Mar Apr Mag Giu Lug Ago Set Ott Nov Dic
2011: Gen Feb Mar Apr Mag Giu Lug Ago Set Ott Nov Dic
Report for 2024 Marzo
Monthly Climatological Summary for Mar 2024 Name: MeteoRedipuglia City: Fogliano Redipuglia State: Italy Elevation: 14 m Lat: N 45° 50' 38" Lon: E 013° 29' 20" Temperature (°C), Rain (mm), Wind Speed (m/s) Heat Cool Avg Mean Deg Deg Wind Dom Day Temp High Time Low Time Days Days Rain Speed High Time Dir ---------------------------------------------------------------------------------- 01 12.0 13.9 14:41 10.4 22:44 6.3 0.0 5.2 1.5 8.0 10:06 ENE 02 11.3 14.9 11:11 9.7 05:52 7.0 0.0 18.9 1.2 7.0 04:49 E 03 12.1 15.1 11:15 10.2 04:12 6.2 0.0 0.6 1.5 7.0 11:07 SE 04 12.7 17.3 13:02 9.1 21:50 5.6 0.0 0.7 1.3 7.0 02:39 ENE 05 12.5 17.2 12:29 7.0 04:06 5.8 0.0 0.0 1.3 9.0 20:53 SSE 06 10.5 12.8 00:23 8.2 23:59 7.8 0.0 14.8 1.6 11.0 09:42 ENE 07 9.6 14.0 11:45 7.6 04:58 8.7 0.0 6.0 2.1 13.0 14:26 ENE 08 8.2 9.2 12:45 7.1 21:17 10.1 0.0 0.7 2.8 11.0 07:27 E 09 8.9 11.0 13:33 6.9 04:30 9.4 0.0 21.1 2.2 11.0 11:12 E 10 11.0 13.8 11:28 8.1 23:37 7.3 0.0 24.7 1.7 15.0 16:54 ESE 11 9.7 12.8 11:57 6.8 05:04 8.6 0.0 0.4 0.5 5.0 01:18 ESE 12 10.9 17.3 13:34 5.8 23:46 7.4 0.0 0.0 0.7 7.0 16:13 S 13 11.2 18.1 12:52 5.0 02:27 7.1 0.0 0.0 1.0 7.0 12:34 SW 14 10.6 17.8 12:40 4.1 05:17 7.7 0.0 0.0 0.9 5.0 13:17 SSW 15 9.8 14.3 14:56 3.6 04:01 8.4 0.0 0.0 0.2 4.0 05:11 SW 16 12.5 17.9 13:31 7.6 23:34 5.8 0.0 0.0 0.8 8.0 13:07 SSW 17 12.4 19.2 12:28 6.0 04:31 5.9 0.0 0.0 0.8 5.0 12:36 S 18 11.6 15.6 11:47 8.7 03:04 6.7 0.0 5.6 0.2 3.0 10:24 NNW 19 12.3 18.8 11:45 6.1 03:50 6.0 0.0 0.7 1.0 7.0 13:07 SSW 20 13.2 18.3 13:00 8.4 23:55 5.1 0.0 0.0 1.1 6.1 12:16 WSW 21 12.6 17.4 13:06 7.5 05:23 5.7 0.0 0.0 0.6 8.7 19:01 S 22 14.1 22.2 13:43 6.5 05:14 4.8 0.7 0.0 1.2 7.4 13:58 W 23 13.8 18.3 11:29 7.5 04:52 4.5 0.0 0.0 2.5 15.5 23:31 S 24 11.1 16.9 14:02 5.4 23:44 7.2 0.0 0.0 2.7 16.2 02:57 E 25 10.5 16.1 13:57 3.4 04:08 7.8 0.0 0.0 1.5 8.1 02:42 S 26 10.3 15.2 10:49 6.3 05:07 8.0 0.0 23.4 1.1 6.7 11:09 ESE 27 12.1 15.8 12:53 9.8 23:12 6.2 0.0 44.3 1.6 12.9 16:06 SE ---------------------------------------------------------------------------------- 11.4 22.2 22 3.4 25 187.0 0.7 167.1 1.3 16.2 24 ESE Max >= 33.0 0 Max <= 0.0 0 Min <= 0.0 0 Min <= -5.0 0 Max Rain: 44.3 on day 27 Days of Rain: 14 (>= 0.2 mm) 9 (>= 2.0 mm) 4 (>= 20.0 mm) Heat Base: 18.3 Cool Base: 18.3 Method: Integration