NOAA-Style Climate Reports
Select a Year or Month report
2024: Gen Feb Mar Apr Mag Giu Lug Ago Set Ott Nov Dic
2023: Gen Feb Mar Apr Mag Giu Lug Ago Set Ott Nov Dic
2022: Gen Feb Mar Apr Mag Giu Lug Ago Set Ott Nov Dic
2021: Gen Feb Mar Apr Mag Giu Lug Ago Set Ott Nov Dic
2020: Gen Feb Mar Apr Mag Giu Lug Ago Set Ott Nov Dic
2019: Gen Feb Mar Apr Mag Giu Lug Ago Set Ott Nov Dic
2018: Gen Feb Mar Apr Mag Giu Lug Ago Set Ott Nov Dic
2017: Gen Feb Mar Apr Mag Giu Lug Ago Set Ott Nov Dic
2016: Gen Feb Mar Apr Mag Giu Lug Ago Set Ott Nov Dic
2015: Gen Feb Mar Apr Mag Giu Lug Ago Set Ott Nov Dic
2014: Gen Feb Mar Apr Mag Giu Lug Ago Set Ott Nov Dic
2013: Gen Feb Mar Apr Mag Giu Lug Ago Set Ott Nov Dic
2012: Gen Feb Mar Apr Mag Giu Lug Ago Set Ott Nov Dic
2011: Gen Feb Mar Apr Mag Giu Lug Ago Set Ott Nov Dic
2024: Gen Feb Mar Apr Mag Giu Lug Ago Set Ott Nov Dic
2023: Gen Feb Mar Apr Mag Giu Lug Ago Set Ott Nov Dic
2022: Gen Feb Mar Apr Mag Giu Lug Ago Set Ott Nov Dic
2021: Gen Feb Mar Apr Mag Giu Lug Ago Set Ott Nov Dic
2020: Gen Feb Mar Apr Mag Giu Lug Ago Set Ott Nov Dic
2019: Gen Feb Mar Apr Mag Giu Lug Ago Set Ott Nov Dic
2018: Gen Feb Mar Apr Mag Giu Lug Ago Set Ott Nov Dic
2017: Gen Feb Mar Apr Mag Giu Lug Ago Set Ott Nov Dic
2016: Gen Feb Mar Apr Mag Giu Lug Ago Set Ott Nov Dic
2015: Gen Feb Mar Apr Mag Giu Lug Ago Set Ott Nov Dic
2014: Gen Feb Mar Apr Mag Giu Lug Ago Set Ott Nov Dic
2013: Gen Feb Mar Apr Mag Giu Lug Ago Set Ott Nov Dic
2012: Gen Feb Mar Apr Mag Giu Lug Ago Set Ott Nov Dic
2011: Gen Feb Mar Apr Mag Giu Lug Ago Set Ott Nov Dic
Report for 2023 Giugno
Monthly Climatological Summary for Jun 2023 Name: MeteoRedipuglia City: Fogliano Redipuglia State: Italy Elevation: 14 m Lat: N 45° 50' 38" Lon: E 013° 29' 20" Temperature (°C), Rain (mm), Wind Speed (m/s) Heat Cool Avg Mean Deg Deg Wind Dom Day Temp High Time Low Time Days Days Rain Speed High Time Dir ---------------------------------------------------------------------------------- 01 22.4 28.5 13:37 15.3 02:07 0.5 4.6 0.0 1.3 8.0 08:56 S 02 21.6 30.9 11:44 15.1 02:20 0.6 3.9 1.5 1.4 12.0 13:28 SE 03 21.9 28.0 14:09 16.1 03:36 0.2 3.8 0.9 2.6 12.0 08:55 ESE 04 20.8 28.2 14:31 16.2 07:58 0.4 2.9 3.6 1.5 8.0 04:21 E 05 18.3 22.3 12:52 15.4 03:53 0.6 0.6 2.1 1.4 10.0 02:46 E 06 19.6 24.4 13:27 16.5 23:43 0.5 1.8 1.2 1.0 5.0 10:29 SSE 07 21.7 26.8 11:31 16.0 03:56 0.4 3.8 0.0 1.3 5.0 12:18 SW 08 21.5 29.1 11:53 15.5 03:05 0.4 3.6 0.3 1.4 11.0 12:55 SSE 09 22.4 26.6 09:30 16.5 02:42 0.2 4.3 0.0 1.5 7.0 13:56 SSW 10 21.4 28.4 11:50 17.4 02:28 0.1 3.2 3.0 0.9 9.0 13:38 SSW 13 21.5 30.0 13:59 -0.6 13:30 0.2 4.8 1.5 5.8 38.0 13:41 N 14 21.4 30.3 14:31 15.2 02:34 0.8 3.8 9.0 1.5 11.0 17:41 ENE 15 21.9 28.9 11:50 15.2 02:37 0.5 4.0 0.6 2.0 9.0 18:18 E 16 20.7 27.1 12:57 14.9 03:04 0.7 3.1 4.2 1.5 14.0 13:13 S 17 21.7 28.3 14:14 13.4 03:37 0.8 4.3 0.0 1.3 6.0 03:43 S 18 23.5 29.6 14:25 15.0 03:17 0.4 5.6 0.0 1.1 5.0 03:41 S 19 24.3 29.8 14:28 17.0 02:07 0.1 6.1 0.0 1.2 6.0 11:40 S 20 25.3 30.3 14:51 19.9 01:05 0.0 7.0 0.0 1.5 6.0 11:38 S 21 26.1 30.7 16:14 19.3 03:38 0.0 7.8 0.0 1.2 6.0 11:06 S 22 27.6 34.7 13:37 20.6 03:06 0.0 9.3 0.0 0.9 5.0 12:20 S 23 26.6 32.3 08:40 21.0 21:14 0.0 8.3 0.0 1.5 8.0 11:31 WSW 24 25.6 30.5 10:38 19.7 01:23 0.0 7.3 0.0 2.5 12.0 15:20 E 25 26.0 31.8 17:02 16.9 03:04 0.0 7.7 0.0 1.5 8.0 09:50 WNW 26 26.2 32.3 14:37 18.1 03:11 0.0 7.9 0.0 1.2 6.0 11:32 W 27 24.6 32.5 13:17 19.5 02:54 0.0 6.3 2.1 2.3 15.0 21:34 ESE 28 23.2 29.8 13:39 17.0 23:54 0.0 4.9 0.0 2.5 14.0 08:18 ESE 29 23.6 29.5 11:13 15.8 01:01 0.2 5.5 0.0 1.5 7.0 14:42 W 30 23.0 29.5 11:59 16.4 02:26 0.2 4.9 0.0 1.2 7.0 15:12 SW ---------------------------------------------------------------------------------- 23.0 34.7 22 -0.6 13 7.8 141.1 30.0 2.2 38.0 13 SE Max >= 27.0 24 Max <= 0.0 0 Min <= 0.0 1 Min <= -5.0 0 Max Rain: 9.0 on day 14 Days of Rain: 12 (>= 0.2 mm) 6 (>= 2.0 mm) 0 (>= 20.0 mm) Heat Base: 18.3 Cool Base: 18.3 Method: Integration