NOAA-Style Climate Reports


Report for 2015 February
                   MONTHLY CLIMATOLOGICAL SUMMARY for FEB 2015


NAME: MeteoRedipuglia       CITY: Fogliano Redipuglia   STATE: Italy               
ELEV:   12.8 m    LAT: 45.8 N    LONG: 13.5 E


                   TEMPERATURE (C), RAIN (mm), WIND SPEED (kph)

                                         HEAT   COOL         AVG
      MEAN                               DEG    DEG          WIND                  DOM
DAY   TEMP   HIGH  TIME    LOW   TIME    DAYS   DAYS   RAIN  SPEED   HIGH  TIME    DIR
---------------------------------------------------------------------------------------
01     4.1    6.1  10:57    0.2  23:54   27.2    0.0     0.9  6.0    25.6  00:39   NE
02     2.6   11.2  12:26   -1.7  05:59   24.4    0.0     0.0  3.2    15.5  07:31   NE
03     3.5    6.8  14:25    0.9  03:58   26.0    0.0     0.0  6.0    23.8  10:27   ENE
04     6.0    9.5  12:54    1.8  05:03   22.8    0.0     0.4 18.7    59.0  20:58   ENE
05     5.1    6.7  21:08    2.8  01:14   24.4    0.0     7.2 40.0   106.9  18:08   ENE
06     5.6    6.6  02:31    4.4  23:51   23.0    0.0     0.0 14.9    63.7  12:33   ENE
07     3.9    8.7  14:42    0.1  23:10   25.0    0.0     0.0  8.4    41.4  00:15   ENE
08     3.5   14.1  12:56   -2.3  06:47   22.3    0.0     0.0  6.9    38.5  16:19   NE
09     2.3    9.8  12:28   -2.0  04:46   25.9    0.0     0.0  5.3    25.2  03:01   ENE
10     3.9   13.3  13:31   -2.5  04:16   23.2    0.0     0.0  2.9    12.6  15:11   NNW
11     5.5   15.8  11:48   -0.4  04:32   19.1    0.0     0.0  3.6    14.0  12:55   ENE
12     5.5   13.9  13:16    0.8  04:33   19.7    0.0     0.0  5.6    20.9  07:02   NNW
13     5.0    7.8  12:59    0.3  01:48   25.6    0.0     0.0  3.3    20.5  04:33   N
14     6.9    9.0  13:47    4.8  05:08   20.5    0.0     0.0  3.6    14.0  02:41   ENE
15     9.5   15.9  13:32    6.3  23:29   12.9    0.0     0.0  4.7    16.2  23:49   ENE
16     9.6   15.9  12:40    2.6  06:04   16.3    0.0     0.0 12.4    37.4  21:36   ENE
17     7.6   13.3  13:53    2.0  05:58   19.2    0.0     0.0 12.8    47.9  12:50   ENE
18     5.5   13.3  12:05    0.2  23:55   20.8    0.0     0.0  6.5    28.8  10:27   ENE
19     4.5   14.2  12:37   -1.6  03:45   21.6    0.0     0.0  3.8    18.0  04:43   ENE
20     3.8   12.6  12:09   -1.8  06:25   23.2    0.0     0.0  2.8    13.7  13:01   ENE
21     6.7   10.3  11:55    0.7  00:26   23.0    0.0     0.0  4.9    20.2  19:07   ENE
22     7.8    9.8  13:49    6.1  23:55   18.6    0.0     8.1  6.6    27.4  09:35   NE
23     7.9   12.6  12:03    6.1  00:00   16.1    0.0     0.3  4.0    20.2  11:47   ENE
24     9.4   11.1  14:56    7.8  21:17   15.9    0.0     0.2  4.0    23.8  22:01   NE
25     9.8   14.2  13:02    5.7  05:58   15.0    0.0     0.0  7.1    38.2  14:13   NE
26    10.2   17.1  13:14    4.6  23:26   13.4    0.0     0.0  4.8    16.9  18:25   NE
27     8.0   17.3  12:58    1.8  05:34   15.7    0.0     0.0  3.6    15.8  16:25   NNW
28     8.1   16.4  11:59    2.1  02:25   16.3    0.0     0.0  6.6    32.0  14:42   ENE
---------------------------------------------------------------------------------------
       6.1   17.3    27    -2.5    10   577.0    0.0    17.1  7.6   106.9     5    NE

Max >=   32.2:  0
Max <=    0.0:  0
Min <=    0.0:  7
Min <=  -17.8:  0
Max Rain    :    8.1 mm ON 02/22/2015
Days of Rain: 5 (> 0.254 mm) 2 (> 2.54 mm) 0 (> 25.4 mm)