NOAA-Style Climate Reports


Report for 2015 March
                   MONTHLY CLIMATOLOGICAL SUMMARY for MAR 2015


NAME: MeteoRedipuglia       CITY: Fogliano Redipuglia   STATE: Italy               
ELEV:   12.8 m    LAT: 45.8 N    LONG: 13.5 E


                   TEMPERATURE (C), RAIN (mm), WIND SPEED (kph)

                                         HEAT   COOL         AVG
      MEAN                               DEG    DEG          WIND                  DOM
DAY   TEMP   HIGH  TIME    LOW   TIME    DAYS   DAYS   RAIN  SPEED   HIGH  TIME    DIR
---------------------------------------------------------------------------------------
01     7.6   12.6  13:31    1.4  04:02   20.3    0.0     0.0  4.6    18.0  14:46   E
02     8.6    9.5  15:35    5.8  23:05   19.2    0.0     5.4  3.5    12.2  15:52   ENE
03     9.4   18.5  12:51    3.1  05:59   13.5    0.0     0.2  5.4    25.6  08:36   ENE
04    10.1   15.3  12:06    5.3  01:11   14.4    0.0     0.0 10.0    50.4  20:04   ENE
05    10.3   15.0  13:10    8.4  05:48   11.9    0.0     0.0 25.8    72.4  12:26   ENE
06    10.1   15.7  13:28    6.5  23:34   12.9    0.0     0.0 13.7    51.5  00:17   NE
07     9.0   17.1  12:38    1.1  05:53   16.5    0.0     0.0 10.4    40.7  16:46   ENE
08     9.5   16.4  12:56    2.4  03:21   16.0    0.0     0.0 15.3    51.1  07:20   ENE
09     8.1   17.0  11:55    1.9  05:27   15.9    0.0     0.0  4.3    32.8  10:35   N
10     9.1   20.0  13:37    1.9  05:36   13.2    0.0     0.0  5.7    20.5  09:24   E
11     8.8   17.1  12:34    3.7  04:47   14.2    0.0     0.0  3.8    20.2  16:27   ENE
12     7.6   15.3  11:59    2.0  03:53   17.3    0.0     0.0  4.4    31.3  12:10   NE
13     7.3   16.3  12:08    0.4  05:14   17.9    0.0     0.0  4.6    23.0  13:16   W
14     8.0   17.4  12:52    0.7  04:07   16.6    0.0     0.0  4.7    17.3  13:30   ENE
15    10.3   16.2  12:04    3.7  02:27   15.0    0.0     0.0 13.7    37.4  08:22   ENE
16     9.6   11.2  23:57    7.8  17:08   15.8    0.0     8.8 13.3    38.5  18:33   NE
17    12.7   15.6  12:06    9.0  23:55   10.8    0.0     0.0 14.7    41.0  18:22   ENE
18    10.6   19.5  13:34    3.7  04:28   12.0    0.0     0.0  6.2    31.3  08:14   ENE
19    11.0   19.9  12:14    4.2  02:33   11.2    0.0     0.0  5.6    19.4  02:55   E
20    10.2   16.9  12:24    4.6  23:44   13.6    0.0     0.0  5.1    17.6  04:07   WSW
21     9.5   14.2  13:47    4.0  01:05   16.5    0.0     0.0  4.6    18.0  15:06   ENE
22    10.3   16.1  14:04    7.5  05:09   11.7    0.0     5.8  6.8    23.0  10:23   NE
23    12.3   20.8  13:23    4.7  04:53   10.0    0.0     0.0  6.5    21.2  05:35   E
24    11.8   18.4  11:53    4.8  02:57   12.0    0.0     0.0  5.2    19.4  11:55   NE
25    12.1   15.0  09:09   10.8  20:12    9.7    0.0    16.2 16.2    59.0  16:03   ENE
26    13.3   16.2  12:59   11.9  00:00    7.6    0.0    20.2  6.1    25.2  00:07   E
27    10.9   13.5  15:40    8.0  23:23   13.6    0.0    19.4  3.2    18.0  15:22   NNE
28    11.5   19.8  11:08    4.2  05:12   11.3    0.0     0.0  5.4    25.2  13:22   ENE
29    11.4   18.7  13:03    5.1  05:24   11.5    0.0     0.0  4.7    16.6  03:09   ENE
30    12.2   18.9  12:45    7.6  03:49    9.1    0.0     0.0  5.7    19.4  11:54   E
31    12.6   15.9  12:13    8.3  01:03   11.1    0.0     0.0  7.2    40.3  12:15   NE
---------------------------------------------------------------------------------------
      10.2   20.8    23     0.4    13   422.5    0.0    75.9  8.0    72.4     5    ENE

Max >=   32.2:  0
Max <=    0.0:  0
Min <=    0.0:  0
Min <=  -17.8:  0
Max Rain    :   20.2 mm ON 03/26/2015
Days of Rain: 6 (> 0.254 mm) 6 (> 2.54 mm) 0 (> 25.4 mm)