NOAA-Style Climate Reports


Report for 2015 April
                   MONTHLY CLIMATOLOGICAL SUMMARY for APR 2015


NAME: MeteoRedipuglia       CITY: Fogliano Redipuglia   STATE: Italy               
ELEV:   12.8 m    LAT: 45.8 N    LONG: 13.5 E


                   TEMPERATURE (C), RAIN (mm), WIND SPEED (kph)

                                         HEAT   COOL         AVG
      MEAN                               DEG    DEG          WIND                  DOM
DAY   TEMP   HIGH  TIME    LOW   TIME    DAYS   DAYS   RAIN  SPEED   HIGH  TIME    DIR
---------------------------------------------------------------------------------------
01    13.9   20.9  11:59    9.1  04:38    5.9    0.0     0.0  9.5    46.8  14:19   N
02    10.9   16.4  11:48    4.3  05:10   14.3    0.0     0.0  8.0    30.2  12:02   ENE
03    11.4   19.9  11:56    6.3  22:56    9.3    0.0     0.0 11.3    41.8  07:40   ENE
04     7.9   11.4  09:25    5.9  01:57   17.3    0.0     2.5  7.4    23.4  10:25   E
05     9.6   15.0  12:08    4.0  23:52   15.8    0.0     0.0 14.5    44.6  16:17   ENE
06     8.8   16.1  11:50    2.5  03:31   16.2    0.0     0.0  6.7    27.7  13:01   NE
07     9.6   18.5  13:59    1.6  04:11   14.8    0.0     0.0  5.8    23.4  12:39   NW
08    10.3   19.1  12:07    2.4  05:01   13.6    0.0     0.0  5.6    20.2  11:24   E
09    12.3   20.7  13:13    4.2  04:19   10.5    0.0     0.0  5.8    22.7  13:34   E
10    12.2   20.6  12:42    5.2  03:43    9.7    0.0     0.0  5.2    20.2  14:32   ENE
11    12.4   20.8  11:26    5.6  04:25    9.2    0.0     0.0  4.8    20.2  12:36   ENE
12    14.7   25.7  12:17    6.3  03:55    4.1    0.0     0.0  5.1    18.4  15:01   E
13    15.7   23.5  13:04    7.8  03:41    4.8    0.0     0.0  4.4    20.9  14:22   SE
14    17.0   25.8  12:38   10.3  23:55    0.4    0.0     0.0  7.6    33.8  07:56   E
15    16.2   24.7  11:04    8.9  04:29    2.7    0.0     0.0  4.9    17.6  13:19   SE
16    15.9   25.2  10:50    8.3  04:16    2.8    0.0     0.0  4.8    20.2  14:07   NE
17    13.9   15.9  08:28   12.3  00:28    7.5    0.0     2.7  4.2    14.0  07:04   E
18    10.5   14.0  08:03    8.0  10:47   13.1    0.0     7.6 13.8    74.5  12:44   E
19    11.8   19.6  14:07    5.0  02:43   10.8    0.0     0.0  6.7    30.2  00:10   ENE
20    13.3   22.0  12:39    4.7  01:52    8.9    0.0     0.0  4.9    21.6  14:14   W
21    15.1   23.9  12:35    6.0  04:06    6.0    0.0     0.0  5.2    21.6  13:07   ENE
22    16.6   26.2  12:39    7.2  04:18    2.9    0.0     0.0  5.8    20.2  12:41   SE
23    17.2   22.6  10:28   10.6  02:44    3.0    0.0     0.0  8.6    28.4  11:05   SE
24    14.8   21.7  12:05   10.0  23:07    4.4    0.0     3.8  6.9    24.5  01:02   NE
25    15.3   20.7  12:29    9.8  00:13    5.5    0.0     0.0  4.9    17.3  13:08   SW
26    15.5   20.3  12:08   11.3  03:39    4.5    0.0     0.2  4.2    15.5  20:52   ENE
27    15.3   19.6  08:48   13.5  04:47    3.1    0.0     2.2  4.4    28.4  12:41   E
28    14.6   18.8  12:02   10.8  23:17    6.3    0.0     5.6  3.9    17.3  01:00   ENE
29    16.2   24.6  12:01    9.3  04:32    2.4    0.0     0.0  4.7    21.2  07:49   ENE
30    14.0   18.7  12:53   10.7  00:43    6.5    0.0     0.0  5.7    17.6  13:06   ESE
---------------------------------------------------------------------------------------
      13.4   26.2    22     1.6     7   236.3    0.0    24.7  6.5    74.5    18    E

Max >=   32.2:  0
Max <=    0.0:  0
Min <=    0.0:  0
Min <=  -17.8:  0
Max Rain    :    7.6 mm ON 04/18/2015
Days of Rain: 6 (> 0.254 mm) 4 (> 2.54 mm) 0 (> 25.4 mm)