NOAA-Style Climate Reports


Report for 2016 March
                   MONTHLY CLIMATOLOGICAL SUMMARY for MAR 2016


NAME: MeteoRedipuglia       CITY: Fogliano Redipuglia   STATE: Italy               
ELEV:   12.8 m    LAT: 45.8 N    LONG: 13.5 E


                   TEMPERATURE (C), RAIN (mm), WIND SPEED (kph)

                                         HEAT   COOL         AVG
      MEAN                               DEG    DEG          WIND                  DOM
DAY   TEMP   HIGH  TIME    LOW   TIME    DAYS   DAYS   RAIN  SPEED   HIGH  TIME    DIR
---------------------------------------------------------------------------------------
01     9.3   14.9  11:45    4.9  23:43   15.2    0.0     3.4  3.8    16.9  15:05   ENE
02     9.0   15.6  13:47    4.3  03:51   15.2    0.0     0.5  3.9    28.4  23:54   W
03     6.7    9.2  02:00    4.2  06:39   21.0    0.0    14.8  9.8    57.6  04:43   NE
04     6.5   11.5  11:56    1.7  06:18   21.2    0.0     0.0  4.5    16.6  11:12   ESE
05     9.3   12.2  19:23    4.4  00:57   18.1    0.0     8.7 12.7    56.9  19:28   ESE
06     8.8   12.9  11:12    6.5  22:47   15.6    0.0     0.3  4.7    23.8  18:56   SE
07     7.1   10.7  10:46    4.6  03:12   19.3    0.0     1.8 11.6    42.5  13:50   E
08     6.0    9.4  11:30    4.5  01:06   20.6    0.0    10.8  7.5    31.7  10:12   ENE
09     8.4   12.1  12:54    5.0  03:40   17.7    0.0     1.4 20.4    57.2  08:01   ENE
10    11.2   16.2  12:56    3.5  05:33   15.3    0.0     0.0 10.2    47.9  09:24   NE
11    10.8   16.2  14:42    8.0  04:49   11.3    0.0     0.0  3.2    16.2  16:49   NE
12    11.1   16.4  12:19    7.7  02:43   11.4    0.0     0.0 12.9    51.1  20:42   NE
13    10.5   13.7  10:48    5.4  23:59   15.9    0.0     0.0 18.0    59.0  08:35   ENE
14    10.2   14.9  13:35    3.9  23:36   16.1    0.0     0.0 15.3    55.4  12:33   ENE
15     6.6   11.2  12:02    1.0  05:43   22.1    0.0     0.0  6.6    44.3  21:09   NE
16     7.8   10.9  13:35    5.0  02:18   18.8    0.0     0.2 25.8    59.8  08:13   ENE
17    11.1   18.2  13:53    5.1  23:05   12.1    0.0     0.0  9.9    42.5  00:10   ENE
18     9.5   16.8  11:38    3.3  03:09   15.0    0.0     0.0  4.8    17.6  06:02   WSW
19     9.6   17.7  12:08    2.4  04:54   15.0    0.0     0.0  3.7    18.0  12:27   WSW
20    10.6   17.2  12:34    3.8  03:23   14.2    0.0     0.0  5.4    20.2  05:48   SSE
21    12.1   17.2  11:32    8.3  03:58   10.1    0.0     0.0  6.0    22.7  12:51   SE
22    12.1   17.1  13:11    6.8  05:08   11.6    0.0     0.0 16.2    53.3  21:32   ENE
23    10.3   13.0  10:57    7.9  23:43   14.3    0.0     0.0 19.0    59.4  04:14   ENE
24    10.2   16.7  12:37    2.4  04:46   15.9    0.0     0.0  6.2    27.7  13:12   NW
25     9.9   13.8  13:24    0.3  10:13   20.4    0.0     0.0  4.6    23.8  13:43   ENE
26    10.3   16.8  12:29    5.0  23:16   13.5    0.0     0.0  4.0    17.6  12:21   WSW
27     9.8   15.5  12:00    4.7  02:13   14.9    0.0     0.0  3.6    14.4  11:25   ENE
28    10.8   13.5  11:02    8.0  01:53   13.7    0.0     0.0  4.1    23.4  14:31   SSE
29    13.0   17.2  15:11   10.5  01:08    8.1    0.0     0.0  6.2    22.7  11:55   S
30    13.2   16.3  12:52   10.2  01:04    9.2    0.0     0.2  6.7    27.7  09:17   SE
31    14.4   19.5  12:24   11.1  03:09    5.5    0.0     0.0  5.5    21.2  09:47   WSW
---------------------------------------------------------------------------------------
       9.9   19.5    31     0.3    25   468.2    0.0    42.0  8.9    59.8    16    E

Max >=   32.2:  0
Max <=    0.0:  0
Min <=    0.0:  0
Min <=  -17.8:  0
Max Rain    :   14.8 mm ON 03/03/2016
Days of Rain: 8 (> 0.254 mm) 4 (> 2.54 mm) 0 (> 25.4 mm)