NOAA-Style Climate Reports


Report for 2016 August
                   Monthly Climatological Summary for Aug 2016

Name: AT165-Meteoredipuglia   City: Fogliano Redipuglia   State: Italy
Elevation: 14 m  Lat: N 45 50 38   Lon: E 013 29 20

                  Temperature (°C), Rain (mm), Wind Speed (m/s)

                                      Heat  Cool        Avg
    Mean                              Deg   Deg         Wind                 Dom
Day Temp  High   Time   Low    Time   Days  Days  Rain  Speed High   Time    Dir
----------------------------------------------------------------------------------
01  22.8  26.9   13:11  18.7   23:58   0.0   4.5   0.0   1.7   8.9   07:44   ENE
02  23.1  31.5   13:09  16.5   02:58   0.2   4.9   0.0   1.4   7.7   08:21     N
03  25.2  32.4   12:22  17.8   00:23   0.0   6.9   0.0   1.4   5.8   02:10   WNW
04  25.9  33.4   12:43  19.1   03:47   0.0   7.6   0.0   1.4   5.5   11:16   SSW
05  22.7  28.3   08:52  17.9   15:59   0.0   4.4   9.3   1.9  13.0   15:51    SE
06  22.9  30.2   12:32  15.4   04:10   0.4   5.0   0.0   2.1   9.3   13:38   ENE
07  23.8  30.8   11:26  15.4   03:14   0.2   5.8   0.0   2.3  10.6   15:46     E
08  25.0  33.4   13:21  18.8   23:31   0.0   6.7   0.0   2.1   9.9   08:36     E
09  25.3  32.8   12:50  17.6   00:53   0.0   7.0   0.0   2.0   7.9   21:43   NNW
10  18.3  22.1   02:45  13.9   23:21   0.9   0.8  14.4   2.3  12.5   05:28    NE
11  18.7  26.7   13:59  12.9   01:25   1.4   1.8   0.0   1.5  13.8   19:01     E
12  19.4  26.0   15:48  13.2   04:23   1.3   2.4   0.0   1.2   5.7   10:31    NW
13  21.4  28.3   13:37  13.3   04:20   0.7   3.9   0.0   1.1   5.9   13:43   WNW
14  23.5  31.3   13:05  16.6   03:00   0.2   5.4   0.0   1.1   4.9   05:06     W
15  23.8  30.8   11:55  17.4   02:54   0.1   5.6   1.4   1.4   4.9   22:36     W
16  24.2  31.5   13:55  16.8   04:12   0.1   6.0   5.0   1.4   4.9   16:40     W
17  21.9  30.0   15:01  16.5   23:37   0.2   3.8   2.4   1.9  11.5   16:02   ESE
18  21.8  27.9   13:05  16.0   01:17   0.3   3.7   0.0   1.4   4.9   00:08     S
19  22.9  28.8   11:22  18.2   04:42   0.0   4.6   0.5   1.3   4.9   13:30    SW
20  24.6  32.1   13:00  18.4   03:17   0.0   6.3   0.2   1.0   4.5   11:41     W
21  22.7  29.7   11:41  15.9   22:51   0.3   4.7  17.3   1.6  13.9   22:03    NE
22  21.2  28.9   13:04  13.4   04:51   1.0   3.8   0.0   1.3   5.8   10:37    NW
23  22.5  31.1   12:01  13.5   03:57   1.0   5.2   0.0   1.5   6.9   10:57   NNE
24  24.3  31.1   11:26  17.0   04:43   0.1   6.1   0.0   2.4   8.1   16:55     E
25  25.0  30.1   13:09  20.0   01:58   0.0   6.7   0.0   3.7  10.5   11:19     E
26  24.9  32.9   13:27  18.5   04:50   0.0   6.6   0.0   2.5  11.0   07:54     E
27  24.3  31.5   12:30  17.8   04:52   0.0   6.1   0.0   1.4   6.0   02:17    SW
28  24.4  31.5   11:49  17.7   04:31   0.0   6.1   0.0   1.1   5.4   12:49   WSW
29  24.0  30.9   14:02  18.2   04:24   0.0   5.7   1.8   1.4   6.9   18:59    SW
30  24.8  30.8   14:15  17.4   02:37   0.0   6.5   0.0   3.4  12.3   08:36     E
31  25.2  32.8   12:36  19.0   23:37   0.0   6.9   0.0   2.8  10.5   05:35     E
----------------------------------------------------------------------------------
    23.2  33.4     4    12.9    11     8.4 161.5  52.3   1.8  13.9    21     ENE

Max >=  27.0 27
Max <=   0.0  0
Min <=   0.0  0
Min <=  -5.0  0
Max Rain: 17.3 on day 21
Days of Rain: 9 (>= 0.2 mm)  5 (>= 2.0 mm)  0 (>= 20.0 mm)
Heat Base: 18.3  Cool Base: 18.3  Method: Integration