NOAA-Style Climate Reports


Report for 2016 November
                   Monthly Climatological Summary for Nov 2016

Name: AT165-Meteoredipuglia   City: Fogliano Redipuglia   State: Italy
Elevation: 14 m  Lat: N 45 50 38   Lon: E 013 29 20

                  Temperature (°C), Rain (mm), Wind Speed (m/s)

                                      Heat  Cool        Avg
    Mean                              Deg   Deg         Wind                 Dom
Day Temp  High   Time   Low    Time   Days  Days  Rain  Speed High   Time    Dir
----------------------------------------------------------------------------------
01  11.1  15.8   11:06   5.5   00:41   7.2   0.0   0.0   0.3   2.8   12:01     N
02  11.4  13.8   12:32   7.9   22:38   6.9   0.0   0.0   0.4   2.2   17:59     E
03  10.6  15.0   11:47   5.7   22:08   7.7   0.0   0.0   2.2  10.4   15:12     E
04  10.3  16.8   12:55   4.4   02:14   8.0   0.0   0.0   0.8   5.5   00:08     E
05  12.9  16.3   19:50   8.8   07:38   5.4   0.0  34.7   2.7  12.0   15:09     S
06  15.1  19.0   14:19  10.6   23:57   3.3   0.0  28.0   2.4  12.9   00:23     S
07  11.2  15.3   11:37   8.9   03:04   7.1   0.0   0.0   2.0   9.1   23:12     E
08   7.6  11.5   12:46   1.7   23:57  10.7   0.0   0.2   2.9  11.8   10:30     E
09   6.1  12.7   14:11   0.5   03:31  12.2   0.0   0.7   0.8   4.6   08:58     N
10   6.7   9.5   13:48   4.4   04:25  11.6   0.0   0.0   0.9   4.0   01:01   ENE
11   8.8  12.6   10:57   5.4   00:43   9.4   0.0   0.6   1.7  12.3   23:38   ENE
12   9.5  14.3   14:14   4.2   23:45   8.8   0.0   0.7   1.5  10.9   00:23     E
13   7.8  12.5   10:33   5.2   03:12  10.5   0.0   0.4   3.4  12.3   21:42     E
14   5.2   9.9   11:13   0.2   23:59  13.1   0.0   0.0   2.4   9.4   00:57     E
15   3.4  11.3   12:53  -2.3   03:57  14.9   0.0   0.0   0.9   4.7   09:07   NNE
16   5.3  10.9   11:05   1.0   02:26  13.0   0.0   0.0   0.5   3.0   04:09    NW
17   8.5  15.8   11:52   4.8   00:00   9.8   0.0   0.0   0.6   3.8   13:29   NNW
18   9.9  11.8   23:42   8.1   03:05   8.4   0.0  14.4   0.4   2.9   11:41     N
19  13.0  14.8   10:01  11.1   00:26   5.3   0.0  49.7   1.6   6.9   08:19    SE
20  13.1  16.6   11:11  10.5   06:21   5.2   0.0   0.0   0.4   3.9   20:50   ENE
21  13.9  16.9   12:37  11.8   00:47   4.4   0.0   4.3   0.4   3.8   04:33   ENE
22  14.5  16.8   11:06  12.9   02:30   3.8   0.0   0.6   0.4   3.2   09:56   ESE
23  13.9  16.6   10:03  12.0   05:39   4.4   0.0   2.5   0.2   2.7   00:03   ENE
24  14.5  16.5   13:02  12.6   00:00   3.8   0.0   6.1   0.4   3.5   16:54     E
25  14.1  15.5   08:54  12.1   23:45   4.2   0.0  20.0   0.7   4.8   12:27   ENE
26  12.3  14.2   02:30   1.2   11:19   6.0   0.0   5.2   1.1   6.8   02:18     E
27  11.4  14.0   10:54   8.8   23:05   6.9   0.0   0.0   0.7   3.9   11:05   SSE
28   7.4  11.2   02:57   1.9   22:02  10.9   0.0   0.2   5.2  17.6   15:02     E
29   2.6   8.5   12:49  -1.7   22:31  15.7   0.0   0.0   1.9   6.8   09:51     E
30   2.6  10.1   13:08  -3.3   04:10  15.7   0.0   0.0   0.8   3.6   07:35   ESE
----------------------------------------------------------------------------------
     9.8  19.0     6    -3.3    30   254.3   0.0 168.3   1.4  17.6    28       E

Max >=  27.0  0
Max <=   0.0  0
Min <=   0.0  3
Min <=  -5.0  0
Max Rain: 49.7 on day 19
Days of Rain: 16 (>= 0.2 mm)  9 (>= 2.0 mm)  4 (>= 20.0 mm)
Heat Base: 18.3  Cool Base: 18.3  Method: Integration