NOAA-Style Climate Reports


Report for 2017 November
                   Monthly Climatological Summary for Nov 2017

Name: AT165-Meteoredipuglia   City: Fogliano Redipuglia   State: Italy
Elevation: 14 m  Lat: N 45 50 39   Lon: E 013 29 20

                  Temperature (°C), Rain (mm), Wind Speed (m/s)

                                      Heat  Cool        Avg
    Mean                              Deg   Deg         Wind                 Dom
Day Temp  High   Time   Low    Time   Days  Days  Rain  Speed High   Time    Dir
----------------------------------------------------------------------------------
01  11.8  19.6   14:06   6.1   23:16   6.5   0.0   0.0   0.9   5.6   01:20   WNW
02  10.8  18.7   13:39   5.5   01:36   7.5   0.0   0.0   0.5   3.9   11:28     N
03  14.7  22.1   12:36   9.2   05:17   4.0   0.5   0.0   1.5   6.1   21:53    SE
04  13.0  17.3   13:30   8.3   06:24   5.3   0.0   0.0   0.7   8.3   04:09     E
05  14.8  18.8   12:47  12.4   18:20   3.5   0.0  12.0   4.0  13.3   22:12    SE
06  10.5  13.7   02:16   8.7   18:52   7.8   0.0  53.1   4.2  19.8   22:39   ENE
07  11.2  13.3   07:45   7.3   23:48   7.1   0.0   1.8   5.1  26.8   05:28   ENE
08  11.5  18.2   09:37   5.7   04:57   6.8   0.0   0.0   1.8   8.6   11:13   ESE
09  11.1  14.1   12:12   8.2   23:58   7.2   0.0   0.3   2.0   9.9   08:45   ENE
10  11.2  18.6   10:51   6.0   06:04   7.1   0.0   0.0   1.0   4.7   03:29    NW
11  10.1  15.6   13:07   6.7   20:53   8.2   0.0   0.0   0.5   3.9   00:00   NNW
12   8.8  12.5   10:53   5.3   04:37   9.5   0.0   2.1   1.3   7.7   19:35   NNE
13   8.4  11.7   00:42   5.2   07:53   9.9   0.0  41.7   5.2  21.2   08:53   ENE
14   8.9  17.2   12:50   4.7   06:12   9.4   0.0   0.0   3.1  12.6   09:56   ENE
15   9.4  15.8   11:45   5.9   18:11   8.9   0.0   1.8   2.7  13.0   10:18   ENE
16   9.3  18.0   14:16   4.2   05:18   9.0   0.0   0.0   2.1  15.1   08:31   ENE
17   8.0  18.6   12:55   2.9   04:03  10.3   0.0   0.0   0.7   6.5   12:59    NE
18   8.5  17.3   13:42   4.5   21:32   9.8   0.0   0.0   0.9   7.4   14:10     N
19   7.1  15.2   10:29   1.1   23:43  11.2   0.0   0.0   1.2   8.6   02:14     E
20   6.6  15.7   11:37  -0.4   05:20  11.7   0.0   0.0   1.1   6.5   22:44    SE
21   9.3  15.7   10:17   4.8   05:16   9.0   0.0   0.0   1.8   7.7   01:37   ESE
22  10.3  14.7   12:26   8.5   06:48   7.9   0.0   0.0   0.6   5.2   10:43   SSW
23   9.8  15.6   13:30   7.3   18:32   8.5   0.0   0.0   0.6   3.9   23:36   NNW
24  10.6  16.6   09:40   7.7   06:40   7.7   0.0   0.0   0.7   5.6   01:47    NE
25  10.9  13.2   18:54   8.1   00:00   7.4   0.0  33.3   1.2  11.7   21:17   SSE
26   7.2  18.5   10:53   0.6   23:57  11.1   0.0   9.3   2.0  12.6   01:18    NE
27   4.0  12.0   10:21  -1.1   04:58  14.3   0.0   0.0   1.3   9.0   21:30    NE
28   5.2  11.9   10:19   0.2   06:05  13.1   0.0   0.3   1.6   7.4   21:14   ENE
29   7.1   9.6   17:22   4.5   03:36  11.2   0.0  10.5   2.4   9.9   09:45   ENE
30   5.1   8.1   10:18   3.5   17:10  13.2   0.0  18.0   2.7  13.3   12:38   ENE
----------------------------------------------------------------------------------
     9.5  22.1     3    -1.1    27   264.1   0.5 184.2   1.9  26.8     7     ENE

Max >=  27.0  0
Max <=   0.0  0
Min <=   0.0  2
Min <=  -5.0  0
Max Rain: 53.1 on day 6
Days of Rain: 12 (>= 0.2 mm)  8 (>= 2.0 mm)  3 (>= 20.0 mm)
Heat Base: 18.3  Cool Base: 18.3  Method: Integration