NOAA-Style Climate Reports


Report for 2018 May
                   Monthly Climatological Summary for May 2018

Name: AT165-Meteoredipuglia   City: Fogliano Redipuglia   State: Italy
Elevation: 14 m  Lat: N 45 50 39   Lon: E 013 29 20

                  Temperature (°C), Rain (mm), Wind Speed (m/s)

                                      Heat  Cool        Avg
    Mean                              Deg   Deg         Wind                 Dom
Day Temp  High   Time   Low    Time   Days  Days  Rain  Speed High   Time    Dir
----------------------------------------------------------------------------------
01  16.7  21.0   10:25  10.7   03:33   2.3   0.6   0.0   1.1   6.1   21:15   ENE
02  20.5  30.3   13:22  12.1   02:59   1.4   3.6   0.9   2.6  13.0   09:39    NE
03  22.9  29.7   11:25  14.9   23:45   0.2   4.8   3.6   3.5  15.5   12:54     E
04  18.0  24.5   11:01  14.7   00:30   1.1   0.7   7.2   3.3  13.3   06:39   ENE
05  20.3  27.3   15:59  14.6   03:16   0.7   2.7   0.6   1.9  14.2   10:57   ENE
06  22.7  29.9   10:42  15.3   04:16   0.4   4.8   0.0   2.7  13.3   15:30     E
07  22.7  28.4   13:09  15.6   03:41   0.2   3.8   0.0   3.3  12.6   22:58     E
08  21.2  27.1   11:07  14.0   22:51   0.5   3.1   2.1   3.1  12.1   11:46   ENE
09  19.8  26.9   15:33  13.3   02:44   1.2   2.7   0.0   2.3  11.2   01:08     E
10  19.7  25.9   13:48  14.7   00:22   1.0   2.4   0.6   1.7   7.4   13:09   WSW
11  20.6  26.8   17:25  13.3   03:08   1.0   3.3   0.0   2.0  13.8   08:09     E
12  20.7  27.6   11:40  14.5   02:21   0.8   3.2   0.0   1.5   9.5   12:52   SSE
13  20.6  26.6   17:04  14.1   04:11   0.8   3.1   0.0   2.0  11.2   13:29     S
14  17.0  20.3   06:19  12.9   23:58   1.4   0.1  18.3   2.3  10.4   09:22   ESE
15  14.5  18.8   11:52  10.8   23:55   3.7   0.0   6.0   2.5   9.0   13:30    SE
16  16.3  22.4   14:43  10.6   00:10   2.5   0.5   0.6   2.0   7.7   10:13   SSW
17  16.3  22.3   12:55  13.1   01:45   2.4   0.5  10.2   1.9   7.7   14:24    SE
18  17.3  24.1   13:29  12.8   03:53   2.3   1.3   0.9   1.6   9.0   10:28   SSE
19  19.3  27.2   12:20  11.1   03:55   1.6   2.6   0.3   2.2  12.1   16:43   ENE
20  21.3  25.6   12:53  13.8   03:01   0.6   3.6   0.0   6.0  16.0   07:14     E
21  22.9  28.9   14:07  18.7   23:59   0.0   4.6   0.0   5.3  16.9   07:20     E
22  18.9  23.9   16:09  16.0   08:37   0.4   1.0   5.7   1.6  10.4   10:47     E
23  20.2  25.3   12:50  15.9   02:32   0.5   2.4   0.0   0.9   5.6   03:58    NE
24  22.0  30.4   11:10  16.2   01:39   0.3   4.1   0.0   1.7  12.6   12:14   ENE
25  22.9  30.7   13:11   0.0   00:24   0.3   4.8   5.1   2.8  13.8   20:26     E
26  24.0  32.6   13:02  18.4   00:41   0.0   5.7   0.0   1.7   6.9   10:26   ESE
27  24.0  30.7   14:07  17.1   03:21   0.1   5.9   0.3   1.3   6.1   10:19   SSW
28  25.1  32.5   10:58  17.7   00:00   0.0   6.8   0.0   1.4   8.6   12:46   SSE
29  24.1  29.4   14:45  18.7   02:26   0.0   5.8   0.0   1.5   7.7   11:14     S
30  24.5  30.7   13:07  18.6   02:36   0.0   6.2   0.0   2.0   7.4   04:15   SSE
31  24.3  29.7   10:25  18.7   03:04   0.0   6.0   0.0   2.1   7.7   01:35   SSE
----------------------------------------------------------------------------------
    20.7  32.6    26     0.0    25    27.7 100.7  62.4   2.3  16.9    21     ESE

Max >=  27.0 17
Max <=   0.0  0
Min <=   0.0  1
Min <=  -5.0  0
Max Rain: 18.3 on day 14
Days of Rain: 15 (>= 0.2 mm)  8 (>= 2.0 mm)  0 (>= 20.0 mm)
Heat Base: 18.3  Cool Base: 18.3  Method: Integration