NOAA-Style Climate Reports


Report for 2019 April
                   Monthly Climatological Summary for Apr 2019

Name: AT165-Meteoredipuglia   City: Fogliano Redipuglia   State: Italy
Elevation: 14 m  Lat: N 45 50 39   Lon: E 013 29 20

                  Temperature (°C), Rain (mm), Wind Speed (m/s)

                                      Heat  Cool        Avg
    Mean                              Deg   Deg         Wind                 Dom
Day Temp  High   Time   Low    Time   Days  Days  Rain  Speed High   Time    Dir
----------------------------------------------------------------------------------
01  19.4  24.5   13:24  11.2   01:44   0.8   1.9   0.0   6.1  19.4   09:46     E
02  16.3  23.2   11:23  10.5   04:27   3.0   1.0   0.0   2.4  10.8   06:51    SE
03  14.1  18.6   12:10  10.7   00:20   4.2   0.0   0.0   2.1  10.8   11:45     S
04  15.1  19.6   13:49  12.5   04:50   3.2   0.1   6.3   4.4  13.8   15:46    SE
05  10.3  14.3   01:20   9.0   06:52   8.0   0.0  33.9   2.2  10.8   01:23    SE
06  11.7  17.0   15:13   7.5   03:53   6.6   0.0   0.0   1.6   6.9   07:00   SSE
07  11.6  18.8   11:59   6.9   02:47   6.7   0.0   0.0   1.3   7.4   01:49   ESE
08  11.9  16.2   16:25   8.5   02:42   6.4   0.0   3.3   1.0   5.6   11:15     N
09  13.3  18.2   11:13  10.1   03:54   5.0   0.0   0.3   1.0   7.7   15:20     N
10  13.4  20.4   11:35   9.9   02:38   5.0   0.1   7.2   1.2  13.0   13:57     E
11  12.5  15.2   13:40   9.8   23:49   5.8   0.0   6.0   1.7   9.0   11:23     E
12  10.5  14.1   11:18   8.6   21:32   7.8   0.0   0.0   1.6   8.6   12:59   ESE
13  11.3  17.4   11:54   7.3   05:19   7.0   0.0   0.3   2.9  14.7   15:27     E
14  11.5  14.8   12:18   9.2   04:25   6.8   0.0   0.0   6.3  17.7   14:51     E
15  14.5  20.1   13:57   7.6   01:30   4.0   0.2   0.0   3.7  15.5   12:36     E
16  13.6  20.4   13:02   5.3   04:29   5.1   0.4   0.0   1.5   9.0   14:23     W
17  15.2  23.1   14:56   5.3   03:37   4.1   1.0   0.0   1.9   8.6   22:31     S
18  16.6  24.3   13:20   9.2   04:18   2.7   1.0   0.0   2.1  10.8   10:23     E
19  16.8  24.4   14:26   9.3   23:59   3.1   1.6   0.0   2.3   9.0   10:07   ESE
20  17.3  27.2   15:18   6.5   03:59   3.4   2.4   0.0   1.7   8.3   12:48   SSW
21  16.1  22.5   09:01   8.9   23:48   3.1   0.9   0.0   2.0   9.0   14:47     S
22  15.4  22.7   10:37   6.5   02:31   3.4   0.4   0.0   1.9   9.5   11:58     W
23  12.9  15.2   23:22  11.7   04:53   5.4   0.0  22.5   2.5  11.2   13:58     E
24  16.4  20.8   14:11  14.0   22:55   2.3   0.4   9.6   2.4   9.5   15:21   SSE
25  17.5  21.7   09:26  14.2   04:19   1.6   0.9   0.0   1.8   6.9   12:15    SW
26  16.4  20.7   11:15  11.4   22:07   2.2   0.3   0.3   2.7  13.3   13:07   SSE
27  13.9  20.5   08:42   8.5   04:07   4.5   0.1   0.0   1.6   7.7   11:05    SE
28  10.6  13.8   10:22   8.2   23:51   7.7   0.0  24.0   3.7  14.7   15:34   ENE
29   9.9  12.5   14:16   7.5   01:37   8.4   0.0   1.5   1.1   7.4   07:41     N
30  12.9  17.5   12:29   8.2   02:00   5.4   0.0   0.0   1.2   6.5   07:02     N
----------------------------------------------------------------------------------
    14.0  27.2    20     5.3    16   142.7  12.7 115.2   2.3  19.4     1     ESE

Max >=  27.0  1
Max <=   0.0  0
Min <=   0.0  0
Min <=  -5.0  0
Max Rain: 33.9 on day 5
Days of Rain: 12 (>= 0.2 mm)  8 (>= 2.0 mm)  3 (>= 20.0 mm)
Heat Base: 18.3  Cool Base: 18.3  Method: Integration