NOAA-Style Climate Reports
Select a Year or Month report
2024: Gen Feb Mar Apr Mag Giu Lug Ago Set Ott Nov Dic
2023: Gen Feb Mar Apr Mag Giu Lug Ago Set Ott Nov Dic
2022: Gen Feb Mar Apr Mag Giu Lug Ago Set Ott Nov Dic
2021: Gen Feb Mar Apr Mag Giu Lug Ago Set Ott Nov Dic
2020: Gen Feb Mar Apr Mag Giu Lug Ago Set Ott Nov Dic
2019: Gen Feb Mar Apr Mag Giu Lug Ago Set Ott Nov Dic
2018: Gen Feb Mar Apr Mag Giu Lug Ago Set Ott Nov Dic
2017: Gen Feb Mar Apr Mag Giu Lug Ago Set Ott Nov Dic
2016: Gen Feb Mar Apr Mag Giu Lug Ago Set Ott Nov Dic
2015: Gen Feb Mar Apr Mag Giu Lug Ago Set Ott Nov Dic
2014: Gen Feb Mar Apr Mag Giu Lug Ago Set Ott Nov Dic
2013: Gen Feb Mar Apr Mag Giu Lug Ago Set Ott Nov Dic
2012: Gen Feb Mar Apr Mag Giu Lug Ago Set Ott Nov Dic
2011: Gen Feb Mar Apr Mag Giu Lug Ago Set Ott Nov Dic
2024: Gen Feb Mar Apr Mag Giu Lug Ago Set Ott Nov Dic
2023: Gen Feb Mar Apr Mag Giu Lug Ago Set Ott Nov Dic
2022: Gen Feb Mar Apr Mag Giu Lug Ago Set Ott Nov Dic
2021: Gen Feb Mar Apr Mag Giu Lug Ago Set Ott Nov Dic
2020: Gen Feb Mar Apr Mag Giu Lug Ago Set Ott Nov Dic
2019: Gen Feb Mar Apr Mag Giu Lug Ago Set Ott Nov Dic
2018: Gen Feb Mar Apr Mag Giu Lug Ago Set Ott Nov Dic
2017: Gen Feb Mar Apr Mag Giu Lug Ago Set Ott Nov Dic
2016: Gen Feb Mar Apr Mag Giu Lug Ago Set Ott Nov Dic
2015: Gen Feb Mar Apr Mag Giu Lug Ago Set Ott Nov Dic
2014: Gen Feb Mar Apr Mag Giu Lug Ago Set Ott Nov Dic
2013: Gen Feb Mar Apr Mag Giu Lug Ago Set Ott Nov Dic
2012: Gen Feb Mar Apr Mag Giu Lug Ago Set Ott Nov Dic
2011: Gen Feb Mar Apr Mag Giu Lug Ago Set Ott Nov Dic
Report for 2020 Febbraio
Monthly Climatological Summary for Feb 2020 Name: AT165-Meteoredipuglia City: Fogliano Redipuglia State: Italy Elevation: 14 m Lat: N 45 50 39 Lon: E 013 29 20 Temperature (°C), Rain (mm), Wind Speed (m/s) Heat Cool Avg Mean Deg Deg Wind Dom Day Temp High Time Low Time Days Days Rain Speed High Time Dir ---------------------------------------------------------------------------------- 01 8.1 10.1 12:08 6.3 02:24 10.1 0.0 0.3 0.4 3.0 12:41 WSW 02 8.4 10.5 12:21 6.4 19:58 9.9 0.0 0.0 0.4 3.4 15:32 SW 03 8.7 10.9 23:53 6.7 04:03 9.6 0.0 0.0 0.4 3.4 22:40 N 04 8.4 13.7 13:59 1.7 21:29 9.9 0.0 7.2 1.6 8.6 09:07 WNW 05 7.4 14.2 13:40 -0.1 04:52 10.9 0.0 0.0 3.4 15.5 13:22 NNE 06 5.6 13.0 14:21 -0.8 05:26 12.7 0.0 0.0 1.2 7.4 00:46 NW 07 6.0 16.0 12:53 -0.3 04:06 12.3 0.0 0.0 1.2 6.9 04:29 SSE 08 6.0 14.3 11:49 -0.5 03:19 12.3 0.0 0.0 1.1 7.4 06:50 S 09 6.3 13.9 11:54 -0.1 05:33 12.0 0.0 0.0 0.8 5.2 13:58 SW 10 7.5 8.9 19:08 6.1 05:10 10.8 0.0 0.3 1.0 5.6 00:18 ENE 11 8.6 14.7 11:41 5.4 19:34 9.7 0.0 0.3 1.3 8.6 23:20 SE 12 8.5 20.1 13:41 2.2 04:47 9.8 0.0 0.0 1.0 8.3 23:59 WNW 13 8.6 15.8 13:18 2.1 06:17 9.7 0.0 1.8 1.4 8.6 00:01 SSE 14 8.7 15.8 15:59 3.4 23:39 9.6 0.0 6.0 1.7 8.6 01:33 NNW 15 8.7 17.0 13:50 2.6 23:56 9.6 0.0 0.0 1.0 8.3 05:45 N 16 8.3 17.9 13:50 1.5 04:08 10.0 0.0 0.0 0.8 5.2 07:31 S 17 8.7 11.0 11:53 6.1 02:21 9.6 0.0 0.0 0.7 5.6 18:52 NE 18 10.9 17.3 12:16 5.3 23:51 7.4 0.0 0.0 1.0 6.9 21:08 S 19 10.2 15.7 12:34 4.0 23:52 8.1 0.0 0.0 3.1 13.3 06:48 E 20 6.8 15.4 13:54 1.1 02:47 11.5 0.0 0.0 1.3 8.3 06:15 N 21 7.4 16.6 15:19 -0.5 05:41 10.9 0.0 0.0 1.1 7.7 23:44 SW 22 8.8 16.9 09:34 2.4 03:29 9.5 0.0 0.0 1.5 9.0 11:10 SSW 23 7.8 13.5 10:57 2.8 05:25 10.5 0.0 0.0 1.0 5.6 11:51 SSE 24 12.4 19.0 13:45 8.2 00:13 5.9 0.0 0.0 1.3 6.9 13:53 ESE 25 10.3 11.3 12:51 9.6 02:05 8.0 0.0 3.6 1.1 6.1 13:25 SSE 26 9.1 13.5 12:42 3.4 23:59 9.2 0.0 3.3 2.8 18.5 15:09 SE 27 7.7 12.5 12:02 0.9 05:44 10.6 0.0 0.0 2.6 12.1 22:31 SSW 28 9.0 18.0 15:48 2.9 06:02 9.3 0.0 0.0 2.2 16.4 10:45 N 29 8.6 13.9 10:04 2.0 02:10 9.7 0.0 0.3 1.9 12.6 11:32 S ---------------------------------------------------------------------------------- 8.3 20.1 12 -0.8 6 289.1 0.0 23.1 1.4 18.5 26 SE Max >= 27.0 0 Max <= 0.0 0 Min <= 0.0 6 Min <= -5.0 0 Max Rain: 7.2 on day 4 Days of Rain: 9 (>= 0.2 mm) 4 (>= 2.0 mm) 0 (>= 20.0 mm) Heat Base: 18.3 Cool Base: 18.3 Method: Integration