NOAA-Style Climate Reports
Select a Year or Month report
2024: Gen Feb Mar Apr Mag Giu Lug Ago Set Ott Nov Dic
2023: Gen Feb Mar Apr Mag Giu Lug Ago Set Ott Nov Dic
2022: Gen Feb Mar Apr Mag Giu Lug Ago Set Ott Nov Dic
2021: Gen Feb Mar Apr Mag Giu Lug Ago Set Ott Nov Dic
2020: Gen Feb Mar Apr Mag Giu Lug Ago Set Ott Nov Dic
2019: Gen Feb Mar Apr Mag Giu Lug Ago Set Ott Nov Dic
2018: Gen Feb Mar Apr Mag Giu Lug Ago Set Ott Nov Dic
2017: Gen Feb Mar Apr Mag Giu Lug Ago Set Ott Nov Dic
2016: Gen Feb Mar Apr Mag Giu Lug Ago Set Ott Nov Dic
2015: Gen Feb Mar Apr Mag Giu Lug Ago Set Ott Nov Dic
2014: Gen Feb Mar Apr Mag Giu Lug Ago Set Ott Nov Dic
2013: Gen Feb Mar Apr Mag Giu Lug Ago Set Ott Nov Dic
2012: Gen Feb Mar Apr Mag Giu Lug Ago Set Ott Nov Dic
2011: Gen Feb Mar Apr Mag Giu Lug Ago Set Ott Nov Dic
2024: Gen Feb Mar Apr Mag Giu Lug Ago Set Ott Nov Dic
2023: Gen Feb Mar Apr Mag Giu Lug Ago Set Ott Nov Dic
2022: Gen Feb Mar Apr Mag Giu Lug Ago Set Ott Nov Dic
2021: Gen Feb Mar Apr Mag Giu Lug Ago Set Ott Nov Dic
2020: Gen Feb Mar Apr Mag Giu Lug Ago Set Ott Nov Dic
2019: Gen Feb Mar Apr Mag Giu Lug Ago Set Ott Nov Dic
2018: Gen Feb Mar Apr Mag Giu Lug Ago Set Ott Nov Dic
2017: Gen Feb Mar Apr Mag Giu Lug Ago Set Ott Nov Dic
2016: Gen Feb Mar Apr Mag Giu Lug Ago Set Ott Nov Dic
2015: Gen Feb Mar Apr Mag Giu Lug Ago Set Ott Nov Dic
2014: Gen Feb Mar Apr Mag Giu Lug Ago Set Ott Nov Dic
2013: Gen Feb Mar Apr Mag Giu Lug Ago Set Ott Nov Dic
2012: Gen Feb Mar Apr Mag Giu Lug Ago Set Ott Nov Dic
2011: Gen Feb Mar Apr Mag Giu Lug Ago Set Ott Nov Dic
Report for 2020 Agosto
Monthly Climatological Summary for Aug 2020 Name: AT165-Meteoredipuglia City: Fogliano Redipuglia State: Italy Elevation: 14 m Lat: N 45 50 39 Lon: E 013 29 20 Temperature (°C), Rain (mm), Wind Speed (m/s) Heat Cool Avg Mean Deg Deg Wind Dom Day Temp High Time Low Time Days Days Rain Speed High Time Dir ---------------------------------------------------------------------------------- 01 29.8 36.7 12:43 23.3 00:55 0.0 11.5 0.0 1.8 10.4 23:55 WSW 02 26.5 31.3 10:09 22.7 22:24 0.0 8.2 0.3 3.3 14.2 00:35 ENE 03 22.9 30.3 12:45 19.0 18:24 0.0 4.6 20.4 2.8 16.9 03:16 ESE 04 22.0 30.5 13:46 17.3 07:13 0.0 3.7 16.5 2.2 19.8 07:12 E 05 22.0 27.3 12:39 16.8 05:43 0.1 3.7 1.5 2.1 11.2 14:16 E 06 24.7 31.1 14:16 18.6 04:08 0.0 6.4 0.0 1.5 8.6 19:27 NNW 07 27.5 33.6 13:56 19.8 01:54 0.0 9.2 0.0 2.7 13.0 12:35 ENE 08 28.8 35.1 10:42 21.4 04:26 0.0 10.5 0.0 3.4 14.7 13:02 E 09 28.2 35.3 13:43 19.9 03:44 0.0 9.9 0.0 1.6 6.9 17:46 W 10 28.2 33.4 08:58 22.7 23:43 0.0 9.9 0.0 1.6 6.5 13:05 SW 11 25.6 33.4 11:47 21.7 22:57 0.0 7.3 0.0 2.0 23.4 14:04 ENE 12 27.1 33.4 11:59 20.2 03:25 0.0 8.6 0.0 1.3 8.3 09:00 SSE 13 27.0 31.3 08:26 22.2 03:32 0.0 8.7 0.0 1.9 7.7 12:45 S 14 24.8 32.1 12:27 19.7 23:16 0.0 6.5 1.2 2.3 16.4 15:25 NNE 15 25.8 32.0 14:45 19.2 02:27 0.0 7.5 0.0 1.7 7.7 05:15 NW 16 26.8 32.6 13:17 21.3 04:51 0.0 8.6 0.0 1.6 6.9 14:25 SSW 17 23.8 31.3 12:53 17.9 17:13 0.0 5.5 39.0 2.5 24.6 16:04 SE 18 22.5 28.9 09:33 17.6 04:21 0.0 4.3 0.0 1.7 10.8 12:05 ESE 19 24.2 29.8 08:54 19.1 03:11 0.0 5.9 0.0 1.6 6.5 11:24 W 20 25.2 30.9 12:27 19.1 03:44 0.0 6.9 0.0 1.5 6.9 00:17 SSW 21 25.9 31.7 13:30 19.8 01:39 0.0 7.6 0.0 1.3 6.9 13:14 WSW 22 26.9 32.8 10:43 21.6 02:13 0.0 8.6 0.0 1.1 6.5 13:56 SSW 23 25.7 30.0 13:17 21.3 03:41 0.0 7.4 0.0 4.3 15.5 11:15 E 24 24.4 28.0 12:20 20.5 23:58 0.0 6.1 0.0 5.7 20.3 07:11 E 25 23.8 30.8 12:47 16.6 04:25 0.1 5.6 0.0 2.0 9.9 08:29 SE 26 23.7 30.0 15:23 17.1 04:34 0.0 5.4 0.0 1.6 7.4 23:16 SSE 27 25.5 30.7 12:42 20.2 03:45 0.0 7.2 0.0 1.9 9.9 09:30 SSE 28 25.8 31.4 11:57 20.5 03:49 0.0 7.5 0.0 2.3 7.7 12:53 SE 29 26.4 30.9 13:48 19.3 21:25 0.0 8.1 13.5 4.3 18.5 23:45 SSE 30 22.3 27.8 11:01 17.9 23:45 0.0 4.0 12.6 3.0 33.7 06:23 ESE 31 18.5 23.7 09:57 14.5 22:51 1.1 1.3 28.2 1.5 8.6 12:49 ESE ---------------------------------------------------------------------------------- 25.2 36.7 1 14.5 31 1.3 216.2 133.2 2.3 33.7 30 ESE Max >= 27.0 30 Max <= 0.0 0 Min <= 0.0 0 Min <= -5.0 0 Max Rain: 39.0 on day 17 Days of Rain: 9 (>= 0.2 mm) 6 (>= 2.0 mm) 3 (>= 20.0 mm) Heat Base: 18.3 Cool Base: 18.3 Method: Integration