NOAA-Style Climate Reports
Select a Year or Month report
2024: Gen Feb Mar Apr Mag Giu Lug Ago Set Ott Nov Dic
2023: Gen Feb Mar Apr Mag Giu Lug Ago Set Ott Nov Dic
2022: Gen Feb Mar Apr Mag Giu Lug Ago Set Ott Nov Dic
2021: Gen Feb Mar Apr Mag Giu Lug Ago Set Ott Nov Dic
2020: Gen Feb Mar Apr Mag Giu Lug Ago Set Ott Nov Dic
2019: Gen Feb Mar Apr Mag Giu Lug Ago Set Ott Nov Dic
2018: Gen Feb Mar Apr Mag Giu Lug Ago Set Ott Nov Dic
2017: Gen Feb Mar Apr Mag Giu Lug Ago Set Ott Nov Dic
2016: Gen Feb Mar Apr Mag Giu Lug Ago Set Ott Nov Dic
2015: Gen Feb Mar Apr Mag Giu Lug Ago Set Ott Nov Dic
2014: Gen Feb Mar Apr Mag Giu Lug Ago Set Ott Nov Dic
2013: Gen Feb Mar Apr Mag Giu Lug Ago Set Ott Nov Dic
2012: Gen Feb Mar Apr Mag Giu Lug Ago Set Ott Nov Dic
2011: Gen Feb Mar Apr Mag Giu Lug Ago Set Ott Nov Dic
2024: Gen Feb Mar Apr Mag Giu Lug Ago Set Ott Nov Dic
2023: Gen Feb Mar Apr Mag Giu Lug Ago Set Ott Nov Dic
2022: Gen Feb Mar Apr Mag Giu Lug Ago Set Ott Nov Dic
2021: Gen Feb Mar Apr Mag Giu Lug Ago Set Ott Nov Dic
2020: Gen Feb Mar Apr Mag Giu Lug Ago Set Ott Nov Dic
2019: Gen Feb Mar Apr Mag Giu Lug Ago Set Ott Nov Dic
2018: Gen Feb Mar Apr Mag Giu Lug Ago Set Ott Nov Dic
2017: Gen Feb Mar Apr Mag Giu Lug Ago Set Ott Nov Dic
2016: Gen Feb Mar Apr Mag Giu Lug Ago Set Ott Nov Dic
2015: Gen Feb Mar Apr Mag Giu Lug Ago Set Ott Nov Dic
2014: Gen Feb Mar Apr Mag Giu Lug Ago Set Ott Nov Dic
2013: Gen Feb Mar Apr Mag Giu Lug Ago Set Ott Nov Dic
2012: Gen Feb Mar Apr Mag Giu Lug Ago Set Ott Nov Dic
2011: Gen Feb Mar Apr Mag Giu Lug Ago Set Ott Nov Dic
Report for 2021 Febbraio
Monthly Climatological Summary for Feb 2021 Name: AT165-Meteoredipuglia City: Fogliano Redipuglia State: Italy Elevation: 14 m Lat: N 45 50 39 Lon: E 013 29 20 Temperature (°C), Rain (mm), Wind Speed (m/s) Heat Cool Avg Mean Deg Deg Wind Dom Day Temp High Time Low Time Days Days Rain Speed High Time Dir ---------------------------------------------------------------------------------- 01 5.9 12.7 12:14 -0.6 00:34 12.4 0.0 0.0 1.2 9.0 07:50 ESE 02 7.6 13.8 14:17 5.2 21:47 10.7 0.0 0.0 0.8 4.7 05:09 NNW 03 7.0 8.4 09:20 5.6 00:00 11.3 0.0 6.3 0.6 5.2 09:39 N 04 8.2 11.2 14:31 6.4 01:11 10.1 0.0 0.6 0.4 3.4 12:42 NNW 05 9.4 11.2 12:11 8.0 00:00 8.9 0.0 0.0 0.6 5.2 01:36 S 06 9.9 11.7 22:44 8.5 00:28 8.4 0.0 0.0 0.7 6.1 21:23 NNE 07 11.7 12.9 09:24 10.5 23:24 6.6 0.0 15.6 2.7 9.9 16:27 SSE 08 9.0 11.4 13:28 6.4 19:43 9.3 0.0 5.1 2.3 9.9 09:09 SSE 09 9.6 14.0 12:20 7.9 05:20 8.7 0.0 6.9 1.7 8.6 14:05 SSE 10 10.0 12.9 14:16 7.4 20:20 8.3 0.0 28.8 2.6 10.8 19:08 SE 11 4.6 8.3 13:24 -2.5 23:48 13.7 0.0 1.8 2.4 13.0 12:31 ESE 12 -0.7 2.2 13:49 -3.6 04:45 19.0 0.0 0.0 4.2 21.6 21:25 E 13 -0.4 3.8 13:59 -3.4 23:38 18.7 0.0 0.0 4.9 19.1 15:32 E 14 1.0 9.2 13:41 -5.8 05:41 17.3 0.0 0.0 1.4 7.4 12:15 NW 15 1.8 9.0 14:17 -4.6 05:47 16.5 0.0 0.0 1.3 6.1 00:13 NNW 16 3.8 8.9 12:50 -0.9 02:56 14.5 0.0 0.0 2.2 7.7 08:02 SE 17 5.1 9.7 14:06 -0.3 04:35 13.1 0.0 0.0 0.7 5.6 09:07 NE 18 7.6 10.7 11:22 5.7 00:00 10.7 0.0 0.0 1.1 9.9 04:14 ENE 19 7.7 9.7 11:16 6.3 00:01 10.6 0.0 0.0 0.5 3.9 13:07 SSW 20 9.6 14.8 12:15 6.3 23:23 8.7 0.0 0.0 0.7 5.6 11:18 N 21 9.6 15.9 11:12 4.6 23:53 8.7 0.0 0.0 0.7 5.6 15:27 S 22 8.9 15.1 14:55 3.6 04:21 9.4 0.0 0.0 0.6 3.9 12:14 WSW 23 8.8 14.9 14:16 4.2 23:50 9.5 0.0 0.0 0.9 4.3 12:38 W 24 11.5 26.5 11:18 1.9 04:43 7.9 1.1 0.0 0.9 4.7 20:43 SSW 25 12.9 22.8 12:16 5.5 23:39 6.1 0.7 0.0 0.9 5.6 12:32 S 26 11.3 21.1 14:03 4.1 05:37 7.4 0.4 0.0 0.7 4.7 10:56 SSW 27 12.2 19.9 11:33 4.3 04:39 6.2 0.0 0.0 3.7 13.0 18:06 E 28 9.6 19.0 13:22 3.4 23:18 8.7 0.0 0.0 3.9 18.2 08:12 E ---------------------------------------------------------------------------------- 7.6 26.5 24 -5.8 14 301.4 2.2 65.1 1.6 21.6 12 ESE Max >= 27.0 0 Max <= 0.0 0 Min <= 0.0 8 Min <= -5.0 1 Max Rain: 28.8 on day 10 Days of Rain: 7 (>= 0.2 mm) 5 (>= 2.0 mm) 1 (>= 20.0 mm) Heat Base: 18.3 Cool Base: 18.3 Method: Integration