NOAA-Style Climate Reports
Select a Year or Month report
2024: Gen Feb Mar Apr Mag Giu Lug Ago Set Ott Nov Dic
2023: Gen Feb Mar Apr Mag Giu Lug Ago Set Ott Nov Dic
2022: Gen Feb Mar Apr Mag Giu Lug Ago Set Ott Nov Dic
2021: Gen Feb Mar Apr Mag Giu Lug Ago Set Ott Nov Dic
2020: Gen Feb Mar Apr Mag Giu Lug Ago Set Ott Nov Dic
2019: Gen Feb Mar Apr Mag Giu Lug Ago Set Ott Nov Dic
2018: Gen Feb Mar Apr Mag Giu Lug Ago Set Ott Nov Dic
2017: Gen Feb Mar Apr Mag Giu Lug Ago Set Ott Nov Dic
2016: Gen Feb Mar Apr Mag Giu Lug Ago Set Ott Nov Dic
2015: Gen Feb Mar Apr Mag Giu Lug Ago Set Ott Nov Dic
2014: Gen Feb Mar Apr Mag Giu Lug Ago Set Ott Nov Dic
2013: Gen Feb Mar Apr Mag Giu Lug Ago Set Ott Nov Dic
2012: Gen Feb Mar Apr Mag Giu Lug Ago Set Ott Nov Dic
2011: Gen Feb Mar Apr Mag Giu Lug Ago Set Ott Nov Dic
2024: Gen Feb Mar Apr Mag Giu Lug Ago Set Ott Nov Dic
2023: Gen Feb Mar Apr Mag Giu Lug Ago Set Ott Nov Dic
2022: Gen Feb Mar Apr Mag Giu Lug Ago Set Ott Nov Dic
2021: Gen Feb Mar Apr Mag Giu Lug Ago Set Ott Nov Dic
2020: Gen Feb Mar Apr Mag Giu Lug Ago Set Ott Nov Dic
2019: Gen Feb Mar Apr Mag Giu Lug Ago Set Ott Nov Dic
2018: Gen Feb Mar Apr Mag Giu Lug Ago Set Ott Nov Dic
2017: Gen Feb Mar Apr Mag Giu Lug Ago Set Ott Nov Dic
2016: Gen Feb Mar Apr Mag Giu Lug Ago Set Ott Nov Dic
2015: Gen Feb Mar Apr Mag Giu Lug Ago Set Ott Nov Dic
2014: Gen Feb Mar Apr Mag Giu Lug Ago Set Ott Nov Dic
2013: Gen Feb Mar Apr Mag Giu Lug Ago Set Ott Nov Dic
2012: Gen Feb Mar Apr Mag Giu Lug Ago Set Ott Nov Dic
2011: Gen Feb Mar Apr Mag Giu Lug Ago Set Ott Nov Dic
Report for 2021 Aprile
Monthly Climatological Summary for Apr 2021 Name: AT165-Meteoredipuglia City: Fogliano Redipuglia State: Italy Elevation: 14 m Lat: N 45 50 39 Lon: E 013 29 20 Temperature (°C), Rain (mm), Wind Speed (m/s) Heat Cool Avg Mean Deg Deg Wind Dom Day Temp High Time Low Time Days Days Rain Speed High Time Dir ---------------------------------------------------------------------------------- 01 16.2 24.5 12:41 7.7 04:41 3.8 1.7 0.0 0.8 5.6 14:41 S 02 16.0 23.4 12:34 9.2 04:29 3.4 1.1 0.0 1.6 7.4 23:58 SSW 03 14.3 18.5 11:23 8.7 23:50 4.0 0.0 0.0 6.4 19.4 08:52 E 04 11.1 18.1 13:51 5.0 04:54 7.2 0.0 0.0 2.2 11.7 09:11 SE 05 9.2 14.7 09:26 2.1 04:11 9.1 0.0 0.0 2.1 10.4 14:25 SW 06 5.3 10.0 04:34 -0.1 23:59 13.0 0.0 11.1 5.6 22.9 07:02 E 07 4.5 12.3 11:21 -1.2 03:33 13.8 0.0 0.0 2.2 10.8 13:43 SE 08 7.4 14.4 13:52 0.0 02:48 10.9 0.0 0.0 2.8 9.5 11:06 SSE 09 10.0 14.9 11:25 4.4 04:19 8.3 0.0 0.0 2.7 9.5 13:41 S 10 11.9 15.7 14:11 7.4 03:55 6.4 0.0 0.0 2.8 11.2 10:25 S 11 10.4 11.8 00:00 9.2 04:37 7.9 0.0 12.3 1.5 6.5 00:45 E 12 11.6 12.9 15:49 8.1 23:57 6.7 0.0 59.1 2.9 13.8 22:54 SE 13 7.9 10.9 12:41 4.4 23:49 10.4 0.0 9.6 2.3 19.4 01:41 E 14 9.1 15.4 14:44 2.1 02:33 9.2 0.0 0.0 2.0 13.0 18:12 SSE 15 9.6 16.8 14:20 3.9 04:18 8.7 0.0 0.0 1.7 6.9 11:04 NNW 16 10.0 16.0 14:42 1.9 04:12 8.3 0.0 0.0 1.2 6.5 13:12 WNW 17 11.5 16.6 14:07 5.4 00:12 6.7 0.0 0.0 5.7 16.9 21:37 ESE 18 10.9 14.8 15:02 6.2 04:13 7.4 0.0 0.0 1.9 7.7 07:37 ENE 19 10.6 18.7 12:16 4.6 04:26 7.7 0.0 12.9 1.6 10.4 16:31 NNW 20 11.2 17.8 13:18 4.4 04:09 7.1 0.0 0.0 1.7 8.6 16:05 SSW 21 12.3 17.3 12:33 5.9 04:12 6.0 0.0 0.0 2.0 9.5 13:29 SSW 22 13.3 18.6 13:04 9.0 04:25 5.0 0.0 0.0 1.7 8.6 13:20 SW 23 15.3 22.7 11:30 8.2 03:05 3.9 0.9 0.0 1.9 8.3 14:31 S 24 15.5 21.8 15:17 7.3 02:51 3.8 0.9 0.0 2.0 8.6 12:24 SW 25 15.7 22.0 12:44 7.4 03:54 3.7 1.1 0.0 1.7 8.3 11:03 WSW 26 14.0 17.6 11:28 10.7 23:55 4.3 0.0 0.0 5.2 16.9 05:55 E 27 11.5 14.1 11:22 9.4 23:58 6.8 0.0 0.0 3.4 12.6 14:23 E 28 14.8 20.7 13:06 7.7 04:07 3.8 0.3 0.0 1.9 8.6 15:19 SSW 29 14.5 18.2 12:41 12.2 05:26 3.8 0.0 6.6 1.7 7.4 13:54 S 30 17.2 21.2 13:57 14.3 00:00 1.6 0.5 0.3 2.5 8.6 11:31 S ---------------------------------------------------------------------------------- 11.8 24.5 1 -1.2 7 202.7 6.5 111.9 2.6 22.9 6 SE Max >= 27.0 0 Max <= 0.0 0 Min <= 0.0 3 Min <= -5.0 0 Max Rain: 59.1 on day 12 Days of Rain: 7 (>= 0.2 mm) 6 (>= 2.0 mm) 1 (>= 20.0 mm) Heat Base: 18.3 Cool Base: 18.3 Method: Integration