NOAA-Style Climate Reports
Select a Year or Month report
2024: Gen Feb Mar Apr Mag Giu Lug Ago Set Ott Nov Dic
2023: Gen Feb Mar Apr Mag Giu Lug Ago Set Ott Nov Dic
2022: Gen Feb Mar Apr Mag Giu Lug Ago Set Ott Nov Dic
2021: Gen Feb Mar Apr Mag Giu Lug Ago Set Ott Nov Dic
2020: Gen Feb Mar Apr Mag Giu Lug Ago Set Ott Nov Dic
2019: Gen Feb Mar Apr Mag Giu Lug Ago Set Ott Nov Dic
2018: Gen Feb Mar Apr Mag Giu Lug Ago Set Ott Nov Dic
2017: Gen Feb Mar Apr Mag Giu Lug Ago Set Ott Nov Dic
2016: Gen Feb Mar Apr Mag Giu Lug Ago Set Ott Nov Dic
2015: Gen Feb Mar Apr Mag Giu Lug Ago Set Ott Nov Dic
2014: Gen Feb Mar Apr Mag Giu Lug Ago Set Ott Nov Dic
2013: Gen Feb Mar Apr Mag Giu Lug Ago Set Ott Nov Dic
2012: Gen Feb Mar Apr Mag Giu Lug Ago Set Ott Nov Dic
2011: Gen Feb Mar Apr Mag Giu Lug Ago Set Ott Nov Dic
2024: Gen Feb Mar Apr Mag Giu Lug Ago Set Ott Nov Dic
2023: Gen Feb Mar Apr Mag Giu Lug Ago Set Ott Nov Dic
2022: Gen Feb Mar Apr Mag Giu Lug Ago Set Ott Nov Dic
2021: Gen Feb Mar Apr Mag Giu Lug Ago Set Ott Nov Dic
2020: Gen Feb Mar Apr Mag Giu Lug Ago Set Ott Nov Dic
2019: Gen Feb Mar Apr Mag Giu Lug Ago Set Ott Nov Dic
2018: Gen Feb Mar Apr Mag Giu Lug Ago Set Ott Nov Dic
2017: Gen Feb Mar Apr Mag Giu Lug Ago Set Ott Nov Dic
2016: Gen Feb Mar Apr Mag Giu Lug Ago Set Ott Nov Dic
2015: Gen Feb Mar Apr Mag Giu Lug Ago Set Ott Nov Dic
2014: Gen Feb Mar Apr Mag Giu Lug Ago Set Ott Nov Dic
2013: Gen Feb Mar Apr Mag Giu Lug Ago Set Ott Nov Dic
2012: Gen Feb Mar Apr Mag Giu Lug Ago Set Ott Nov Dic
2011: Gen Feb Mar Apr Mag Giu Lug Ago Set Ott Nov Dic
Report for 2021 Settembre
Monthly Climatological Summary for Sep 2021 Name: AT165-Meteoredipuglia City: Fogliano Redipuglia State: Italy Elevation: 14 m Lat: N 45° 50' 39" Lon: E 013° 29' 20" Temperature (°C), Rain (mm), Wind Speed (m/s) Heat Cool Avg Mean Deg Deg Wind Dom Day Temp High Time Low Time Days Days Rain Speed High Time Dir ---------------------------------------------------------------------------------- 01 22.3 28.9 14:54 14.0 03:55 0.6 4.6 0.0 1.8 9.0 21:45 W 02 21.7 28.7 14:25 13.2 04:12 0.8 4.2 0.0 1.5 8.6 13:23 NNW 03 22.0 29.6 12:19 14.2 04:37 0.5 4.3 0.0 1.8 7.4 08:31 SE 04 22.0 30.1 12:15 14.7 04:48 0.7 4.4 0.0 1.3 7.7 14:19 WSW 05 23.2 29.3 13:27 15.4 03:26 0.5 5.4 0.0 3.6 14.2 08:58 ESE 06 24.0 30.0 13:37 17.6 23:44 0.0 5.7 0.0 3.7 12.1 12:42 E 07 23.1 30.1 12:35 15.0 03:15 0.4 5.2 0.0 3.6 13.0 08:29 E 08 23.7 29.4 13:59 16.9 23:59 0.0 5.4 0.0 5.3 16.4 09:07 E 09 21.5 28.9 13:38 13.4 03:39 1.0 4.1 0.0 1.8 8.3 08:14 S 10 21.2 28.5 11:46 13.8 03:42 1.1 4.0 0.0 1.7 7.7 12:37 SSW 11 21.4 29.1 12:08 12.5 04:25 1.2 4.3 0.0 1.2 7.4 12:51 WSW 12 23.6 33.0 13:16 14.8 02:39 0.6 6.0 0.0 1.3 8.6 10:13 ESE 13 24.5 31.8 11:27 17.3 23:54 0.0 6.2 0.0 1.5 8.3 11:47 WSW 14 23.4 30.9 10:57 16.0 04:47 0.3 5.4 0.0 1.3 9.0 11:39 SSW 15 22.5 28.7 10:34 15.1 03:51 0.5 4.7 0.0 1.4 6.1 14:39 S 16 21.6 24.7 08:12 19.3 21:39 0.0 3.3 6.6 2.2 8.3 09:49 SSE 17 20.7 27.1 13:52 16.7 03:39 0.2 2.6 9.0 2.7 12.6 20:14 ESE 18 20.7 28.1 12:21 15.2 03:26 0.4 2.8 0.0 1.7 8.6 21:35 SE 19 19.5 25.5 10:40 15.2 21:59 0.4 1.6 5.1 1.9 13.3 21:10 E 20 17.8 23.6 10:31 14.2 03:11 1.7 1.3 0.0 2.7 13.8 13:47 ESE 21 17.9 23.7 11:09 13.3 05:03 1.8 1.4 0.0 2.1 10.8 06:25 ESE 22 16.6 23.7 11:04 10.9 02:43 2.9 1.2 0.0 0.9 6.5 12:24 NNW 23 17.4 23.7 13:41 9.9 04:47 2.4 1.5 0.0 1.5 8.3 13:52 SW 24 18.2 25.0 15:24 13.3 22:44 1.5 1.4 0.0 0.9 4.3 09:22 SSE 25 19.5 27.1 11:21 15.0 01:28 0.9 2.0 0.0 0.8 5.2 00:17 SW 26 19.7 24.5 09:04 15.7 02:52 0.4 1.9 2.1 0.9 8.6 20:45 SE 27 20.3 27.3 11:29 16.8 23:57 0.2 2.2 13.8 1.4 7.4 01:18 S 28 22.0 30.2 14:58 15.3 04:21 0.6 4.4 0.0 1.1 6.1 05:44 WNW 29 22.3 29.6 12:56 16.0 00:36 0.2 4.2 0.0 1.9 12.1 22:51 ESE 30 19.0 23.1 12:50 13.9 05:13 0.8 1.5 1.2 4.9 19.1 10:19 E ---------------------------------------------------------------------------------- 21.1 33.0 12 9.9 23 22.6 107.2 37.8 2.0 19.1 30 SE Max >= 27.0 21 Max <= 0.0 0 Min <= 0.0 0 Min <= -5.0 0 Max Rain: 13.8 on day 27 Days of Rain: 6 (>= 0.2 mm) 5 (>= 2.0 mm) 0 (>= 20.0 mm) Heat Base: 18.3 Cool Base: 18.3 Method: Integration