NOAA-Style Climate Reports
Select a Year or Month report
2024: Gen Feb Mar Apr Mag Giu Lug Ago Set Ott Nov Dic
2023: Gen Feb Mar Apr Mag Giu Lug Ago Set Ott Nov Dic
2022: Gen Feb Mar Apr Mag Giu Lug Ago Set Ott Nov Dic
2021: Gen Feb Mar Apr Mag Giu Lug Ago Set Ott Nov Dic
2020: Gen Feb Mar Apr Mag Giu Lug Ago Set Ott Nov Dic
2019: Gen Feb Mar Apr Mag Giu Lug Ago Set Ott Nov Dic
2018: Gen Feb Mar Apr Mag Giu Lug Ago Set Ott Nov Dic
2017: Gen Feb Mar Apr Mag Giu Lug Ago Set Ott Nov Dic
2016: Gen Feb Mar Apr Mag Giu Lug Ago Set Ott Nov Dic
2015: Gen Feb Mar Apr Mag Giu Lug Ago Set Ott Nov Dic
2014: Gen Feb Mar Apr Mag Giu Lug Ago Set Ott Nov Dic
2013: Gen Feb Mar Apr Mag Giu Lug Ago Set Ott Nov Dic
2012: Gen Feb Mar Apr Mag Giu Lug Ago Set Ott Nov Dic
2011: Gen Feb Mar Apr Mag Giu Lug Ago Set Ott Nov Dic
2024: Gen Feb Mar Apr Mag Giu Lug Ago Set Ott Nov Dic
2023: Gen Feb Mar Apr Mag Giu Lug Ago Set Ott Nov Dic
2022: Gen Feb Mar Apr Mag Giu Lug Ago Set Ott Nov Dic
2021: Gen Feb Mar Apr Mag Giu Lug Ago Set Ott Nov Dic
2020: Gen Feb Mar Apr Mag Giu Lug Ago Set Ott Nov Dic
2019: Gen Feb Mar Apr Mag Giu Lug Ago Set Ott Nov Dic
2018: Gen Feb Mar Apr Mag Giu Lug Ago Set Ott Nov Dic
2017: Gen Feb Mar Apr Mag Giu Lug Ago Set Ott Nov Dic
2016: Gen Feb Mar Apr Mag Giu Lug Ago Set Ott Nov Dic
2015: Gen Feb Mar Apr Mag Giu Lug Ago Set Ott Nov Dic
2014: Gen Feb Mar Apr Mag Giu Lug Ago Set Ott Nov Dic
2013: Gen Feb Mar Apr Mag Giu Lug Ago Set Ott Nov Dic
2012: Gen Feb Mar Apr Mag Giu Lug Ago Set Ott Nov Dic
2011: Gen Feb Mar Apr Mag Giu Lug Ago Set Ott Nov Dic
Report for 2021 Novembre
Monthly Climatological Summary for Nov 2021 Name: AT165-Meteoredipuglia City: Fogliano Redipuglia State: Italy Elevation: 14 m Lat: N 45° 50' 39" Lon: E 013° 29' 20" Temperature (°C), Rain (mm), Wind Speed (m/s) Heat Cool Avg Mean Deg Deg Wind Dom Day Temp High Time Low Time Days Days Rain Speed High Time Dir ---------------------------------------------------------------------------------- 01 12.2 15.4 17:43 9.4 00:00 6.1 0.0 36.0 2.5 13.8 18:33 ESE 02 13.4 19.6 14:39 10.8 07:16 4.9 0.0 5.4 2.9 12.6 07:25 ESE 03 14.2 17.6 08:52 11.5 03:08 4.1 0.0 3.3 2.6 9.9 23:41 SE 04 14.5 17.9 09:16 9.1 23:52 3.8 0.0 0.3 3.4 14.7 03:39 SSW 05 11.9 17.5 09:10 7.0 04:27 6.4 0.0 0.0 3.9 16.0 17:38 E 06 11.5 15.3 13:53 6.8 22:25 6.8 0.0 0.0 4.9 22.5 08:13 E 07 10.7 16.7 11:37 7.8 00:00 7.6 0.0 0.0 1.2 8.6 06:05 ENE 08 11.3 14.9 14:38 7.2 23:45 7.0 0.0 2.4 4.0 22.0 11:37 E 09 12.0 17.5 12:37 7.3 00:00 6.3 0.0 0.0 3.7 16.0 06:42 E 10 12.4 22.1 12:38 7.0 03:07 6.1 0.2 0.0 1.2 8.6 06:46 ESE 11 13.1 21.6 13:19 7.1 05:21 5.7 0.5 0.0 0.9 7.7 02:47 W 12 12.6 17.8 12:25 8.8 00:58 5.7 0.0 0.0 0.9 6.1 04:16 SE 13 12.6 15.3 12:22 11.3 02:06 5.7 0.0 0.0 0.3 3.4 20:01 S 14 13.7 17.7 11:26 11.1 21:07 4.6 0.0 0.9 2.7 12.6 22:39 E 15 13.0 15.5 13:25 8.8 23:59 5.3 0.0 0.0 4.2 19.1 14:18 E 16 11.2 14.9 11:28 7.9 03:10 7.1 0.0 0.0 1.4 13.0 23:20 E 17 12.7 18.3 13:20 10.3 00:07 5.6 0.0 0.0 1.3 8.6 20:28 E 18 11.0 16.8 09:29 6.5 23:25 7.3 0.0 0.0 2.2 15.5 11:41 E 19 9.4 17.6 12:15 4.5 06:15 8.9 0.0 0.0 0.8 3.9 10:15 N 20 7.5 14.1 09:45 2.7 05:45 10.8 0.0 0.0 0.8 3.4 11:15 S 21 8.0 9.9 13:08 5.4 00:15 10.2 0.0 0.0 0.6 3.4 00:15 NNW 22 10.9 14.6 11:47 8.5 21:45 7.4 0.0 0.0 2.4 11.2 16:31 ENE 23 9.2 14.4 14:00 1.3 23:58 9.1 0.0 0.0 3.7 16.4 11:07 E 24 6.1 13.9 11:27 -1.3 06:06 12.2 0.0 0.0 1.5 9.9 17:09 ESE 25 7.4 11.9 12:01 2.2 00:56 10.9 0.0 2.7 1.5 11.2 04:06 ENE 26 9.0 9.9 01:53 8.3 18:57 9.3 0.0 10.2 1.3 7.7 21:43 ENE 27 9.8 14.8 13:39 7.4 03:07 8.5 0.0 6.9 1.9 13.0 07:18 ESE 28 8.4 13.6 14:22 3.6 22:48 10.0 0.0 17.4 1.7 10.8 04:54 ESE 29 4.8 11.2 11:48 -1.1 23:40 13.4 0.0 3.9 1.4 8.6 00:18 ENE 30 3.8 10.7 12:46 -1.1 00:00 14.5 0.0 0.0 1.1 7.4 06:16 SE ---------------------------------------------------------------------------------- 10.6 22.1 10 -1.3 24 231.3 0.7 89.4 2.2 22.5 6 E Max >= 27.0 0 Max <= 0.0 0 Min <= 0.0 3 Min <= -5.0 0 Max Rain: 36.0 on day 1 Days of Rain: 11 (>= 0.2 mm) 9 (>= 2.0 mm) 1 (>= 20.0 mm) Heat Base: 18.3 Cool Base: 18.3 Method: Integration