NOAA-Style Climate Reports
Select a Year or Month report
2024: Gen Feb Mar Apr Mag Giu Lug Ago Set Ott Nov Dic
2023: Gen Feb Mar Apr Mag Giu Lug Ago Set Ott Nov Dic
2022: Gen Feb Mar Apr Mag Giu Lug Ago Set Ott Nov Dic
2021: Gen Feb Mar Apr Mag Giu Lug Ago Set Ott Nov Dic
2020: Gen Feb Mar Apr Mag Giu Lug Ago Set Ott Nov Dic
2019: Gen Feb Mar Apr Mag Giu Lug Ago Set Ott Nov Dic
2018: Gen Feb Mar Apr Mag Giu Lug Ago Set Ott Nov Dic
2017: Gen Feb Mar Apr Mag Giu Lug Ago Set Ott Nov Dic
2016: Gen Feb Mar Apr Mag Giu Lug Ago Set Ott Nov Dic
2015: Gen Feb Mar Apr Mag Giu Lug Ago Set Ott Nov Dic
2014: Gen Feb Mar Apr Mag Giu Lug Ago Set Ott Nov Dic
2013: Gen Feb Mar Apr Mag Giu Lug Ago Set Ott Nov Dic
2012: Gen Feb Mar Apr Mag Giu Lug Ago Set Ott Nov Dic
2011: Gen Feb Mar Apr Mag Giu Lug Ago Set Ott Nov Dic
2024: Gen Feb Mar Apr Mag Giu Lug Ago Set Ott Nov Dic
2023: Gen Feb Mar Apr Mag Giu Lug Ago Set Ott Nov Dic
2022: Gen Feb Mar Apr Mag Giu Lug Ago Set Ott Nov Dic
2021: Gen Feb Mar Apr Mag Giu Lug Ago Set Ott Nov Dic
2020: Gen Feb Mar Apr Mag Giu Lug Ago Set Ott Nov Dic
2019: Gen Feb Mar Apr Mag Giu Lug Ago Set Ott Nov Dic
2018: Gen Feb Mar Apr Mag Giu Lug Ago Set Ott Nov Dic
2017: Gen Feb Mar Apr Mag Giu Lug Ago Set Ott Nov Dic
2016: Gen Feb Mar Apr Mag Giu Lug Ago Set Ott Nov Dic
2015: Gen Feb Mar Apr Mag Giu Lug Ago Set Ott Nov Dic
2014: Gen Feb Mar Apr Mag Giu Lug Ago Set Ott Nov Dic
2013: Gen Feb Mar Apr Mag Giu Lug Ago Set Ott Nov Dic
2012: Gen Feb Mar Apr Mag Giu Lug Ago Set Ott Nov Dic
2011: Gen Feb Mar Apr Mag Giu Lug Ago Set Ott Nov Dic
Report for 2021 Dicembre
Monthly Climatological Summary for Dec 2021 Name: AT165-Meteoredipuglia City: Fogliano Redipuglia State: Italy Elevation: 14 m Lat: N 45° 50' 39" Lon: E 013° 29' 20" Temperature (°C), Rain (mm), Wind Speed (m/s) Heat Cool Avg Mean Deg Deg Wind Dom Day Temp High Time Low Time Days Days Rain Speed High Time Dir ---------------------------------------------------------------------------------- 01 6.2 14.3 11:16 0.4 01:20 12.1 0.0 0.6 0.7 4.7 17:19 NNE 02 7.1 8.6 11:41 5.4 23:53 11.2 0.0 20.1 1.2 13.3 17:38 NE 03 5.7 11.5 10:15 0.2 23:07 12.6 0.0 0.0 1.7 9.9 13:23 ENE 04 4.8 10.5 09:42 -0.1 01:27 13.5 0.0 0.6 1.8 8.6 18:39 ENE 05 5.6 6.8 07:07 4.1 23:57 12.7 0.0 5.1 1.2 7.7 01:52 N 06 5.2 15.1 12:59 0.0 23:40 13.1 0.0 0.0 1.1 7.4 16:17 N 07 2.8 11.7 14:24 -1.9 04:43 15.5 0.0 0.0 1.1 6.9 06:24 NE 08 4.0 8.3 12:00 -1.9 01:08 14.2 0.0 23.4 2.8 16.9 18:34 E 09 4.7 7.5 00:24 3.5 20:28 13.6 0.0 8.1 2.5 13.8 07:25 E 10 5.1 8.5 12:26 1.5 06:06 13.2 0.0 0.0 2.2 12.1 02:59 E 11 3.2 10.6 12:11 -1.5 23:59 15.1 0.0 0.0 1.1 9.0 08:31 E 12 4.2 13.1 11:49 -2.5 04:44 14.1 0.0 0.0 0.8 4.3 17:58 SSE 13 6.2 11.2 14:56 2.9 23:50 12.1 0.0 0.0 0.7 7.4 20:57 NNE 14 6.5 14.8 10:01 1.1 06:23 11.8 0.0 0.0 0.7 6.1 02:59 E 15 6.9 15.7 12:58 1.4 03:17 11.4 0.0 0.0 1.6 11.2 16:54 ENE 16 6.9 15.4 13:46 1.4 05:53 11.4 0.0 0.0 1.3 8.3 11:14 NE 17 6.3 16.1 11:56 0.9 06:10 12.0 0.0 0.0 0.7 4.7 02:26 W 18 5.7 14.4 12:15 0.2 23:52 12.6 0.0 0.0 0.9 6.9 01:19 N 19 2.9 7.1 11:27 -1.4 03:44 15.4 0.0 0.0 0.6 4.7 21:23 WSW 20 4.8 14.8 12:51 -0.7 06:39 13.5 0.0 0.0 1.1 6.1 09:39 N 21 3.9 6.8 12:10 -1.1 02:30 14.4 0.0 0.9 1.6 8.6 07:33 E 22 5.4 10.4 12:58 2.8 19:10 12.9 0.0 0.0 2.6 10.8 02:28 E 23 5.1 8.9 10:31 2.7 07:00 13.2 0.0 0.0 0.7 6.9 00:30 NNW 24 4.7 5.7 11:38 3.6 06:14 13.6 0.0 0.0 0.3 2.5 05:43 WNW 25 5.9 7.8 11:41 4.1 00:00 12.3 0.0 4.5 0.5 3.9 23:38 NNW 26 6.7 10.4 12:15 2.7 23:59 11.6 0.0 0.9 0.7 5.2 20:20 NE 27 6.7 11.6 09:49 1.3 05:07 11.6 0.0 0.0 0.9 6.9 20:45 ENE 28 8.1 10.6 11:45 6.4 23:44 10.2 0.0 0.3 0.5 4.7 00:49 N 29 7.9 14.6 10:46 4.2 20:25 10.4 0.0 0.3 0.8 5.6 22:34 N 30 7.1 15.3 10:59 2.8 06:50 11.2 0.0 0.0 0.5 5.2 03:54 SW 31 3.6 6.4 11:27 1.1 03:07 14.7 0.0 0.3 0.7 4.7 15:31 SE ---------------------------------------------------------------------------------- 5.5 16.1 17 -2.5 12 397.2 0.0 65.1 1.1 16.9 8 ENE Max >= 27.0 0 Max <= 0.0 0 Min <= 0.0 9 Min <= -5.0 0 Max Rain: 23.4 on day 8 Days of Rain: 12 (>= 0.2 mm) 5 (>= 2.0 mm) 2 (>= 20.0 mm) Heat Base: 18.3 Cool Base: 18.3 Method: Integration