NOAA-Style Climate Reports
Select a Year or Month report
2024: Gen Feb Mar Apr Mag Giu Lug Ago Set Ott Nov Dic
2023: Gen Feb Mar Apr Mag Giu Lug Ago Set Ott Nov Dic
2022: Gen Feb Mar Apr Mag Giu Lug Ago Set Ott Nov Dic
2021: Gen Feb Mar Apr Mag Giu Lug Ago Set Ott Nov Dic
2020: Gen Feb Mar Apr Mag Giu Lug Ago Set Ott Nov Dic
2019: Gen Feb Mar Apr Mag Giu Lug Ago Set Ott Nov Dic
2018: Gen Feb Mar Apr Mag Giu Lug Ago Set Ott Nov Dic
2017: Gen Feb Mar Apr Mag Giu Lug Ago Set Ott Nov Dic
2016: Gen Feb Mar Apr Mag Giu Lug Ago Set Ott Nov Dic
2015: Gen Feb Mar Apr Mag Giu Lug Ago Set Ott Nov Dic
2014: Gen Feb Mar Apr Mag Giu Lug Ago Set Ott Nov Dic
2013: Gen Feb Mar Apr Mag Giu Lug Ago Set Ott Nov Dic
2012: Gen Feb Mar Apr Mag Giu Lug Ago Set Ott Nov Dic
2011: Gen Feb Mar Apr Mag Giu Lug Ago Set Ott Nov Dic
2024: Gen Feb Mar Apr Mag Giu Lug Ago Set Ott Nov Dic
2023: Gen Feb Mar Apr Mag Giu Lug Ago Set Ott Nov Dic
2022: Gen Feb Mar Apr Mag Giu Lug Ago Set Ott Nov Dic
2021: Gen Feb Mar Apr Mag Giu Lug Ago Set Ott Nov Dic
2020: Gen Feb Mar Apr Mag Giu Lug Ago Set Ott Nov Dic
2019: Gen Feb Mar Apr Mag Giu Lug Ago Set Ott Nov Dic
2018: Gen Feb Mar Apr Mag Giu Lug Ago Set Ott Nov Dic
2017: Gen Feb Mar Apr Mag Giu Lug Ago Set Ott Nov Dic
2016: Gen Feb Mar Apr Mag Giu Lug Ago Set Ott Nov Dic
2015: Gen Feb Mar Apr Mag Giu Lug Ago Set Ott Nov Dic
2014: Gen Feb Mar Apr Mag Giu Lug Ago Set Ott Nov Dic
2013: Gen Feb Mar Apr Mag Giu Lug Ago Set Ott Nov Dic
2012: Gen Feb Mar Apr Mag Giu Lug Ago Set Ott Nov Dic
2011: Gen Feb Mar Apr Mag Giu Lug Ago Set Ott Nov Dic
Report for 2022 Maggio
Monthly Climatological Summary for May 2022 Name: MeteoRedipuglia City: Fogliano Redipuglia State: Italy Elevation: 14 m Lat: N 45° 50' 38" Lon: E 013° 29' 21" Temperature (°C), Rain (mm), Wind Speed (m/s) Heat Cool Avg Mean Deg Deg Wind Dom Day Temp High Time Low Time Days Days Rain Speed High Time Dir ---------------------------------------------------------------------------------- 01 16.3 22.0 09:32 10.9 02:44 2.6 0.6 0.0 3.0 16.0 11:25 E 02 17.3 23.7 15:00 10.3 04:21 2.2 1.2 0.0 2.2 10.0 12:42 E 03 18.5 26.3 12:16 11.6 23:47 2.2 2.4 0.0 1.2 7.0 13:12 WSW 04 16.9 23.4 13:36 9.7 04:07 2.8 1.4 0.0 1.4 7.0 14:16 S 05 16.6 22.0 09:24 9.7 03:26 2.6 0.9 0.0 0.6 4.0 08:38 WSW 06 15.0 19.6 10:08 12.7 03:44 3.3 0.0 2.7 0.9 5.0 08:08 E 07 16.6 22.9 15:37 12.6 03:04 2.2 0.5 1.2 1.2 5.0 21:22 NE 08 19.3 23.7 13:00 13.9 03:45 0.8 1.8 0.0 3.6 13.0 12:48 E 09 19.4 26.9 14:14 12.2 23:55 1.3 2.4 0.0 1.3 9.0 09:34 E 10 20.5 28.4 12:48 11.3 03:32 1.5 3.7 0.0 1.3 7.0 14:16 W 11 20.8 27.5 11:53 12.9 03:46 1.2 3.7 0.0 1.1 6.0 13:38 SSW 12 20.5 25.9 15:07 14.2 03:57 0.8 3.0 0.0 1.4 7.0 11:40 S 13 21.5 27.4 14:09 14.9 03:46 0.5 3.7 0.0 1.1 6.0 02:22 S 14 22.5 29.2 12:53 16.1 03:29 0.2 4.4 0.0 1.8 9.0 14:59 E 15 23.5 30.4 09:21 16.2 02:12 0.3 5.5 0.0 1.5 6.0 12:33 S 16 22.1 28.4 14:30 15.4 03:06 0.5 4.3 0.3 1.2 7.0 18:08 SSW 17 22.6 29.2 13:53 17.0 01:37 0.2 4.5 0.0 1.3 6.0 13:19 S 18 22.3 28.7 14:25 15.8 02:48 0.3 4.3 0.0 2.4 9.0 13:18 ESE 19 20.4 26.5 11:00 13.3 03:24 1.0 3.1 0.0 1.4 7.0 01:32 S 20 20.4 26.9 13:39 12.4 03:37 1.3 3.4 0.0 1.1 6.0 11:38 SW 21 22.6 29.3 14:43 14.2 03:41 0.7 5.0 0.0 1.2 5.0 12:18 S 22 23.5 30.3 12:37 16.0 03:40 0.2 5.4 0.9 1.6 10.0 23:57 SSE 23 23.1 30.5 11:14 18.1 03:04 0.0 4.9 0.3 1.5 10.0 00:44 SSE 24 23.3 28.0 13:42 17.3 23:59 0.0 5.0 0.9 1.9 13.0 23:29 S 25 22.7 28.4 15:21 16.9 00:11 0.2 4.6 0.3 1.8 8.0 13:07 SSW 26 23.8 30.2 11:53 18.6 01:33 0.0 5.5 0.0 1.4 6.0 09:27 SSE 27 24.5 30.3 11:51 17.6 01:23 0.0 6.2 0.0 1.4 6.0 12:49 SSW 28 18.9 22.5 04:47 16.1 23:55 0.6 1.2 0.6 6.5 18.0 09:56 E 29 15.1 17.6 11:44 10.7 21:34 3.2 0.0 0.0 4.6 17.0 02:11 E 30 16.7 21.9 14:57 12.2 00:25 2.3 0.7 0.0 1.6 7.0 09:17 SSE 31 20.5 26.9 13:39 13.9 01:44 1.0 3.2 0.0 1.5 7.0 10:45 SSW ---------------------------------------------------------------------------------- 20.2 30.5 23 9.7 4 36.0 96.5 7.2 1.8 18.0 28 SE Max >= 27.0 15 Max <= 0.0 0 Min <= 0.0 0 Min <= -5.0 0 Max Rain: 2.7 on day 6 Days of Rain: 8 (>= 0.2 mm) 1 (>= 2.0 mm) 0 (>= 20.0 mm) Heat Base: 18.3 Cool Base: 18.3 Method: Integration