NOAA-Style Climate Reports
Select a Year or Month report
2024: Gen Feb Mar Apr Mag Giu Lug Ago Set Ott Nov Dic
2023: Gen Feb Mar Apr Mag Giu Lug Ago Set Ott Nov Dic
2022: Gen Feb Mar Apr Mag Giu Lug Ago Set Ott Nov Dic
2021: Gen Feb Mar Apr Mag Giu Lug Ago Set Ott Nov Dic
2020: Gen Feb Mar Apr Mag Giu Lug Ago Set Ott Nov Dic
2019: Gen Feb Mar Apr Mag Giu Lug Ago Set Ott Nov Dic
2018: Gen Feb Mar Apr Mag Giu Lug Ago Set Ott Nov Dic
2017: Gen Feb Mar Apr Mag Giu Lug Ago Set Ott Nov Dic
2016: Gen Feb Mar Apr Mag Giu Lug Ago Set Ott Nov Dic
2015: Gen Feb Mar Apr Mag Giu Lug Ago Set Ott Nov Dic
2014: Gen Feb Mar Apr Mag Giu Lug Ago Set Ott Nov Dic
2013: Gen Feb Mar Apr Mag Giu Lug Ago Set Ott Nov Dic
2012: Gen Feb Mar Apr Mag Giu Lug Ago Set Ott Nov Dic
2011: Gen Feb Mar Apr Mag Giu Lug Ago Set Ott Nov Dic
2024: Gen Feb Mar Apr Mag Giu Lug Ago Set Ott Nov Dic
2023: Gen Feb Mar Apr Mag Giu Lug Ago Set Ott Nov Dic
2022: Gen Feb Mar Apr Mag Giu Lug Ago Set Ott Nov Dic
2021: Gen Feb Mar Apr Mag Giu Lug Ago Set Ott Nov Dic
2020: Gen Feb Mar Apr Mag Giu Lug Ago Set Ott Nov Dic
2019: Gen Feb Mar Apr Mag Giu Lug Ago Set Ott Nov Dic
2018: Gen Feb Mar Apr Mag Giu Lug Ago Set Ott Nov Dic
2017: Gen Feb Mar Apr Mag Giu Lug Ago Set Ott Nov Dic
2016: Gen Feb Mar Apr Mag Giu Lug Ago Set Ott Nov Dic
2015: Gen Feb Mar Apr Mag Giu Lug Ago Set Ott Nov Dic
2014: Gen Feb Mar Apr Mag Giu Lug Ago Set Ott Nov Dic
2013: Gen Feb Mar Apr Mag Giu Lug Ago Set Ott Nov Dic
2012: Gen Feb Mar Apr Mag Giu Lug Ago Set Ott Nov Dic
2011: Gen Feb Mar Apr Mag Giu Lug Ago Set Ott Nov Dic
Report for 2022 Giugno
Monthly Climatological Summary for Jun 2022 Name: MeteoRedipuglia City: Fogliano Redipuglia State: Italy Elevation: 14 m Lat: N 45° 50' 38" Lon: E 013° 29' 21" Temperature (°C), Rain (mm), Wind Speed (m/s) Heat Cool Avg Mean Deg Deg Wind Dom Day Temp High Time Low Time Days Days Rain Speed High Time Dir ---------------------------------------------------------------------------------- 01 22.6 28.9 12:53 15.3 01:53 0.5 4.7 0.0 1.4 7.0 14:13 SSW 02 24.7 31.2 14:07 16.9 03:25 0.1 6.5 0.0 1.4 7.0 12:37 SW 03 24.3 31.1 12:07 19.2 03:10 0.0 6.0 0.3 1.3 7.0 14:46 SSW 04 24.5 30.1 13:59 17.3 04:10 0.1 6.3 0.3 1.4 6.0 14:21 SSW 05 26.1 33.2 12:37 19.0 02:37 0.0 7.8 0.0 1.7 7.0 13:25 SW 06 26.2 34.2 14:41 18.2 03:59 0.0 7.9 0.0 1.5 7.0 11:23 SSE 07 24.5 31.6 13:56 17.2 23:04 0.1 6.3 3.3 1.7 9.0 23:13 NNE 08 22.5 29.5 13:13 15.8 03:03 0.4 4.5 0.3 1.4 9.0 04:08 ESE 09 17.5 19.6 01:41 14.7 05:09 0.9 0.1 14.4 1.1 7.0 07:09 NNW 10 22.7 31.5 15:05 15.1 03:47 0.5 4.9 0.3 1.5 10.0 16:34 ENE 11 24.4 31.7 15:37 15.0 03:28 0.4 6.4 0.0 1.1 6.0 10:32 WSW 12 25.3 30.9 14:58 16.4 03:57 0.1 7.1 0.0 1.5 8.0 13:52 W 13 24.5 31.3 14:59 18.1 02:50 0.0 6.2 0.0 1.1 8.0 23:54 SSW 14 25.1 31.8 14:33 19.3 23:09 0.0 6.8 0.0 2.9 13.0 07:22 ESE 15 24.3 30.2 13:31 17.9 01:37 0.0 6.0 0.0 1.4 7.0 12:49 SSW 16 25.5 31.1 09:38 17.6 02:44 0.0 7.3 0.0 1.4 6.0 13:39 SSW 17 26.7 34.2 12:35 20.6 23:16 0.0 8.4 0.0 1.4 10.0 15:53 SE 18 26.4 31.9 14:40 18.5 03:37 0.0 8.1 0.0 1.4 8.0 13:14 W 19 25.5 30.5 09:17 18.9 23:56 0.0 7.2 0.0 2.0 7.0 14:35 S 20 25.0 30.3 14:50 17.2 03:46 0.1 6.8 0.0 1.4 7.0 13:10 SSW 21 25.8 31.1 10:49 19.7 22:46 0.0 7.5 5.4 1.8 13.0 22:28 SSE 22 25.7 32.5 13:24 21.0 00:00 0.0 7.4 0.6 1.0 6.0 00:09 N 23 26.1 31.3 09:19 20.6 03:47 0.0 7.8 0.0 2.1 15.0 20:09 SSE 24 26.5 31.2 13:02 21.7 02:15 0.0 8.2 0.0 2.2 9.0 18:53 S 25 25.2 29.8 16:20 20.0 03:12 0.0 6.9 0.0 1.9 7.0 07:09 S 26 26.4 31.6 12:43 20.4 02:29 0.0 8.1 0.0 1.7 7.0 13:11 S 27 28.8 34.8 13:04 20.0 01:52 0.0 10.5 0.0 1.5 6.0 13:49 SW 28 29.5 36.6 11:26 22.2 01:49 0.0 11.2 0.3 2.1 13.0 21:38 E 29 27.0 30.5 14:38 22.0 23:16 0.0 8.7 0.0 2.0 10.0 00:31 S 30 26.7 31.6 12:59 20.8 02:45 0.0 8.4 0.0 1.7 8.0 11:57 S ---------------------------------------------------------------------------------- 25.2 36.6 28 14.7 9 3.2 210.0 25.2 1.6 15.0 23 S Max >= 27.0 29 Max <= 0.0 0 Min <= 0.0 0 Min <= -5.0 0 Max Rain: 14.4 on day 9 Days of Rain: 9 (>= 0.2 mm) 3 (>= 2.0 mm) 0 (>= 20.0 mm) Heat Base: 18.3 Cool Base: 18.3 Method: Integration