NOAA-Style Climate Reports
Select a Year or Month report
2024: Gen Feb Mar Apr Mag Giu Lug Ago Set Ott Nov Dic
2023: Gen Feb Mar Apr Mag Giu Lug Ago Set Ott Nov Dic
2022: Gen Feb Mar Apr Mag Giu Lug Ago Set Ott Nov Dic
2021: Gen Feb Mar Apr Mag Giu Lug Ago Set Ott Nov Dic
2020: Gen Feb Mar Apr Mag Giu Lug Ago Set Ott Nov Dic
2019: Gen Feb Mar Apr Mag Giu Lug Ago Set Ott Nov Dic
2018: Gen Feb Mar Apr Mag Giu Lug Ago Set Ott Nov Dic
2017: Gen Feb Mar Apr Mag Giu Lug Ago Set Ott Nov Dic
2016: Gen Feb Mar Apr Mag Giu Lug Ago Set Ott Nov Dic
2015: Gen Feb Mar Apr Mag Giu Lug Ago Set Ott Nov Dic
2014: Gen Feb Mar Apr Mag Giu Lug Ago Set Ott Nov Dic
2013: Gen Feb Mar Apr Mag Giu Lug Ago Set Ott Nov Dic
2012: Gen Feb Mar Apr Mag Giu Lug Ago Set Ott Nov Dic
2011: Gen Feb Mar Apr Mag Giu Lug Ago Set Ott Nov Dic
2024: Gen Feb Mar Apr Mag Giu Lug Ago Set Ott Nov Dic
2023: Gen Feb Mar Apr Mag Giu Lug Ago Set Ott Nov Dic
2022: Gen Feb Mar Apr Mag Giu Lug Ago Set Ott Nov Dic
2021: Gen Feb Mar Apr Mag Giu Lug Ago Set Ott Nov Dic
2020: Gen Feb Mar Apr Mag Giu Lug Ago Set Ott Nov Dic
2019: Gen Feb Mar Apr Mag Giu Lug Ago Set Ott Nov Dic
2018: Gen Feb Mar Apr Mag Giu Lug Ago Set Ott Nov Dic
2017: Gen Feb Mar Apr Mag Giu Lug Ago Set Ott Nov Dic
2016: Gen Feb Mar Apr Mag Giu Lug Ago Set Ott Nov Dic
2015: Gen Feb Mar Apr Mag Giu Lug Ago Set Ott Nov Dic
2014: Gen Feb Mar Apr Mag Giu Lug Ago Set Ott Nov Dic
2013: Gen Feb Mar Apr Mag Giu Lug Ago Set Ott Nov Dic
2012: Gen Feb Mar Apr Mag Giu Lug Ago Set Ott Nov Dic
2011: Gen Feb Mar Apr Mag Giu Lug Ago Set Ott Nov Dic
Report for 2022 Luglio
Monthly Climatological Summary for Jul 2022 Name: MeteoRedipuglia City: Fogliano Redipuglia State: Italy Elevation: 14 m Lat: N 45° 50' 38" Lon: E 013° 29' 21" Temperature (°C), Rain (mm), Wind Speed (m/s) Heat Cool Avg Mean Deg Deg Wind Dom Day Temp High Time Low Time Days Days Rain Speed High Time Dir ---------------------------------------------------------------------------------- 01 27.1 32.5 10:20 20.7 03:04 0.0 8.8 0.0 1.6 9.0 12:11 SSW 02 29.1 35.9 13:53 21.1 03:23 0.0 10.8 0.0 2.1 11.0 07:37 ESE 03 29.3 35.8 16:30 21.3 03:22 0.0 11.0 0.0 0.9 5.0 14:30 W 04 29.7 37.5 12:51 22.8 03:00 0.0 11.5 0.0 1.7 11.0 21:11 SW 05 26.6 34.6 12:52 20.9 15:24 0.0 8.4 0.0 1.9 15.0 13:34 E 06 27.4 34.1 15:34 20.5 02:22 0.0 9.1 0.0 1.5 7.0 10:54 WNW 07 23.2 31.5 11:38 16.9 21:01 0.2 5.1 0.3 2.3 14.0 16:50 E 08 24.0 31.0 14:21 17.1 00:00 0.2 6.0 0.0 1.6 8.0 10:14 NW 09 24.2 29.8 14:16 15.7 02:57 0.2 6.2 0.0 1.6 10.0 10:14 WNW 10 24.4 29.8 16:19 18.9 03:21 0.0 6.1 0.0 1.6 7.0 11:18 S 11 23.9 30.0 11:54 19.6 00:24 0.0 5.6 0.0 1.7 7.0 14:26 SSE 12 23.5 29.8 14:38 17.4 23:15 0.0 5.2 0.3 1.7 10.0 18:51 SSW 13 24.2 30.2 13:39 15.5 03:13 0.4 6.3 0.0 1.3 7.0 12:21 WSW 14 25.8 31.7 15:10 18.0 03:38 0.0 7.5 0.0 1.0 6.0 13:40 SSW 15 27.7 33.5 12:34 18.4 03:02 0.0 9.4 0.0 1.8 10.0 23:56 SSE 16 28.4 34.1 13:22 22.9 03:22 0.0 10.1 0.0 2.7 12.0 23:47 SE 17 28.0 33.1 15:27 22.8 23:58 0.0 9.7 0.0 5.0 16.0 01:52 ESE 18 27.4 35.7 13:54 19.7 03:46 0.0 9.1 0.0 2.1 12.0 09:02 ESE 19 28.1 36.0 13:34 19.6 03:26 0.0 9.8 0.0 1.6 8.0 16:08 SSW 20 27.7 34.9 10:54 20.1 02:17 0.0 9.4 0.0 1.6 9.0 06:25 S 21 28.6 36.0 13:36 20.2 03:57 0.0 10.3 0.0 1.3 7.0 13:14 WSW 22 29.5 37.4 13:25 21.5 03:46 0.0 11.2 0.0 1.3 7.0 11:05 SSW 23 29.3 37.2 13:00 21.5 03:22 0.0 11.0 0.0 1.3 6.0 15:06 SSW 24 30.7 38.4 14:47 22.2 04:18 0.0 12.5 0.0 2.3 10.0 07:31 E 25 30.4 36.5 14:51 23.4 03:58 0.0 12.1 0.0 1.2 7.0 11:06 WSW 26 26.9 32.7 14:11 22.7 07:08 0.0 8.6 0.0 2.8 13.0 12:08 ESE 27 27.6 33.0 13:42 22.0 06:14 0.0 9.3 0.3 3.7 14.0 08:37 E 28 28.1 35.6 13:40 22.2 23:39 0.0 9.8 0.0 2.8 11.0 06:57 ESE 29 27.7 33.7 12:59 21.3 02:41 0.0 9.4 0.0 1.5 7.0 13:07 SW 30 24.5 30.9 14:50 19.6 23:55 0.0 6.2 0.0 1.1 6.0 14:32 SSW 31 25.9 31.0 13:36 18.8 03:49 0.0 7.6 0.0 1.9 8.0 11:58 S ---------------------------------------------------------------------------------- 27.1 38.4 24 15.5 13 1.0 273.1 0.9 1.9 16.0 17 SSE Max >= 27.0 31 Max <= 0.0 0 Min <= 0.0 0 Min <= -5.0 0 Max Rain: 0.3 on day 7 Days of Rain: 3 (>= 0.2 mm) 0 (>= 2.0 mm) 0 (>= 20.0 mm) Heat Base: 18.3 Cool Base: 18.3 Method: Integration