NOAA-Style Climate Reports
Select a Year or Month report
2024: Gen Feb Mar Apr Mag Giu Lug Ago Set Ott Nov Dic
2023: Gen Feb Mar Apr Mag Giu Lug Ago Set Ott Nov Dic
2022: Gen Feb Mar Apr Mag Giu Lug Ago Set Ott Nov Dic
2021: Gen Feb Mar Apr Mag Giu Lug Ago Set Ott Nov Dic
2020: Gen Feb Mar Apr Mag Giu Lug Ago Set Ott Nov Dic
2019: Gen Feb Mar Apr Mag Giu Lug Ago Set Ott Nov Dic
2018: Gen Feb Mar Apr Mag Giu Lug Ago Set Ott Nov Dic
2017: Gen Feb Mar Apr Mag Giu Lug Ago Set Ott Nov Dic
2016: Gen Feb Mar Apr Mag Giu Lug Ago Set Ott Nov Dic
2015: Gen Feb Mar Apr Mag Giu Lug Ago Set Ott Nov Dic
2014: Gen Feb Mar Apr Mag Giu Lug Ago Set Ott Nov Dic
2013: Gen Feb Mar Apr Mag Giu Lug Ago Set Ott Nov Dic
2012: Gen Feb Mar Apr Mag Giu Lug Ago Set Ott Nov Dic
2011: Gen Feb Mar Apr Mag Giu Lug Ago Set Ott Nov Dic
2024: Gen Feb Mar Apr Mag Giu Lug Ago Set Ott Nov Dic
2023: Gen Feb Mar Apr Mag Giu Lug Ago Set Ott Nov Dic
2022: Gen Feb Mar Apr Mag Giu Lug Ago Set Ott Nov Dic
2021: Gen Feb Mar Apr Mag Giu Lug Ago Set Ott Nov Dic
2020: Gen Feb Mar Apr Mag Giu Lug Ago Set Ott Nov Dic
2019: Gen Feb Mar Apr Mag Giu Lug Ago Set Ott Nov Dic
2018: Gen Feb Mar Apr Mag Giu Lug Ago Set Ott Nov Dic
2017: Gen Feb Mar Apr Mag Giu Lug Ago Set Ott Nov Dic
2016: Gen Feb Mar Apr Mag Giu Lug Ago Set Ott Nov Dic
2015: Gen Feb Mar Apr Mag Giu Lug Ago Set Ott Nov Dic
2014: Gen Feb Mar Apr Mag Giu Lug Ago Set Ott Nov Dic
2013: Gen Feb Mar Apr Mag Giu Lug Ago Set Ott Nov Dic
2012: Gen Feb Mar Apr Mag Giu Lug Ago Set Ott Nov Dic
2011: Gen Feb Mar Apr Mag Giu Lug Ago Set Ott Nov Dic
Report for 2022 Agosto
Monthly Climatological Summary for Aug 2022 Name: MeteoRedipuglia City: Fogliano Redipuglia State: Italy Elevation: 14 m Lat: N 45° 50' 38" Lon: E 013° 29' 20" Temperature (°C), Rain (mm), Wind Speed (m/s) Heat Cool Avg Mean Deg Deg Wind Dom Day Temp High Time Low Time Days Days Rain Speed High Time Dir ---------------------------------------------------------------------------------- 01 27.6 33.1 14:25 20.5 23:59 0.0 9.2 0.0 1.6 11.0 23:47 SSW 02 26.2 33.8 15:43 19.5 02:59 0.0 7.9 0.3 1.9 13.0 01:06 NE 03 28.1 34.9 14:57 20.3 03:01 0.0 9.8 0.0 1.6 7.0 07:22 SW 04 29.2 35.9 14:17 21.3 03:32 0.0 10.9 0.0 1.4 7.0 10:55 WSW 05 29.2 35.3 13:31 22.0 04:24 0.0 10.9 0.0 1.2 7.0 11:52 SW 06 25.7 36.5 11:07 19.0 16:47 0.0 7.4 1.5 2.2 22.0 15:56 NE 07 26.7 31.6 14:00 21.1 03:24 0.0 8.4 0.0 3.7 14.0 22:28 E 08 27.8 33.4 13:56 23.4 22:51 0.0 9.5 0.0 4.0 11.0 17:28 E 09 27.9 33.6 12:12 21.3 03:55 0.0 9.6 0.0 2.8 11.0 16:49 ESE 10 26.9 32.3 12:41 20.3 02:48 0.0 8.6 0.0 2.9 12.0 15:32 ESE 11 27.4 32.5 17:03 22.0 04:31 0.0 9.1 0.0 3.0 12.0 07:20 E 12 23.0 30.2 09:21 18.2 12:50 0.0 4.7 0.0 2.2 13.0 12:34 ENE 13 21.5 28.2 14:33 16.2 02:36 0.2 3.4 0.0 1.4 9.0 14:57 ENE 14 23.4 29.8 14:07 15.6 02:56 0.4 5.5 0.0 1.3 6.0 10:56 S 15 25.0 31.2 12:21 18.0 03:37 0.0 6.7 0.0 1.4 8.0 14:28 SSW 16 24.5 30.3 15:39 19.0 02:16 0.0 6.2 0.3 1.5 8.0 03:24 S 17 25.7 32.4 14:11 19.6 04:00 0.0 7.4 0.0 1.0 6.0 10:00 SSW 18 25.2 33.0 10:35 20.2 12:19 0.0 6.9 0.3 1.8 18.0 11:48 NE 19 23.1 29.3 12:08 19.6 04:28 0.0 4.8 0.0 1.8 14.0 05:12 E 20 25.1 33.4 13:18 18.8 03:05 0.0 6.8 0.0 1.2 9.0 11:01 NNW 21 24.1 32.2 15:12 17.9 23:20 0.0 5.6 0.0 1.3 12.0 15:31 S 22 24.1 31.5 12:52 16.2 04:41 0.3 6.1 0.0 1.0 8.0 12:54 S 23 24.6 31.9 16:00 20.1 01:52 0.0 6.3 0.0 1.0 5.0 12:37 SW 24 26.1 34.6 14:23 18.1 04:36 0.0 7.9 0.0 1.1 6.0 09:48 NNW 25 26.5 32.6 11:55 21.2 04:55 0.0 8.0 0.0 1.3 6.0 09:25 NE 26 27.3 35.1 13:02 20.6 03:57 0.0 9.0 0.0 1.7 9.0 08:17 E 27 25.1 33.0 11:55 20.1 04:30 0.0 6.8 0.0 1.6 12.0 15:28 SE 28 24.4 30.5 13:39 20.1 05:23 0.0 6.1 0.3 1.4 7.0 05:25 SE 29 25.2 32.5 12:43 20.5 01:36 0.0 6.9 0.0 1.1 10.0 13:19 SE 30 25.8 32.3 13:32 18.6 04:30 0.0 7.5 0.0 1.1 7.0 14:21 SW 31 23.3 30.2 15:32 19.9 07:57 0.0 5.1 0.3 1.5 11.0 23:26 ENE ---------------------------------------------------------------------------------- 25.7 36.5 6 15.6 14 0.9 229.0 3.0 1.8 22.0 6 ESE Max >= 27.0 31 Max <= 0.0 0 Min <= 0.0 0 Min <= -5.0 0 Max Rain: 1.5 on day 6 Days of Rain: 6 (>= 0.2 mm) 0 (>= 2.0 mm) 0 (>= 20.0 mm) Heat Base: 18.3 Cool Base: 18.3 Method: Integration