NOAA-Style Climate Reports
Select a Year or Month report
2024: Gen Feb Mar Apr Mag Giu Lug Ago Set Ott Nov Dic
2023: Gen Feb Mar Apr Mag Giu Lug Ago Set Ott Nov Dic
2022: Gen Feb Mar Apr Mag Giu Lug Ago Set Ott Nov Dic
2021: Gen Feb Mar Apr Mag Giu Lug Ago Set Ott Nov Dic
2020: Gen Feb Mar Apr Mag Giu Lug Ago Set Ott Nov Dic
2019: Gen Feb Mar Apr Mag Giu Lug Ago Set Ott Nov Dic
2018: Gen Feb Mar Apr Mag Giu Lug Ago Set Ott Nov Dic
2017: Gen Feb Mar Apr Mag Giu Lug Ago Set Ott Nov Dic
2016: Gen Feb Mar Apr Mag Giu Lug Ago Set Ott Nov Dic
2015: Gen Feb Mar Apr Mag Giu Lug Ago Set Ott Nov Dic
2014: Gen Feb Mar Apr Mag Giu Lug Ago Set Ott Nov Dic
2013: Gen Feb Mar Apr Mag Giu Lug Ago Set Ott Nov Dic
2012: Gen Feb Mar Apr Mag Giu Lug Ago Set Ott Nov Dic
2011: Gen Feb Mar Apr Mag Giu Lug Ago Set Ott Nov Dic
2024: Gen Feb Mar Apr Mag Giu Lug Ago Set Ott Nov Dic
2023: Gen Feb Mar Apr Mag Giu Lug Ago Set Ott Nov Dic
2022: Gen Feb Mar Apr Mag Giu Lug Ago Set Ott Nov Dic
2021: Gen Feb Mar Apr Mag Giu Lug Ago Set Ott Nov Dic
2020: Gen Feb Mar Apr Mag Giu Lug Ago Set Ott Nov Dic
2019: Gen Feb Mar Apr Mag Giu Lug Ago Set Ott Nov Dic
2018: Gen Feb Mar Apr Mag Giu Lug Ago Set Ott Nov Dic
2017: Gen Feb Mar Apr Mag Giu Lug Ago Set Ott Nov Dic
2016: Gen Feb Mar Apr Mag Giu Lug Ago Set Ott Nov Dic
2015: Gen Feb Mar Apr Mag Giu Lug Ago Set Ott Nov Dic
2014: Gen Feb Mar Apr Mag Giu Lug Ago Set Ott Nov Dic
2013: Gen Feb Mar Apr Mag Giu Lug Ago Set Ott Nov Dic
2012: Gen Feb Mar Apr Mag Giu Lug Ago Set Ott Nov Dic
2011: Gen Feb Mar Apr Mag Giu Lug Ago Set Ott Nov Dic
Report for 2022 Settembre
Monthly Climatological Summary for Sep 2022 Name: MeteoRedipuglia City: Fogliano Redipuglia State: Italy Elevation: 14 m Lat: N 45° 50' 38" Lon: E 013° 29' 20" Temperature (°C), Rain (mm), Wind Speed (m/s) Heat Cool Avg Mean Deg Deg Wind Dom Day Temp High Time Low Time Days Days Rain Speed High Time Dir ---------------------------------------------------------------------------------- 01 21.5 25.7 12:56 16.3 23:00 0.1 3.3 0.0 2.9 14.0 00:13 ESE 02 22.1 29.5 15:04 14.8 03:54 0.4 4.2 0.0 2.1 9.0 08:56 ESE 03 22.5 29.8 13:03 15.4 03:31 0.3 4.6 0.0 1.1 7.0 14:16 SSW 04 23.4 30.5 13:27 17.4 02:28 0.1 5.2 0.0 1.2 7.0 14:40 SSW 05 24.6 31.8 13:12 17.0 03:04 0.0 6.3 0.0 1.0 6.0 12:12 SW 06 24.6 30.9 12:51 17.4 01:48 0.0 6.2 0.0 1.4 6.0 11:50 S 07 23.6 31.6 15:30 19.8 06:00 0.0 5.3 0.3 0.8 4.0 02:00 SSE 08 20.5 24.5 14:18 18.1 08:46 0.0 2.2 0.0 1.8 14.0 10:21 ESE 09 20.5 26.8 13:21 17.1 22:10 0.1 2.2 0.0 2.5 12.0 11:01 E 10 21.2 29.6 16:09 15.1 04:56 0.6 3.5 0.0 1.4 7.0 13:08 SSE 11 21.7 28.5 14:54 16.0 03:12 0.4 3.8 0.0 1.0 6.0 11:35 WSW 12 21.0 28.9 11:44 14.2 03:12 0.9 3.6 0.0 1.0 6.0 13:59 SSW 13 20.9 26.8 09:07 15.1 03:00 0.5 3.2 0.0 0.9 5.0 11:45 SSW 14 23.4 27.3 10:56 19.9 00:00 0.0 5.1 0.0 1.9 8.0 14:32 S 15 24.2 27.6 12:16 22.2 04:11 0.0 5.9 0.0 2.2 10.0 13:03 SSW 16 20.6 25.7 13:23 15.2 23:30 0.4 2.6 0.3 4.5 15.0 06:39 E 17 13.7 18.9 14:45 10.4 23:58 4.6 0.0 0.0 1.8 15.0 01:45 ENE 18 16.5 23.2 09:58 10.1 00:13 2.9 1.1 0.0 1.7 5.0 01:34 SSE 19 19.3 29.3 15:07 13.2 21:17 1.5 2.5 0.0 2.3 10.0 20:07 ENE 20 17.5 24.9 13:13 9.2 02:29 2.6 1.7 0.0 1.5 9.0 20:51 ENE 21 16.3 23.7 13:28 8.6 04:58 3.1 1.1 0.0 0.9 6.0 02:24 ESE 22 15.1 23.6 14:29 7.8 04:37 4.1 1.0 0.0 0.9 5.0 11:17 SSW 23 15.5 22.1 12:07 8.1 03:16 3.7 0.9 0.0 1.0 7.0 12:59 SSW 24 16.6 22.1 12:45 12.3 02:33 2.2 0.5 0.3 1.1 7.0 23:41 SE 25 17.0 21.8 11:11 13.8 02:10 1.7 0.4 0.0 1.6 10.0 05:31 SSE 26 16.8 21.9 10:07 12.2 22:28 2.3 0.9 0.0 1.6 12.0 21:50 SE 27 15.2 24.5 13:34 11.8 23:21 3.4 0.3 0.0 1.6 11.0 00:14 ENE 28 15.6 21.5 13:16 11.0 05:09 3.1 0.4 0.0 1.3 7.0 13:44 SE 29 17.5 22.6 13:00 14.4 23:00 1.7 0.9 0.0 2.0 7.0 11:30 SSE 30 16.2 19.8 12:30 13.6 02:30 2.3 0.2 0.0 2.1 6.0 04:00 SE ---------------------------------------------------------------------------------- 19.5 31.8 5 7.8 22 43.0 79.1 0.9 1.6 15.0 16 SE Max >= 27.0 12 Max <= 0.0 0 Min <= 0.0 0 Min <= -5.0 0 Max Rain: 0.3 on day 7 Days of Rain: 3 (>= 0.2 mm) 0 (>= 2.0 mm) 0 (>= 20.0 mm) Heat Base: 18.3 Cool Base: 18.3 Method: Integration