NOAA-Style Climate Reports
Select a Year or Month report
2024: Gen Feb Mar Apr Mag Giu Lug Ago Set Ott Nov Dic
2023: Gen Feb Mar Apr Mag Giu Lug Ago Set Ott Nov Dic
2022: Gen Feb Mar Apr Mag Giu Lug Ago Set Ott Nov Dic
2021: Gen Feb Mar Apr Mag Giu Lug Ago Set Ott Nov Dic
2020: Gen Feb Mar Apr Mag Giu Lug Ago Set Ott Nov Dic
2019: Gen Feb Mar Apr Mag Giu Lug Ago Set Ott Nov Dic
2018: Gen Feb Mar Apr Mag Giu Lug Ago Set Ott Nov Dic
2017: Gen Feb Mar Apr Mag Giu Lug Ago Set Ott Nov Dic
2016: Gen Feb Mar Apr Mag Giu Lug Ago Set Ott Nov Dic
2015: Gen Feb Mar Apr Mag Giu Lug Ago Set Ott Nov Dic
2014: Gen Feb Mar Apr Mag Giu Lug Ago Set Ott Nov Dic
2013: Gen Feb Mar Apr Mag Giu Lug Ago Set Ott Nov Dic
2012: Gen Feb Mar Apr Mag Giu Lug Ago Set Ott Nov Dic
2011: Gen Feb Mar Apr Mag Giu Lug Ago Set Ott Nov Dic
2024: Gen Feb Mar Apr Mag Giu Lug Ago Set Ott Nov Dic
2023: Gen Feb Mar Apr Mag Giu Lug Ago Set Ott Nov Dic
2022: Gen Feb Mar Apr Mag Giu Lug Ago Set Ott Nov Dic
2021: Gen Feb Mar Apr Mag Giu Lug Ago Set Ott Nov Dic
2020: Gen Feb Mar Apr Mag Giu Lug Ago Set Ott Nov Dic
2019: Gen Feb Mar Apr Mag Giu Lug Ago Set Ott Nov Dic
2018: Gen Feb Mar Apr Mag Giu Lug Ago Set Ott Nov Dic
2017: Gen Feb Mar Apr Mag Giu Lug Ago Set Ott Nov Dic
2016: Gen Feb Mar Apr Mag Giu Lug Ago Set Ott Nov Dic
2015: Gen Feb Mar Apr Mag Giu Lug Ago Set Ott Nov Dic
2014: Gen Feb Mar Apr Mag Giu Lug Ago Set Ott Nov Dic
2013: Gen Feb Mar Apr Mag Giu Lug Ago Set Ott Nov Dic
2012: Gen Feb Mar Apr Mag Giu Lug Ago Set Ott Nov Dic
2011: Gen Feb Mar Apr Mag Giu Lug Ago Set Ott Nov Dic
Report for 2022 Novembre
Monthly Climatological Summary for Nov 2022 Name: MeteoRedipuglia City: Fogliano Redipuglia State: Italy Elevation: 14 m Lat: N 45° 50' 38" Lon: E 013° 29' 20" Temperature (°C), Rain (mm), Wind Speed (m/s) Heat Cool Avg Mean Deg Deg Wind Dom Day Temp High Time Low Time Days Days Rain Speed High Time Dir ---------------------------------------------------------------------------------- 01 15.4 22.8 09:52 9.4 04:54 3.4 0.5 0.0 0.6 4.0 12:22 S 02 16.5 21.5 12:54 13.4 04:30 2.3 0.5 0.0 0.7 4.0 11:57 S 03 15.8 21.4 11:26 13.7 03:22 2.6 0.1 0.0 0.9 4.0 01:13 SE 04 15.4 19.4 15:09 10.9 22:55 3.0 0.1 0.0 2.6 16.0 10:08 SSE 05 12.2 20.4 15:07 6.2 23:59 6.3 0.2 0.0 0.6 4.0 19:33 SE 06 10.8 20.7 11:51 4.8 04:59 7.5 0.1 0.0 1.0 7.0 12:58 NE 07 11.8 21.0 11:34 5.9 01:56 6.7 0.1 0.0 0.6 4.0 11:14 NW 08 11.9 20.1 12:56 5.3 03:12 6.4 0.0 0.0 0.5 4.0 11:41 S 09 13.8 16.8 11:26 11.2 00:00 4.5 0.0 0.3 0.4 4.0 07:26 WNW 10 12.9 15.0 10:11 8.2 23:48 5.4 0.0 0.0 0.9 5.0 08:49 E 11 11.8 19.9 12:38 6.8 22:38 6.6 0.0 0.0 1.0 5.0 00:52 ENE 12 12.0 16.7 14:07 6.4 00:49 6.3 0.0 0.0 1.1 15.0 22:58 ENE 13 13.2 18.3 11:40 8.2 04:45 5.1 0.0 0.3 3.5 17.0 05:53 E 14 11.9 15.6 13:05 9.7 00:05 6.4 0.0 0.0 1.5 8.0 06:05 E 15 11.8 17.0 10:10 8.4 02:10 6.5 0.0 0.0 0.8 4.0 07:10 SE 16 12.4 14.3 13:40 11.2 00:10 5.9 0.0 3.0 0.8 4.0 05:10 NNE 17 12.1 14.2 10:40 9.6 03:10 6.2 0.0 0.0 1.1 5.0 23:31 ESE 18 11.2 15.6 11:58 6.2 22:56 7.1 0.0 4.2 1.1 10.0 13:49 E 19 10.4 14.1 11:16 6.0 00:18 7.9 0.0 0.0 2.5 13.0 19:15 E 20 8.8 16.5 12:29 3.6 23:43 9.5 0.0 0.0 0.9 5.0 00:43 NE 21 9.2 16.5 14:20 3.9 00:00 9.1 0.0 0.3 1.2 7.0 23:17 ESE 22 8.7 10.6 06:44 7.2 21:36 9.6 0.0 31.8 3.7 22.0 12:35 ENE 23 8.5 14.7 14:17 5.7 19:07 9.8 0.0 0.3 1.0 5.0 23:43 ESE 24 9.2 18.1 12:48 4.8 05:59 9.1 0.0 0.0 0.7 5.0 04:23 NNE 25 10.8 16.7 09:32 6.6 00:49 7.5 0.0 0.0 1.2 5.0 03:20 E 26 9.9 17.2 12:59 5.0 04:58 8.4 0.0 0.0 1.5 7.0 18:37 E 27 7.3 14.1 12:20 1.7 23:48 11.0 0.0 0.0 1.7 10.0 11:36 E 28 6.4 11.4 11:08 0.5 05:25 11.9 0.0 0.0 0.9 5.0 23:11 ENE 29 5.4 9.3 13:24 1.7 19:57 12.9 0.0 0.6 1.2 8.0 11:29 E 30 5.6 10.6 11:34 1.1 05:53 12.7 0.0 0.0 1.0 8.0 12:14 ENE ---------------------------------------------------------------------------------- 11.1 22.8 1 0.5 28 217.6 1.6 40.8 1.2 22.0 22 E Max >= 27.0 0 Max <= 0.0 0 Min <= 0.0 0 Min <= -5.0 0 Max Rain: 31.8 on day 22 Days of Rain: 8 (>= 0.2 mm) 3 (>= 2.0 mm) 1 (>= 20.0 mm) Heat Base: 18.3 Cool Base: 18.3 Method: Integration