NOAA-Style Climate Reports
Select a Year or Month report
2024: Gen Feb Mar Apr Mag Giu Lug Ago Set Ott Nov Dic
2023: Gen Feb Mar Apr Mag Giu Lug Ago Set Ott Nov Dic
2022: Gen Feb Mar Apr Mag Giu Lug Ago Set Ott Nov Dic
2021: Gen Feb Mar Apr Mag Giu Lug Ago Set Ott Nov Dic
2020: Gen Feb Mar Apr Mag Giu Lug Ago Set Ott Nov Dic
2019: Gen Feb Mar Apr Mag Giu Lug Ago Set Ott Nov Dic
2018: Gen Feb Mar Apr Mag Giu Lug Ago Set Ott Nov Dic
2017: Gen Feb Mar Apr Mag Giu Lug Ago Set Ott Nov Dic
2016: Gen Feb Mar Apr Mag Giu Lug Ago Set Ott Nov Dic
2015: Gen Feb Mar Apr Mag Giu Lug Ago Set Ott Nov Dic
2014: Gen Feb Mar Apr Mag Giu Lug Ago Set Ott Nov Dic
2013: Gen Feb Mar Apr Mag Giu Lug Ago Set Ott Nov Dic
2012: Gen Feb Mar Apr Mag Giu Lug Ago Set Ott Nov Dic
2011: Gen Feb Mar Apr Mag Giu Lug Ago Set Ott Nov Dic
2024: Gen Feb Mar Apr Mag Giu Lug Ago Set Ott Nov Dic
2023: Gen Feb Mar Apr Mag Giu Lug Ago Set Ott Nov Dic
2022: Gen Feb Mar Apr Mag Giu Lug Ago Set Ott Nov Dic
2021: Gen Feb Mar Apr Mag Giu Lug Ago Set Ott Nov Dic
2020: Gen Feb Mar Apr Mag Giu Lug Ago Set Ott Nov Dic
2019: Gen Feb Mar Apr Mag Giu Lug Ago Set Ott Nov Dic
2018: Gen Feb Mar Apr Mag Giu Lug Ago Set Ott Nov Dic
2017: Gen Feb Mar Apr Mag Giu Lug Ago Set Ott Nov Dic
2016: Gen Feb Mar Apr Mag Giu Lug Ago Set Ott Nov Dic
2015: Gen Feb Mar Apr Mag Giu Lug Ago Set Ott Nov Dic
2014: Gen Feb Mar Apr Mag Giu Lug Ago Set Ott Nov Dic
2013: Gen Feb Mar Apr Mag Giu Lug Ago Set Ott Nov Dic
2012: Gen Feb Mar Apr Mag Giu Lug Ago Set Ott Nov Dic
2011: Gen Feb Mar Apr Mag Giu Lug Ago Set Ott Nov Dic
Report for 2022 Dicembre
Monthly Climatological Summary for Dec 2022 Name: MeteoRedipuglia City: Fogliano Redipuglia State: Italy Elevation: 14 m Lat: N 45° 50' 38" Lon: E 013° 29' 20" Temperature (°C), Rain (mm), Wind Speed (m/s) Heat Cool Avg Mean Deg Deg Wind Dom Day Temp High Time Low Time Days Days Rain Speed High Time Dir ---------------------------------------------------------------------------------- 01 7.9 13.9 13:13 3.0 06:05 10.4 0.0 0.3 1.9 10.0 18:33 E 02 7.2 9.6 11:29 5.4 05:13 11.1 0.0 1.5 2.2 9.0 06:17 E 03 8.2 9.8 15:11 6.2 00:26 10.1 0.0 2.7 2.0 11.0 22:14 ENE 04 9.2 11.0 07:38 8.1 03:30 9.1 0.0 11.4 4.0 14.0 09:46 E 05 10.8 15.2 10:15 8.2 01:59 7.5 0.0 27.0 1.4 10.0 18:21 SE 06 8.7 17.2 12:30 3.9 23:20 9.6 0.0 0.3 0.5 4.0 07:31 NNE 07 7.7 13.5 12:25 2.9 01:18 10.6 0.0 0.0 2.5 10.0 20:18 E 08 8.2 14.6 10:26 5.8 04:36 10.1 0.0 0.3 0.5 6.0 01:35 ESE 09 8.7 11.0 12:42 6.3 04:08 9.6 0.0 45.0 1.1 9.0 10:02 NNE 10 8.2 10.4 11:43 6.0 23:28 10.1 0.0 2.4 0.6 6.0 13:16 NE 11 4.5 6.8 08:49 2.7 21:48 13.8 0.0 5.1 0.9 7.0 13:20 ENE 12 2.6 9.9 13:44 -1.7 06:10 15.7 0.0 0.0 0.6 4.0 12:51 NNE 13 2.2 4.3 12:16 -1.7 01:28 16.1 0.0 0.0 1.3 8.0 04:36 ENE 14 4.5 8.2 12:08 2.4 03:44 13.8 0.0 0.0 0.5 5.0 01:08 NNE 15 6.1 10.3 23:56 3.6 01:48 12.2 0.0 20.4 1.1 7.0 21:49 NE 16 9.7 11.2 00:08 8.7 08:55 8.6 0.0 14.7 0.5 4.0 00:00 SSE 17 7.5 9.3 00:13 3.6 23:08 10.8 0.0 1.5 2.2 12.0 11:33 E 18 4.1 12.3 11:31 -0.4 23:00 14.0 0.0 0.0 0.9 6.0 00:00 NE 19 3.8 10.4 12:22 -0.4 00:00 14.4 0.0 0.0 0.7 3.0 13:23 E 20 4.2 7.4 13:34 0.5 04:31 14.1 0.0 0.0 0.3 2.0 02:25 WNW 21 5.9 6.9 12:14 4.2 01:54 12.4 0.0 0.3 0.1 2.0 00:08 NW 22 6.7 8.2 12:43 5.0 06:51 11.6 0.0 0.3 0.4 2.0 11:56 SSW 23 8.0 9.0 14:02 7.5 00:00 10.3 0.0 0.3 0.3 3.0 20:15 S 24 8.7 10.8 13:47 7.4 06:30 9.6 0.0 0.0 0.3 3.0 10:25 NW 25 9.8 11.9 12:26 8.8 02:43 8.5 0.0 0.0 0.3 4.0 00:57 WSW 26 9.7 10.8 11:07 8.4 01:07 8.6 0.0 0.0 0.2 2.0 00:51 S 27 10.1 11.4 20:47 9.5 03:12 8.2 0.0 0.0 0.9 10.0 23:45 ESE 28 9.3 12.1 11:51 6.5 22:16 9.0 0.0 0.0 0.7 10.0 00:02 ESE 29 8.6 11.4 12:23 6.9 05:00 9.7 0.0 3.0 0.3 4.0 02:14 NNW 30 10.3 12.7 12:40 8.4 02:21 8.0 0.0 0.9 0.2 3.0 00:58 N 31 10.4 12.1 13:15 9.0 04:47 7.9 0.0 0.0 0.1 3.0 16:50 SSW ---------------------------------------------------------------------------------- 7.5 17.2 6 -1.7 12 335.5 0.0 137.4 1.0 14.0 4 E Max >= 27.0 0 Max <= 0.0 0 Min <= 0.0 4 Min <= -5.0 0 Max Rain: 45.0 on day 9 Days of Rain: 18 (>= 0.2 mm) 9 (>= 2.0 mm) 3 (>= 20.0 mm) Heat Base: 18.3 Cool Base: 18.3 Method: Integration