NOAA-Style Climate Reports
Select a Year or Month report
2024: Gen Feb Mar Apr Mag Giu Lug Ago Set Ott Nov Dic
2023: Gen Feb Mar Apr Mag Giu Lug Ago Set Ott Nov Dic
2022: Gen Feb Mar Apr Mag Giu Lug Ago Set Ott Nov Dic
2021: Gen Feb Mar Apr Mag Giu Lug Ago Set Ott Nov Dic
2020: Gen Feb Mar Apr Mag Giu Lug Ago Set Ott Nov Dic
2019: Gen Feb Mar Apr Mag Giu Lug Ago Set Ott Nov Dic
2018: Gen Feb Mar Apr Mag Giu Lug Ago Set Ott Nov Dic
2017: Gen Feb Mar Apr Mag Giu Lug Ago Set Ott Nov Dic
2016: Gen Feb Mar Apr Mag Giu Lug Ago Set Ott Nov Dic
2015: Gen Feb Mar Apr Mag Giu Lug Ago Set Ott Nov Dic
2014: Gen Feb Mar Apr Mag Giu Lug Ago Set Ott Nov Dic
2013: Gen Feb Mar Apr Mag Giu Lug Ago Set Ott Nov Dic
2012: Gen Feb Mar Apr Mag Giu Lug Ago Set Ott Nov Dic
2011: Gen Feb Mar Apr Mag Giu Lug Ago Set Ott Nov Dic
2024: Gen Feb Mar Apr Mag Giu Lug Ago Set Ott Nov Dic
2023: Gen Feb Mar Apr Mag Giu Lug Ago Set Ott Nov Dic
2022: Gen Feb Mar Apr Mag Giu Lug Ago Set Ott Nov Dic
2021: Gen Feb Mar Apr Mag Giu Lug Ago Set Ott Nov Dic
2020: Gen Feb Mar Apr Mag Giu Lug Ago Set Ott Nov Dic
2019: Gen Feb Mar Apr Mag Giu Lug Ago Set Ott Nov Dic
2018: Gen Feb Mar Apr Mag Giu Lug Ago Set Ott Nov Dic
2017: Gen Feb Mar Apr Mag Giu Lug Ago Set Ott Nov Dic
2016: Gen Feb Mar Apr Mag Giu Lug Ago Set Ott Nov Dic
2015: Gen Feb Mar Apr Mag Giu Lug Ago Set Ott Nov Dic
2014: Gen Feb Mar Apr Mag Giu Lug Ago Set Ott Nov Dic
2013: Gen Feb Mar Apr Mag Giu Lug Ago Set Ott Nov Dic
2012: Gen Feb Mar Apr Mag Giu Lug Ago Set Ott Nov Dic
2011: Gen Feb Mar Apr Mag Giu Lug Ago Set Ott Nov Dic
Report for 2023 Gennaio
Monthly Climatological Summary for Jan 2023 Name: MeteoRedipuglia City: Fogliano Redipuglia State: Italy Elevation: 14 m Lat: N 45° 50' 38" Lon: E 013° 29' 20" Temperature (°C), Rain (mm), Wind Speed (m/s) Heat Cool Avg Mean Deg Deg Wind Dom Day Temp High Time Low Time Days Days Rain Speed High Time Dir ---------------------------------------------------------------------------------- 01 10.5 11.6 11:27 10.0 05:22 7.8 0.0 0.0 0.1 2.0 00:00 SW 02 10.0 10.4 00:49 9.7 16:33 8.3 0.0 0.9 0.2 2.0 13:25 SSW 03 10.6 11.9 13:56 9.8 00:02 7.7 0.0 0.6 0.2 3.0 04:23 NNE 04 10.8 16.8 12:59 9.3 06:07 7.5 0.0 0.0 0.6 3.0 13:18 SSE 05 9.6 10.5 11:09 9.2 23:46 8.7 0.0 0.0 0.3 2.0 11:54 S 06 10.1 11.5 12:25 9.2 03:49 8.2 0.0 0.0 0.7 6.0 08:32 E 07 9.3 10.6 12:53 8.1 23:58 9.0 0.0 0.0 0.3 2.0 04:06 WSW 08 8.9 11.5 23:38 7.7 04:22 9.4 0.0 15.3 1.0 8.0 23:47 SE 09 10.1 12.9 10:55 6.8 20:44 8.3 0.0 34.8 1.3 8.0 16:39 SE 10 8.2 15.8 10:02 2.1 23:55 10.1 0.0 0.0 0.7 5.0 22:35 SE 11 6.6 14.7 13:19 1.2 00:24 11.7 0.0 0.0 0.5 6.0 20:30 ENE 12 8.7 16.1 12:18 4.2 23:07 9.6 0.0 0.0 0.7 5.0 02:47 N 13 8.1 11.5 11:49 3.6 05:58 10.2 0.0 0.0 0.6 6.0 22:08 E 14 8.7 17.5 12:12 3.6 03:50 9.6 0.0 0.0 0.7 7.0 00:10 NE 15 8.0 10.8 12:16 3.5 02:00 10.3 0.0 26.7 0.8 5.0 22:36 E 16 7.3 10.4 14:01 3.6 23:45 11.0 0.0 14.4 2.2 12.0 05:57 E 17 5.6 7.9 10:43 3.3 00:52 12.7 0.0 9.0 1.1 7.0 17:12 ENE 18 6.0 9.0 15:14 4.5 03:15 12.3 0.0 0.6 0.6 5.0 18:56 ENE 19 5.1 6.1 10:42 3.5 12:11 13.2 0.0 11.7 3.3 17.0 23:21 E 20 4.9 10.0 11:45 -0.5 23:53 13.4 0.0 0.0 3.5 17.0 00:05 E 21 4.6 6.8 09:35 -1.0 02:56 13.7 0.0 0.0 2.6 14.0 08:22 ENE 22 5.0 9.1 14:05 1.7 07:14 13.3 0.0 0.0 1.9 10.0 14:26 ENE 23 8.4 10.5 11:07 5.5 00:57 9.9 0.0 0.3 4.8 21.0 12:55 E 24 7.3 14.2 10:02 3.1 05:57 11.0 0.0 0.6 1.4 8.0 17:20 ENE 25 7.1 12.5 12:42 -0.3 23:52 11.2 0.0 0.0 3.3 14.0 10:19 E 26 3.2 8.9 12:59 -0.8 06:42 15.1 0.0 0.0 1.6 10.0 09:39 E 27 4.1 8.1 11:10 0.7 01:24 14.2 0.0 0.0 2.7 11.0 08:06 E 28 3.0 7.5 12:31 -1.0 02:29 15.3 0.0 0.0 1.1 9.0 07:14 ESE 29 4.4 11.4 14:10 -0.4 23:28 13.9 0.0 0.0 1.0 5.0 18:20 NNE 30 3.0 10.4 13:16 -2.3 04:48 15.3 0.0 0.0 1.0 6.0 01:49 SE 31 4.2 12.8 13:21 -2.8 06:16 14.1 0.0 0.0 0.9 5.0 21:16 SSE ---------------------------------------------------------------------------------- 7.1 17.5 14 -2.8 31 346.0 0.0 114.9 1.3 21.0 23 E Max >= 27.0 0 Max <= 0.0 0 Min <= 0.0 8 Min <= -5.0 0 Max Rain: 34.8 on day 9 Days of Rain: 11 (>= 0.2 mm) 6 (>= 2.0 mm) 2 (>= 20.0 mm) Heat Base: 18.3 Cool Base: 18.3 Method: Integration