NOAA-Style Climate Reports
Select a Year or Month report
2024: Gen Feb Mar Apr Mag Giu Lug Ago Set Ott Nov Dic
2023: Gen Feb Mar Apr Mag Giu Lug Ago Set Ott Nov Dic
2022: Gen Feb Mar Apr Mag Giu Lug Ago Set Ott Nov Dic
2021: Gen Feb Mar Apr Mag Giu Lug Ago Set Ott Nov Dic
2020: Gen Feb Mar Apr Mag Giu Lug Ago Set Ott Nov Dic
2019: Gen Feb Mar Apr Mag Giu Lug Ago Set Ott Nov Dic
2018: Gen Feb Mar Apr Mag Giu Lug Ago Set Ott Nov Dic
2017: Gen Feb Mar Apr Mag Giu Lug Ago Set Ott Nov Dic
2016: Gen Feb Mar Apr Mag Giu Lug Ago Set Ott Nov Dic
2015: Gen Feb Mar Apr Mag Giu Lug Ago Set Ott Nov Dic
2014: Gen Feb Mar Apr Mag Giu Lug Ago Set Ott Nov Dic
2013: Gen Feb Mar Apr Mag Giu Lug Ago Set Ott Nov Dic
2012: Gen Feb Mar Apr Mag Giu Lug Ago Set Ott Nov Dic
2011: Gen Feb Mar Apr Mag Giu Lug Ago Set Ott Nov Dic
2024: Gen Feb Mar Apr Mag Giu Lug Ago Set Ott Nov Dic
2023: Gen Feb Mar Apr Mag Giu Lug Ago Set Ott Nov Dic
2022: Gen Feb Mar Apr Mag Giu Lug Ago Set Ott Nov Dic
2021: Gen Feb Mar Apr Mag Giu Lug Ago Set Ott Nov Dic
2020: Gen Feb Mar Apr Mag Giu Lug Ago Set Ott Nov Dic
2019: Gen Feb Mar Apr Mag Giu Lug Ago Set Ott Nov Dic
2018: Gen Feb Mar Apr Mag Giu Lug Ago Set Ott Nov Dic
2017: Gen Feb Mar Apr Mag Giu Lug Ago Set Ott Nov Dic
2016: Gen Feb Mar Apr Mag Giu Lug Ago Set Ott Nov Dic
2015: Gen Feb Mar Apr Mag Giu Lug Ago Set Ott Nov Dic
2014: Gen Feb Mar Apr Mag Giu Lug Ago Set Ott Nov Dic
2013: Gen Feb Mar Apr Mag Giu Lug Ago Set Ott Nov Dic
2012: Gen Feb Mar Apr Mag Giu Lug Ago Set Ott Nov Dic
2011: Gen Feb Mar Apr Mag Giu Lug Ago Set Ott Nov Dic
Report for 2023 Febbraio
Monthly Climatological Summary for Feb 2023 Name: MeteoRedipuglia City: Fogliano Redipuglia State: Italy Elevation: 14 m Lat: N 45° 50' 38" Lon: E 013° 29' 20" Temperature (°C), Rain (mm), Wind Speed (m/s) Heat Cool Avg Mean Deg Deg Wind Dom Day Temp High Time Low Time Days Days Rain Speed High Time Dir ---------------------------------------------------------------------------------- 01 6.4 13.1 10:23 3.2 00:28 11.9 0.0 0.0 0.7 5.0 13:47 S 02 5.4 12.9 13:51 1.3 02:03 12.9 0.0 0.0 0.6 6.0 22:44 S 03 6.4 14.0 11:31 0.2 02:17 11.9 0.0 0.0 0.8 8.0 07:37 ENE 04 7.6 16.0 12:52 0.3 06:26 10.7 0.0 0.0 1.8 13.0 17:53 ESE 05 3.6 9.4 13:14 -0.3 03:42 14.6 0.0 0.0 1.2 8.0 21:49 E 06 2.4 8.3 12:38 -1.4 23:54 15.9 0.0 0.0 1.7 12.0 19:46 E 07 2.1 9.8 12:53 -4.3 06:25 16.1 0.0 0.0 2.1 9.0 18:34 E 08 1.5 4.3 13:34 -3.2 06:10 16.8 0.0 0.0 6.1 24.0 12:35 E 09 2.5 8.9 12:52 -3.4 23:49 15.8 0.0 0.0 3.9 18.0 06:07 E 10 2.6 13.7 14:03 -5.3 04:30 15.7 0.0 0.0 0.9 7.0 12:22 N 11 4.4 14.5 12:57 -3.4 06:24 13.9 0.0 0.0 0.7 4.0 02:52 WSW 12 5.6 15.7 15:36 -1.4 06:05 12.7 0.0 0.0 0.7 4.0 13:27 WSW 13 6.6 17.0 13:09 -1.3 05:59 11.7 0.0 0.0 0.8 5.0 12:29 NW 14 6.7 16.0 13:16 -0.3 04:42 11.6 0.0 0.0 0.6 5.0 05:12 S 15 8.7 19.4 12:27 1.8 23:29 9.6 0.0 0.0 0.8 5.0 02:53 SSE 16 7.7 14.9 09:46 -0.1 04:05 10.6 0.0 0.0 0.4 4.0 11:20 SSW 17 7.5 9.3 10:11 5.8 01:51 10.8 0.0 0.0 0.7 4.0 09:53 SSE 18 8.8 12.5 12:32 6.8 00:36 9.5 0.0 0.0 1.0 5.0 14:20 SSE 19 8.7 10.4 14:00 7.2 05:11 9.6 0.0 0.0 0.2 2.0 06:59 SSE 20 10.1 16.7 10:08 4.1 23:50 8.2 0.0 0.0 0.8 5.0 12:52 SSW 21 8.4 11.5 11:20 3.4 01:09 9.9 0.0 0.0 0.3 3.0 12:22 WSW 22 10.2 17.5 12:49 4.0 05:57 8.1 0.0 0.0 0.7 4.0 15:14 S 23 9.3 13.6 12:19 4.0 23:45 9.0 0.0 0.0 0.4 4.0 13:35 S 24 8.1 11.4 12:41 3.7 02:04 10.2 0.0 0.0 0.7 5.0 03:30 S 25 10.7 13.5 12:30 7.4 23:58 7.6 0.0 0.0 1.9 21.0 23:50 SE 26 5.8 7.4 00:00 3.7 22:07 12.5 0.0 0.0 5.1 25.0 00:22 E 27 4.9 7.4 13:46 3.4 04:22 13.4 0.0 0.0 6.9 19.0 09:25 E 28 6.1 9.9 12:56 3.9 01:37 12.2 0.0 0.0 6.0 17.0 11:30 E ---------------------------------------------------------------------------------- 6.4 19.4 15 -5.3 10 333.4 0.0 0.0 1.7 25.0 26 ESE Max >= 27.0 0 Max <= 0.0 0 Min <= 0.0 11 Min <= -5.0 1 Max Rain: 0.0 on day 0 Days of Rain: 0 (>= 0.2 mm) 0 (>= 2.0 mm) 0 (>= 20.0 mm) Heat Base: 18.3 Cool Base: 18.3 Method: Integration