NOAA-Style Climate Reports
Select a Year or Month report
2024: Gen Feb Mar Apr Mag Giu Lug Ago Set Ott Nov Dic
2023: Gen Feb Mar Apr Mag Giu Lug Ago Set Ott Nov Dic
2022: Gen Feb Mar Apr Mag Giu Lug Ago Set Ott Nov Dic
2021: Gen Feb Mar Apr Mag Giu Lug Ago Set Ott Nov Dic
2020: Gen Feb Mar Apr Mag Giu Lug Ago Set Ott Nov Dic
2019: Gen Feb Mar Apr Mag Giu Lug Ago Set Ott Nov Dic
2018: Gen Feb Mar Apr Mag Giu Lug Ago Set Ott Nov Dic
2017: Gen Feb Mar Apr Mag Giu Lug Ago Set Ott Nov Dic
2016: Gen Feb Mar Apr Mag Giu Lug Ago Set Ott Nov Dic
2015: Gen Feb Mar Apr Mag Giu Lug Ago Set Ott Nov Dic
2014: Gen Feb Mar Apr Mag Giu Lug Ago Set Ott Nov Dic
2013: Gen Feb Mar Apr Mag Giu Lug Ago Set Ott Nov Dic
2012: Gen Feb Mar Apr Mag Giu Lug Ago Set Ott Nov Dic
2011: Gen Feb Mar Apr Mag Giu Lug Ago Set Ott Nov Dic
2024: Gen Feb Mar Apr Mag Giu Lug Ago Set Ott Nov Dic
2023: Gen Feb Mar Apr Mag Giu Lug Ago Set Ott Nov Dic
2022: Gen Feb Mar Apr Mag Giu Lug Ago Set Ott Nov Dic
2021: Gen Feb Mar Apr Mag Giu Lug Ago Set Ott Nov Dic
2020: Gen Feb Mar Apr Mag Giu Lug Ago Set Ott Nov Dic
2019: Gen Feb Mar Apr Mag Giu Lug Ago Set Ott Nov Dic
2018: Gen Feb Mar Apr Mag Giu Lug Ago Set Ott Nov Dic
2017: Gen Feb Mar Apr Mag Giu Lug Ago Set Ott Nov Dic
2016: Gen Feb Mar Apr Mag Giu Lug Ago Set Ott Nov Dic
2015: Gen Feb Mar Apr Mag Giu Lug Ago Set Ott Nov Dic
2014: Gen Feb Mar Apr Mag Giu Lug Ago Set Ott Nov Dic
2013: Gen Feb Mar Apr Mag Giu Lug Ago Set Ott Nov Dic
2012: Gen Feb Mar Apr Mag Giu Lug Ago Set Ott Nov Dic
2011: Gen Feb Mar Apr Mag Giu Lug Ago Set Ott Nov Dic
Report for 2023 Marzo
Monthly Climatological Summary for Mar 2023 Name: MeteoRedipuglia City: Fogliano Redipuglia State: Italy Elevation: 14 m Lat: N 45° 50' 38" Lon: E 013° 29' 20" Temperature (°C), Rain (mm), Wind Speed (m/s) Heat Cool Avg Mean Deg Deg Wind Dom Day Temp High Time Low Time Days Days Rain Speed High Time Dir ---------------------------------------------------------------------------------- 01 8.2 10.3 08:52 5.4 04:09 10.1 0.0 0.0 7.7 23.0 09:31 E 02 9.4 13.9 13:07 3.7 23:47 8.9 0.0 0.0 3.4 17.0 01:10 E 03 7.3 14.1 09:31 2.4 02:31 11.0 0.0 0.0 1.6 9.0 15:18 E 04 9.6 18.6 14:20 2.0 05:58 8.7 0.0 0.0 1.0 5.0 10:15 NW 05 8.8 16.0 12:22 2.3 04:44 9.5 0.0 0.0 1.6 7.0 01:20 SE 06 9.1 11.7 10:38 6.5 00:22 9.2 0.0 0.0 1.6 7.0 10:40 SSE 07 9.7 12.1 13:55 7.0 04:50 8.6 0.0 0.0 1.9 7.0 08:55 SSE 08 11.1 13.9 13:56 8.5 04:34 7.2 0.0 0.0 1.7 5.0 12:43 S 09 12.3 16.2 14:39 10.0 04:17 6.0 0.0 3.0 1.3 6.0 07:30 SE 10 12.4 16.4 14:01 10.1 03:53 5.9 0.0 0.0 1.9 6.0 12:53 SSE 11 13.3 19.2 12:44 9.2 04:59 5.1 0.0 0.0 3.4 14.0 22:58 ESE 12 10.5 19.0 13:27 4.4 22:49 7.8 0.0 0.0 1.8 14.0 00:00 SE 13 10.5 18.0 11:50 3.6 01:51 7.8 0.0 0.0 0.9 6.0 14:07 SW 14 11.4 13.5 09:23 9.4 23:30 6.9 0.0 17.7 1.5 9.0 12:08 SE 15 10.8 16.8 14:46 5.7 21:52 7.5 0.0 0.3 2.6 10.0 08:50 ENE 16 8.5 14.5 11:24 0.9 05:40 9.8 0.0 0.0 1.3 7.0 12:18 WNW 17 8.9 16.2 15:07 2.3 04:59 9.4 0.0 0.0 1.1 5.0 05:54 SW 18 9.4 16.9 15:16 1.8 05:34 8.8 0.0 0.0 0.8 5.0 13:43 S 19 9.6 15.7 12:39 2.7 04:31 8.7 0.0 0.0 0.6 5.0 11:50 SSW 20 11.2 15.8 10:47 6.3 23:39 7.1 0.0 0.6 0.6 3.0 10:55 SW 21 13.0 21.9 12:21 4.4 03:25 6.0 0.7 0.3 1.1 7.0 14:42 WSW 22 14.6 21.8 13:36 8.3 23:57 4.4 0.6 0.0 0.9 5.0 11:30 SW 23 13.5 21.3 13:52 6.1 04:33 5.3 0.5 0.0 0.7 4.0 12:22 SW 24 12.6 18.8 07:52 6.9 03:49 5.7 0.0 0.0 1.2 7.0 10:48 S 25 12.3 14.7 09:28 9.0 18:57 6.0 0.0 2.1 2.3 9.0 13:08 SE 26 12.3 17.3 09:07 7.6 23:56 6.0 0.0 31.2 2.6 14.0 20:13 SSE 27 10.7 17.7 14:21 4.2 23:57 7.6 0.0 5.1 1.3 10.0 17:12 NNW 28 8.6 14.8 14:11 1.2 03:19 9.7 0.0 0.0 1.7 9.0 14:56 W 29 10.6 15.9 13:05 3.2 00:00 7.7 0.0 0.0 1.7 7.0 11:21 SSE 30 11.8 13.9 11:20 9.8 00:00 6.5 0.0 0.0 1.0 5.0 22:57 SSE 31 11.8 13.4 14:32 9.1 22:16 6.5 0.0 5.1 2.1 10.0 22:12 S ---------------------------------------------------------------------------------- 10.8 21.9 21 0.9 16 235.4 1.8 65.4 1.8 23.0 1 SE Max >= 27.0 0 Max <= 0.0 0 Min <= 0.0 0 Min <= -5.0 0 Max Rain: 31.2 on day 26 Days of Rain: 9 (>= 0.2 mm) 6 (>= 2.0 mm) 1 (>= 20.0 mm) Heat Base: 18.3 Cool Base: 18.3 Method: Integration