NOAA-Style Climate Reports
Select a Year or Month report
2024: Gen Feb Mar Apr Mag Giu Lug Ago Set Ott Nov Dic
2023: Gen Feb Mar Apr Mag Giu Lug Ago Set Ott Nov Dic
2022: Gen Feb Mar Apr Mag Giu Lug Ago Set Ott Nov Dic
2021: Gen Feb Mar Apr Mag Giu Lug Ago Set Ott Nov Dic
2020: Gen Feb Mar Apr Mag Giu Lug Ago Set Ott Nov Dic
2019: Gen Feb Mar Apr Mag Giu Lug Ago Set Ott Nov Dic
2018: Gen Feb Mar Apr Mag Giu Lug Ago Set Ott Nov Dic
2017: Gen Feb Mar Apr Mag Giu Lug Ago Set Ott Nov Dic
2016: Gen Feb Mar Apr Mag Giu Lug Ago Set Ott Nov Dic
2015: Gen Feb Mar Apr Mag Giu Lug Ago Set Ott Nov Dic
2014: Gen Feb Mar Apr Mag Giu Lug Ago Set Ott Nov Dic
2013: Gen Feb Mar Apr Mag Giu Lug Ago Set Ott Nov Dic
2012: Gen Feb Mar Apr Mag Giu Lug Ago Set Ott Nov Dic
2011: Gen Feb Mar Apr Mag Giu Lug Ago Set Ott Nov Dic
2024: Gen Feb Mar Apr Mag Giu Lug Ago Set Ott Nov Dic
2023: Gen Feb Mar Apr Mag Giu Lug Ago Set Ott Nov Dic
2022: Gen Feb Mar Apr Mag Giu Lug Ago Set Ott Nov Dic
2021: Gen Feb Mar Apr Mag Giu Lug Ago Set Ott Nov Dic
2020: Gen Feb Mar Apr Mag Giu Lug Ago Set Ott Nov Dic
2019: Gen Feb Mar Apr Mag Giu Lug Ago Set Ott Nov Dic
2018: Gen Feb Mar Apr Mag Giu Lug Ago Set Ott Nov Dic
2017: Gen Feb Mar Apr Mag Giu Lug Ago Set Ott Nov Dic
2016: Gen Feb Mar Apr Mag Giu Lug Ago Set Ott Nov Dic
2015: Gen Feb Mar Apr Mag Giu Lug Ago Set Ott Nov Dic
2014: Gen Feb Mar Apr Mag Giu Lug Ago Set Ott Nov Dic
2013: Gen Feb Mar Apr Mag Giu Lug Ago Set Ott Nov Dic
2012: Gen Feb Mar Apr Mag Giu Lug Ago Set Ott Nov Dic
2011: Gen Feb Mar Apr Mag Giu Lug Ago Set Ott Nov Dic
Report for 2023 Aprile
Monthly Climatological Summary for Apr 2023 Name: MeteoRedipuglia City: Fogliano Redipuglia State: Italy Elevation: 14 m Lat: N 45° 50' 38" Lon: E 013° 29' 20" Temperature (°C), Rain (mm), Wind Speed (m/s) Heat Cool Avg Mean Deg Deg Wind Dom Day Temp High Time Low Time Days Days Rain Speed High Time Dir ---------------------------------------------------------------------------------- 01 12.6 20.0 14:14 5.8 03:29 5.9 0.1 0.0 1.3 6.0 15:37 S 02 13.6 21.8 11:54 9.2 02:37 5.0 0.3 3.9 1.7 12.0 16:10 ESE 03 11.5 15.8 14:13 5.1 23:56 6.8 0.0 0.0 5.7 17.0 13:59 E 04 8.3 15.0 14:34 2.1 04:07 10.0 0.0 0.0 4.0 13.0 21:23 E 05 8.0 13.7 12:59 2.9 05:07 10.3 0.0 0.0 2.6 10.0 01:18 ESE 06 8.0 13.8 12:19 1.0 03:38 10.3 0.0 0.0 1.3 8.0 14:18 WNW 07 9.5 15.9 09:39 1.9 03:38 8.8 0.0 0.0 1.1 5.0 11:41 SSW 08 11.4 17.0 11:11 4.6 02:07 6.9 0.0 0.0 1.6 12.0 23:13 E 09 10.5 16.2 15:14 5.9 21:26 7.8 0.0 0.0 2.6 12.0 00:09 E 10 12.2 20.1 13:38 3.8 03:51 6.2 0.1 0.0 1.4 6.0 09:23 WSW 11 10.7 16.8 16:16 5.6 02:48 7.6 0.0 0.0 0.9 5.0 13:51 S 12 12.2 19.3 10:38 5.1 00:18 6.1 0.0 0.0 0.7 5.0 12:12 SSW 13 9.5 12.9 12:08 6.3 23:15 8.8 0.0 40.2 2.5 11.0 17:22 E 14 9.2 14.4 15:14 6.2 00:09 9.1 0.0 10.2 1.2 8.0 01:31 N 15 10.9 17.9 13:01 6.0 23:09 7.4 0.0 4.2 1.8 12.0 17:47 ESE 16 11.8 17.5 12:50 4.4 04:07 6.5 0.0 0.0 1.9 10.0 11:36 E 17 15.0 20.7 14:42 7.4 01:31 3.8 0.5 0.0 2.0 10.0 13:04 ENE 18 16.6 22.5 11:52 10.1 04:28 2.5 0.8 0.0 1.7 6.0 01:35 SE 19 14.4 21.9 13:09 10.6 19:38 4.3 0.4 1.5 1.6 11.0 16:41 NNE 20 12.9 17.7 15:39 9.8 03:53 5.4 0.0 1.8 1.6 8.0 12:53 ENE 21 14.6 23.2 12:07 9.1 04:07 4.4 0.6 0.9 0.7 8.0 12:57 E 22 15.5 22.1 14:13 7.2 03:58 3.8 1.0 0.0 1.3 7.0 13:03 SSW 23 15.9 21.9 15:09 8.6 03:23 3.2 0.7 0.0 1.1 6.0 21:46 SW 24 12.7 14.7 05:46 7.7 23:58 5.6 0.0 7.8 1.7 6.0 03:42 ESE 25 11.3 17.6 15:22 7.4 23:35 7.0 0.0 0.9 1.1 7.0 14:46 NNW 26 12.7 18.6 12:32 5.4 04:33 5.6 0.0 0.0 1.2 8.0 11:50 WSW 27 15.2 22.0 11:40 8.6 23:46 3.8 0.7 0.0 1.0 5.0 13:38 SW 28 13.4 21.1 16:15 8.0 01:31 4.9 0.1 0.3 0.8 6.0 03:32 E 29 15.2 21.0 13:50 9.9 01:16 3.6 0.5 0.0 1.1 5.0 12:07 SSW 30 18.3 24.7 15:00 10.3 03:50 1.7 1.8 0.0 2.3 11.0 08:23 E ---------------------------------------------------------------------------------- 12.5 24.7 30 1.0 6 183.1 7.6 71.7 1.7 17.0 3 ESE Max >= 27.0 0 Max <= 0.0 0 Min <= 0.0 0 Min <= -5.0 0 Max Rain: 40.2 on day 13 Days of Rain: 10 (>= 0.2 mm) 5 (>= 2.0 mm) 1 (>= 20.0 mm) Heat Base: 18.3 Cool Base: 18.3 Method: Integration