NOAA-Style Climate Reports
Select a Year or Month report
2024: Gen Feb Mar Apr Mag Giu Lug Ago Set Ott Nov Dic
2023: Gen Feb Mar Apr Mag Giu Lug Ago Set Ott Nov Dic
2022: Gen Feb Mar Apr Mag Giu Lug Ago Set Ott Nov Dic
2021: Gen Feb Mar Apr Mag Giu Lug Ago Set Ott Nov Dic
2020: Gen Feb Mar Apr Mag Giu Lug Ago Set Ott Nov Dic
2019: Gen Feb Mar Apr Mag Giu Lug Ago Set Ott Nov Dic
2018: Gen Feb Mar Apr Mag Giu Lug Ago Set Ott Nov Dic
2017: Gen Feb Mar Apr Mag Giu Lug Ago Set Ott Nov Dic
2016: Gen Feb Mar Apr Mag Giu Lug Ago Set Ott Nov Dic
2015: Gen Feb Mar Apr Mag Giu Lug Ago Set Ott Nov Dic
2014: Gen Feb Mar Apr Mag Giu Lug Ago Set Ott Nov Dic
2013: Gen Feb Mar Apr Mag Giu Lug Ago Set Ott Nov Dic
2012: Gen Feb Mar Apr Mag Giu Lug Ago Set Ott Nov Dic
2011: Gen Feb Mar Apr Mag Giu Lug Ago Set Ott Nov Dic
2024: Gen Feb Mar Apr Mag Giu Lug Ago Set Ott Nov Dic
2023: Gen Feb Mar Apr Mag Giu Lug Ago Set Ott Nov Dic
2022: Gen Feb Mar Apr Mag Giu Lug Ago Set Ott Nov Dic
2021: Gen Feb Mar Apr Mag Giu Lug Ago Set Ott Nov Dic
2020: Gen Feb Mar Apr Mag Giu Lug Ago Set Ott Nov Dic
2019: Gen Feb Mar Apr Mag Giu Lug Ago Set Ott Nov Dic
2018: Gen Feb Mar Apr Mag Giu Lug Ago Set Ott Nov Dic
2017: Gen Feb Mar Apr Mag Giu Lug Ago Set Ott Nov Dic
2016: Gen Feb Mar Apr Mag Giu Lug Ago Set Ott Nov Dic
2015: Gen Feb Mar Apr Mag Giu Lug Ago Set Ott Nov Dic
2014: Gen Feb Mar Apr Mag Giu Lug Ago Set Ott Nov Dic
2013: Gen Feb Mar Apr Mag Giu Lug Ago Set Ott Nov Dic
2012: Gen Feb Mar Apr Mag Giu Lug Ago Set Ott Nov Dic
2011: Gen Feb Mar Apr Mag Giu Lug Ago Set Ott Nov Dic
Report for 2023 Maggio
Monthly Climatological Summary for May 2023 Name: MeteoRedipuglia City: Fogliano Redipuglia State: Italy Elevation: 14 m Lat: N 45° 50' 38" Lon: E 013° 29' 20" Temperature (°C), Rain (mm), Wind Speed (m/s) Heat Cool Avg Mean Deg Deg Wind Dom Day Temp High Time Low Time Days Days Rain Speed High Time Dir ---------------------------------------------------------------------------------- 01 16.4 22.1 12:19 12.5 23:35 2.4 0.5 3.0 3.3 14.0 06:40 E 02 13.7 17.6 13:43 11.9 02:07 4.6 0.0 7.8 0.8 6.0 08:16 NNW 03 14.7 20.3 10:07 9.9 23:39 3.7 0.2 0.6 0.8 7.0 13:37 NNW 04 16.8 24.5 14:41 8.3 03:31 3.2 1.7 0.0 1.2 7.0 11:35 W 05 17.7 23.7 10:09 9.5 03:00 2.6 2.0 0.0 1.2 5.0 12:11 SW 06 18.7 24.9 14:08 10.6 03:34 2.0 2.3 0.0 0.9 5.0 11:44 SSW 07 19.3 26.4 12:07 12.6 02:52 1.4 2.5 0.0 1.0 5.0 09:52 S 08 16.7 18.8 10:56 15.1 01:20 1.6 0.0 1.2 1.7 10.0 21:48 E 09 18.0 22.2 14:16 15.5 04:34 1.1 0.9 0.0 4.6 14.0 10:51 ESE 10 13.9 15.7 08:07 11.7 20:56 4.4 0.0 12.6 2.3 9.0 00:12 E 11 13.9 15.4 11:34 11.8 00:00 4.4 0.0 8.4 2.6 14.0 07:00 E 12 14.5 21.1 12:21 11.7 00:52 4.0 0.2 2.7 1.1 7.0 22:16 ESE 13 15.1 22.5 15:00 11.5 00:41 3.7 0.4 5.4 1.1 7.0 12:08 NE 14 13.2 16.0 09:04 11.7 00:00 5.1 0.0 6.3 1.0 7.0 12:36 NNW 15 17.5 23.6 14:35 11.6 03:04 1.8 1.0 3.6 1.7 11.0 23:30 ESE 16 14.8 19.5 09:45 12.2 23:25 3.6 0.0 0.9 1.7 16.0 00:35 NNE 17 14.9 21.3 16:51 9.6 23:21 3.7 0.3 0.3 0.8 7.0 12:56 ENE 18 16.4 21.8 13:46 7.3 03:01 2.7 0.8 0.0 2.8 12.0 17:17 ESE 19 17.3 21.1 12:21 11.7 04:07 1.4 0.4 0.0 4.9 14.0 07:50 E 20 20.9 24.8 15:17 17.8 02:24 0.0 2.6 0.0 5.1 18.0 06:59 E 21 23.8 28.9 13:38 18.5 23:33 0.0 5.5 0.0 3.6 14.0 08:57 E 22 23.5 32.0 13:10 16.3 23:55 0.2 5.4 0.0 1.6 9.0 10:37 ESE 23 22.3 28.5 07:49 14.8 03:22 0.5 4.5 0.0 1.6 8.0 17:05 SSW 24 21.1 28.0 12:41 16.2 02:13 0.4 3.1 4.2 3.3 11.0 20:16 E 25 23.9 31.4 15:12 18.6 23:56 0.0 5.6 0.0 2.7 11.0 07:37 E 26 23.5 31.1 15:34 16.1 01:54 0.2 5.4 1.2 1.3 11.0 21:45 ESE 27 23.2 28.5 10:49 16.9 03:58 0.0 4.9 0.0 3.0 10.0 12:33 ESE 28 22.6 30.3 13:08 15.3 03:36 0.3 4.6 0.0 2.1 8.0 09:37 ESE 29 23.3 29.6 14:11 15.2 03:37 0.2 5.2 0.0 3.0 10.0 11:58 E 30 22.8 28.5 13:07 16.4 03:58 0.1 4.5 0.0 2.8 11.0 09:39 ESE 31 21.8 25.8 13:33 15.4 03:05 0.2 3.7 0.0 2.7 11.0 09:51 E ---------------------------------------------------------------------------------- 18.6 32.0 22 7.3 18 59.5 68.2 58.2 2.2 18.0 20 E Max >= 27.0 10 Max <= 0.0 0 Min <= 0.0 0 Min <= -5.0 0 Max Rain: 12.6 on day 10 Days of Rain: 14 (>= 0.2 mm) 9 (>= 2.0 mm) 0 (>= 20.0 mm) Heat Base: 18.3 Cool Base: 18.3 Method: Integration