NOAA-Style Climate Reports
Select a Year or Month report
2024: Gen Feb Mar Apr Mag Giu Lug Ago Set Ott Nov Dic
2023: Gen Feb Mar Apr Mag Giu Lug Ago Set Ott Nov Dic
2022: Gen Feb Mar Apr Mag Giu Lug Ago Set Ott Nov Dic
2021: Gen Feb Mar Apr Mag Giu Lug Ago Set Ott Nov Dic
2020: Gen Feb Mar Apr Mag Giu Lug Ago Set Ott Nov Dic
2019: Gen Feb Mar Apr Mag Giu Lug Ago Set Ott Nov Dic
2018: Gen Feb Mar Apr Mag Giu Lug Ago Set Ott Nov Dic
2017: Gen Feb Mar Apr Mag Giu Lug Ago Set Ott Nov Dic
2016: Gen Feb Mar Apr Mag Giu Lug Ago Set Ott Nov Dic
2015: Gen Feb Mar Apr Mag Giu Lug Ago Set Ott Nov Dic
2014: Gen Feb Mar Apr Mag Giu Lug Ago Set Ott Nov Dic
2013: Gen Feb Mar Apr Mag Giu Lug Ago Set Ott Nov Dic
2012: Gen Feb Mar Apr Mag Giu Lug Ago Set Ott Nov Dic
2011: Gen Feb Mar Apr Mag Giu Lug Ago Set Ott Nov Dic
2024: Gen Feb Mar Apr Mag Giu Lug Ago Set Ott Nov Dic
2023: Gen Feb Mar Apr Mag Giu Lug Ago Set Ott Nov Dic
2022: Gen Feb Mar Apr Mag Giu Lug Ago Set Ott Nov Dic
2021: Gen Feb Mar Apr Mag Giu Lug Ago Set Ott Nov Dic
2020: Gen Feb Mar Apr Mag Giu Lug Ago Set Ott Nov Dic
2019: Gen Feb Mar Apr Mag Giu Lug Ago Set Ott Nov Dic
2018: Gen Feb Mar Apr Mag Giu Lug Ago Set Ott Nov Dic
2017: Gen Feb Mar Apr Mag Giu Lug Ago Set Ott Nov Dic
2016: Gen Feb Mar Apr Mag Giu Lug Ago Set Ott Nov Dic
2015: Gen Feb Mar Apr Mag Giu Lug Ago Set Ott Nov Dic
2014: Gen Feb Mar Apr Mag Giu Lug Ago Set Ott Nov Dic
2013: Gen Feb Mar Apr Mag Giu Lug Ago Set Ott Nov Dic
2012: Gen Feb Mar Apr Mag Giu Lug Ago Set Ott Nov Dic
2011: Gen Feb Mar Apr Mag Giu Lug Ago Set Ott Nov Dic
Report for 2023 Luglio
Monthly Climatological Summary for Jul 2023 Name: MeteoRedipuglia City: Fogliano Redipuglia State: Italy Elevation: 14 m Lat: N 45° 50' 38" Lon: E 013° 29' 20" Temperature (°C), Rain (mm), Wind Speed (m/s) Heat Cool Avg Mean Deg Deg Wind Dom Day Temp High Time Low Time Days Days Rain Speed High Time Dir ---------------------------------------------------------------------------------- 01 21.1 26.9 11:31 18.2 22:36 0.0 2.8 7.2 1.1 7.0 05:21 ESE 02 24.7 31.2 15:05 17.2 03:35 0.1 6.5 0.0 1.2 6.0 11:30 SSW 03 22.2 25.8 11:46 19.0 23:58 0.0 3.9 0.3 2.5 12.0 12:16 N 04 25.0 33.2 13:54 17.7 03:05 0.0 6.8 0.0 1.5 8.0 12:18 S 05 24.9 31.7 14:18 19.2 01:36 0.0 6.6 0.0 2.0 10.0 06:44 NW 06 22.7 28.1 16:21 19.1 23:58 0.0 4.4 0.0 1.9 12.0 13:02 ESE 07 25.3 32.1 14:50 17.2 03:37 0.0 7.1 0.0 1.8 10.0 10:46 ESE 08 25.9 31.7 15:15 18.3 03:02 0.0 7.6 0.0 1.3 6.0 11:37 SW 09 27.0 33.9 13:50 18.4 03:16 0.0 8.7 0.0 1.2 8.0 13:26 SW 10 28.3 34.9 12:42 20.9 03:34 0.0 10.1 0.0 1.1 6.0 11:44 SSW 11 28.1 33.5 12:41 21.8 02:29 0.0 9.8 0.0 1.3 6.0 11:54 SSW 12 26.2 34.0 16:50 19.0 03:14 0.0 7.9 7.5 1.9 22.0 02:49 NNE 13 24.9 31.6 12:35 18.7 01:12 0.0 6.5 3.3 2.0 24.0 00:50 ESE 14 26.2 34.2 17:31 17.3 03:26 0.1 8.0 0.0 1.4 10.0 08:40 E 15 27.4 33.8 14:54 20.5 02:33 0.0 9.1 0.0 1.3 5.0 16:28 S 16 28.3 34.8 15:21 21.1 03:28 0.0 10.0 0.0 1.1 5.0 12:39 S 17 29.1 33.9 11:20 23.1 03:14 0.0 10.8 0.0 1.5 5.0 11:58 S 18 29.6 38.0 13:02 23.3 03:20 0.0 11.3 0.0 1.7 19.0 17:00 NE 19 28.0 36.2 15:36 21.3 21:11 0.0 9.7 3.9 1.9 18.0 20:17 NNW 20 27.6 33.7 11:48 20.4 03:17 0.0 9.3 0.0 2.0 10.0 09:56 SE 21 24.9 29.5 10:29 18.0 13:38 0.0 6.6 14.1 2.5 19.0 13:12 E 22 24.4 30.7 11:51 18.5 04:07 0.0 6.1 6.0 1.6 12.0 13:23 ESE 23 26.0 31.5 12:13 19.4 00:58 0.0 7.7 0.0 1.3 6.0 12:43 S 24 25.1 32.0 09:09 19.6 19:48 0.0 6.8 6.6 1.7 20.0 19:22 E 29 24.9 30.8 11:28 20.8 00:00 0.0 5.5 0.3 0.9 16.0 05:50 SW 30 24.4 30.9 12:29 18.1 04:06 0.0 6.1 40.5 0.7 12.0 02:18 NNW 31 26.0 32.3 12:49 19.4 03:58 0.0 7.7 0.0 0.9 6.0 13:29 SE ---------------------------------------------------------------------------------- 25.9 38.0 18 17.2 2 0.2 203.4 89.7 1.5 24.0 13 SE Max >= 27.0 25 Max <= 0.0 0 Min <= 0.0 0 Min <= -5.0 0 Max Rain: 40.5 on day 30 Days of Rain: 10 (>= 0.2 mm) 8 (>= 2.0 mm) 1 (>= 20.0 mm) Heat Base: 18.3 Cool Base: 18.3 Method: Integration