NOAA-Style Climate Reports
Select a Year or Month report
2024: Gen Feb Mar Apr Mag Giu Lug Ago Set Ott Nov Dic
2023: Gen Feb Mar Apr Mag Giu Lug Ago Set Ott Nov Dic
2022: Gen Feb Mar Apr Mag Giu Lug Ago Set Ott Nov Dic
2021: Gen Feb Mar Apr Mag Giu Lug Ago Set Ott Nov Dic
2020: Gen Feb Mar Apr Mag Giu Lug Ago Set Ott Nov Dic
2019: Gen Feb Mar Apr Mag Giu Lug Ago Set Ott Nov Dic
2018: Gen Feb Mar Apr Mag Giu Lug Ago Set Ott Nov Dic
2017: Gen Feb Mar Apr Mag Giu Lug Ago Set Ott Nov Dic
2016: Gen Feb Mar Apr Mag Giu Lug Ago Set Ott Nov Dic
2015: Gen Feb Mar Apr Mag Giu Lug Ago Set Ott Nov Dic
2014: Gen Feb Mar Apr Mag Giu Lug Ago Set Ott Nov Dic
2013: Gen Feb Mar Apr Mag Giu Lug Ago Set Ott Nov Dic
2012: Gen Feb Mar Apr Mag Giu Lug Ago Set Ott Nov Dic
2011: Gen Feb Mar Apr Mag Giu Lug Ago Set Ott Nov Dic
2024: Gen Feb Mar Apr Mag Giu Lug Ago Set Ott Nov Dic
2023: Gen Feb Mar Apr Mag Giu Lug Ago Set Ott Nov Dic
2022: Gen Feb Mar Apr Mag Giu Lug Ago Set Ott Nov Dic
2021: Gen Feb Mar Apr Mag Giu Lug Ago Set Ott Nov Dic
2020: Gen Feb Mar Apr Mag Giu Lug Ago Set Ott Nov Dic
2019: Gen Feb Mar Apr Mag Giu Lug Ago Set Ott Nov Dic
2018: Gen Feb Mar Apr Mag Giu Lug Ago Set Ott Nov Dic
2017: Gen Feb Mar Apr Mag Giu Lug Ago Set Ott Nov Dic
2016: Gen Feb Mar Apr Mag Giu Lug Ago Set Ott Nov Dic
2015: Gen Feb Mar Apr Mag Giu Lug Ago Set Ott Nov Dic
2014: Gen Feb Mar Apr Mag Giu Lug Ago Set Ott Nov Dic
2013: Gen Feb Mar Apr Mag Giu Lug Ago Set Ott Nov Dic
2012: Gen Feb Mar Apr Mag Giu Lug Ago Set Ott Nov Dic
2011: Gen Feb Mar Apr Mag Giu Lug Ago Set Ott Nov Dic
Report for 2023 Agosto
Monthly Climatological Summary for Aug 2023 Name: MeteoRedipuglia City: Fogliano Redipuglia State: Italy Elevation: 14 m Lat: N 45° 50' 38" Lon: E 013° 29' 20" Temperature (°C), Rain (mm), Wind Speed (m/s) Heat Cool Avg Mean Deg Deg Wind Dom Day Temp High Time Low Time Days Days Rain Speed High Time Dir ---------------------------------------------------------------------------------- 01 23.2 28.8 11:25 19.1 19:34 0.0 4.9 3.0 1.2 11.0 18:05 E 02 24.7 31.5 10:46 17.9 03:59 0.0 6.4 0.0 1.0 11.0 00:37 SE 03 25.7 29.7 14:11 22.9 03:34 0.0 7.2 0.0 1.9 8.0 14:41 S 04 21.0 26.5 05:22 17.0 23:56 0.2 2.9 27.6 1.4 10.0 10:57 ESE 05 17.7 19.5 13:16 16.7 23:57 0.7 0.2 9.0 0.1 5.0 08:45 NNW 06 18.2 25.2 13:23 13.7 21:10 1.5 1.4 24.9 1.0 12.0 15:38 SE 07 20.7 27.9 15:11 12.8 02:24 1.1 3.6 0.0 1.0 8.0 00:19 ESE 08 20.9 27.1 10:49 12.7 03:32 0.9 3.6 0.0 0.7 5.0 12:17 SSW 09 22.3 28.4 13:50 17.0 02:16 0.2 4.2 0.0 0.7 5.0 01:56 E 10 23.8 31.0 14:30 17.1 02:24 0.1 5.6 0.0 0.5 5.0 08:38 WSW 11 24.7 31.3 13:14 16.8 00:50 0.1 6.5 0.0 0.4 4.0 12:50 W 12 25.0 31.1 13:15 18.1 04:14 0.0 6.7 0.0 0.8 5.0 14:45 WSW 13 26.9 34.6 13:41 18.7 03:48 0.0 8.6 0.0 0.5 4.0 10:54 WSW 14 27.2 34.6 14:25 20.3 03:01 0.0 8.9 0.0 0.6 5.0 14:45 W 15 27.8 34.6 13:35 18.8 04:09 0.0 9.5 0.0 0.8 7.0 19:12 SE 16 27.6 36.2 14:27 21.3 03:59 0.4 9.0 0.0 0.4 5.0 10:21 W 17 26.3 32.3 12:45 20.1 03:24 0.0 7.8 0.0 0.7 8.0 18:24 WSW 18 26.0 32.7 09:54 21.3 02:55 0.0 7.6 0.0 0.7 7.0 12:41 E 19 27.3 33.6 14:30 20.1 04:14 0.0 9.0 0.0 0.7 4.0 10:21 WNW 20 28.0 33.9 12:32 21.2 04:23 0.0 9.7 0.0 1.1 8.0 12:54 E 21 28.8 36.1 15:03 21.2 03:42 0.0 10.5 0.0 0.6 5.0 12:06 NW 22 28.5 35.0 12:09 21.6 02:44 0.0 10.2 0.0 0.7 5.0 14:19 WSW 23 29.4 37.0 12:07 23.0 04:33 0.0 11.1 0.0 0.7 5.0 00:31 NW 24 28.5 34.3 09:33 22.1 04:03 0.0 10.2 0.0 0.9 5.0 13:51 S 25 28.2 34.5 11:51 22.3 03:57 0.0 9.9 0.0 0.7 6.0 00:28 SSW 26 26.9 32.7 07:47 21.1 03:27 0.0 8.6 0.0 1.1 6.0 01:36 SSE 27 27.2 32.2 14:23 22.2 03:06 0.0 8.9 0.0 1.0 6.0 11:02 S 28 21.8 28.1 06:26 18.8 22:23 0.0 3.5 76.5 1.8 10.0 11:46 E 29 18.6 23.8 11:25 15.0 17:04 0.9 1.2 20.8 0.9 11.0 16:41 ENE 30 16.3 18.4 11:19 15.2 23:59 1.4 0.0 10.6 0.3 3.1 18:10 NNE 31 20.3 26.5 13:57 14.5 01:07 0.7 2.7 0.0 0.7 4.1 21:47 SSE ---------------------------------------------------------------------------------- 24.5 37.0 23 12.7 8 8.3 200.1 172.4 0.8 12.0 6 SSE Max >= 27.0 25 Max <= 0.0 0 Min <= 0.0 0 Min <= -5.0 0 Max Rain: 76.5 on day 28 Days of Rain: 7 (>= 0.2 mm) 7 (>= 2.0 mm) 4 (>= 20.0 mm) Heat Base: 18.3 Cool Base: 18.3 Method: Integration