NOAA-Style Climate Reports
Select a Year or Month report
2024: Gen Feb Mar Apr Mag Giu Lug Ago Set Ott Nov Dic
2023: Gen Feb Mar Apr Mag Giu Lug Ago Set Ott Nov Dic
2022: Gen Feb Mar Apr Mag Giu Lug Ago Set Ott Nov Dic
2021: Gen Feb Mar Apr Mag Giu Lug Ago Set Ott Nov Dic
2020: Gen Feb Mar Apr Mag Giu Lug Ago Set Ott Nov Dic
2019: Gen Feb Mar Apr Mag Giu Lug Ago Set Ott Nov Dic
2018: Gen Feb Mar Apr Mag Giu Lug Ago Set Ott Nov Dic
2017: Gen Feb Mar Apr Mag Giu Lug Ago Set Ott Nov Dic
2016: Gen Feb Mar Apr Mag Giu Lug Ago Set Ott Nov Dic
2015: Gen Feb Mar Apr Mag Giu Lug Ago Set Ott Nov Dic
2014: Gen Feb Mar Apr Mag Giu Lug Ago Set Ott Nov Dic
2013: Gen Feb Mar Apr Mag Giu Lug Ago Set Ott Nov Dic
2012: Gen Feb Mar Apr Mag Giu Lug Ago Set Ott Nov Dic
2011: Gen Feb Mar Apr Mag Giu Lug Ago Set Ott Nov Dic
2024: Gen Feb Mar Apr Mag Giu Lug Ago Set Ott Nov Dic
2023: Gen Feb Mar Apr Mag Giu Lug Ago Set Ott Nov Dic
2022: Gen Feb Mar Apr Mag Giu Lug Ago Set Ott Nov Dic
2021: Gen Feb Mar Apr Mag Giu Lug Ago Set Ott Nov Dic
2020: Gen Feb Mar Apr Mag Giu Lug Ago Set Ott Nov Dic
2019: Gen Feb Mar Apr Mag Giu Lug Ago Set Ott Nov Dic
2018: Gen Feb Mar Apr Mag Giu Lug Ago Set Ott Nov Dic
2017: Gen Feb Mar Apr Mag Giu Lug Ago Set Ott Nov Dic
2016: Gen Feb Mar Apr Mag Giu Lug Ago Set Ott Nov Dic
2015: Gen Feb Mar Apr Mag Giu Lug Ago Set Ott Nov Dic
2014: Gen Feb Mar Apr Mag Giu Lug Ago Set Ott Nov Dic
2013: Gen Feb Mar Apr Mag Giu Lug Ago Set Ott Nov Dic
2012: Gen Feb Mar Apr Mag Giu Lug Ago Set Ott Nov Dic
2011: Gen Feb Mar Apr Mag Giu Lug Ago Set Ott Nov Dic
Report for 2023 Settembre
Monthly Climatological Summary for Sep 2023 Name: MeteoRedipuglia City: Fogliano Redipuglia State: Italy Elevation: 14 m Lat: N 45° 50' 38" Lon: E 013° 29' 20" Temperature (°C), Rain (mm), Wind Speed (m/s) Heat Cool Avg Mean Deg Deg Wind Dom Day Temp High Time Low Time Days Days Rain Speed High Time Dir ---------------------------------------------------------------------------------- 01 21.3 27.6 14:31 17.3 02:47 0.1 2.9 3.6 0.9 6.1 01:27 SE 02 22.7 27.9 13:41 17.7 03:44 0.0 4.4 0.0 0.6 4.1 11:54 SW 03 23.6 29.3 13:54 17.8 04:02 0.0 5.3 0.0 0.7 5.6 22:19 SE 04 23.9 28.9 13:32 18.9 04:27 0.0 5.7 0.0 1.6 12.8 20:11 ESE 05 22.2 29.2 12:49 14.8 03:49 0.4 4.3 0.0 2.0 11.2 18:57 E 06 23.2 29.8 14:37 14.6 04:04 0.5 5.4 0.0 1.9 11.2 11:35 E 07 24.7 29.3 12:36 16.8 04:56 0.0 6.4 0.0 3.1 12.9 10:20 E 08 25.2 29.8 13:47 19.4 04:45 0.0 6.9 0.0 3.6 16.2 09:34 E 09 24.6 30.1 13:04 16.7 04:37 0.1 6.4 0.0 2.9 14.2 09:13 E 10 24.2 32.3 13:28 16.4 04:20 0.1 6.0 0.0 1.2 8.1 00:02 SSE 11 22.7 30.2 11:45 15.7 03:54 0.3 4.7 0.0 0.8 6.1 12:02 S 12 22.7 28.7 09:53 16.6 02:42 0.1 4.5 0.0 0.8 6.1 11:50 SSW 13 23.0 28.2 15:14 18.3 00:12 0.0 4.7 0.0 0.8 5.4 09:18 S 14 21.4 28.8 14:42 17.3 22:45 0.0 3.1 10.2 1.3 18.3 16:31 ENE 15 21.6 27.7 14:35 16.2 23:47 0.1 3.5 0.0 1.7 12.9 06:36 E 16 21.1 27.0 11:35 16.0 05:05 0.3 3.1 0.0 0.9 6.7 13:04 SSW 17 21.2 26.2 12:17 16.5 04:26 0.3 3.2 0.0 0.5 4.1 14:48 SSE 18 22.1 26.7 13:52 18.3 04:40 0.0 3.8 6.1 0.8 6.1 21:36 SE 19 23.3 27.6 12:27 19.6 22:55 0.0 5.0 0.0 1.5 14.8 09:55 SE 20 22.4 27.3 11:41 18.0 04:48 0.0 4.1 22.3 1.5 8.7 22:36 SE 21 20.3 23.3 13:44 18.3 05:07 0.0 2.0 28.0 1.6 8.1 15:14 ESE 22 22.3 26.3 10:36 18.9 01:32 0.0 4.0 0.2 2.5 11.5 10:28 S 23 20.1 24.5 11:22 15.3 23:46 0.4 2.1 0.8 3.2 19.0 17:07 ESE 24 16.8 21.8 12:50 13.8 04:38 1.9 0.4 0.0 0.8 6.7 14:19 ESE 25 18.9 26.8 12:16 10.9 04:16 1.8 2.5 0.0 1.2 8.7 17:35 ENE 26 22.8 27.3 13:42 15.9 01:37 0.2 4.7 0.0 3.5 19.0 10:41 ENE 27 24.6 28.4 12:40 21.2 02:54 0.0 6.3 0.0 4.2 17.6 14:07 ENE 28 24.0 27.6 12:03 21.0 23:59 0.0 5.7 0.0 4.1 14.2 11:07 ENE 29 21.9 28.7 12:48 15.1 05:13 0.4 4.1 0.0 1.5 10.9 08:56 E 30 21.3 29.1 12:37 14.0 04:05 0.5 3.5 0.0 0.9 6.7 13:25 E ---------------------------------------------------------------------------------- 22.3 32.3 10 10.9 25 7.7 128.7 71.2 1.7 19.0 23 E Max >= 27.0 23 Max <= 0.0 0 Min <= 0.0 0 Min <= -5.0 0 Max Rain: 28.0 on day 21 Days of Rain: 7 (>= 0.2 mm) 5 (>= 2.0 mm) 2 (>= 20.0 mm) Heat Base: 18.3 Cool Base: 18.3 Method: Integration