NOAA-Style Climate Reports
Select a Year or Month report
2024: Gen Feb Mar Apr Mag Giu Lug Ago Set Ott Nov Dic
2023: Gen Feb Mar Apr Mag Giu Lug Ago Set Ott Nov Dic
2022: Gen Feb Mar Apr Mag Giu Lug Ago Set Ott Nov Dic
2021: Gen Feb Mar Apr Mag Giu Lug Ago Set Ott Nov Dic
2020: Gen Feb Mar Apr Mag Giu Lug Ago Set Ott Nov Dic
2019: Gen Feb Mar Apr Mag Giu Lug Ago Set Ott Nov Dic
2018: Gen Feb Mar Apr Mag Giu Lug Ago Set Ott Nov Dic
2017: Gen Feb Mar Apr Mag Giu Lug Ago Set Ott Nov Dic
2016: Gen Feb Mar Apr Mag Giu Lug Ago Set Ott Nov Dic
2015: Gen Feb Mar Apr Mag Giu Lug Ago Set Ott Nov Dic
2014: Gen Feb Mar Apr Mag Giu Lug Ago Set Ott Nov Dic
2013: Gen Feb Mar Apr Mag Giu Lug Ago Set Ott Nov Dic
2012: Gen Feb Mar Apr Mag Giu Lug Ago Set Ott Nov Dic
2011: Gen Feb Mar Apr Mag Giu Lug Ago Set Ott Nov Dic
2024: Gen Feb Mar Apr Mag Giu Lug Ago Set Ott Nov Dic
2023: Gen Feb Mar Apr Mag Giu Lug Ago Set Ott Nov Dic
2022: Gen Feb Mar Apr Mag Giu Lug Ago Set Ott Nov Dic
2021: Gen Feb Mar Apr Mag Giu Lug Ago Set Ott Nov Dic
2020: Gen Feb Mar Apr Mag Giu Lug Ago Set Ott Nov Dic
2019: Gen Feb Mar Apr Mag Giu Lug Ago Set Ott Nov Dic
2018: Gen Feb Mar Apr Mag Giu Lug Ago Set Ott Nov Dic
2017: Gen Feb Mar Apr Mag Giu Lug Ago Set Ott Nov Dic
2016: Gen Feb Mar Apr Mag Giu Lug Ago Set Ott Nov Dic
2015: Gen Feb Mar Apr Mag Giu Lug Ago Set Ott Nov Dic
2014: Gen Feb Mar Apr Mag Giu Lug Ago Set Ott Nov Dic
2013: Gen Feb Mar Apr Mag Giu Lug Ago Set Ott Nov Dic
2012: Gen Feb Mar Apr Mag Giu Lug Ago Set Ott Nov Dic
2011: Gen Feb Mar Apr Mag Giu Lug Ago Set Ott Nov Dic
Report for 2023 Ottobre
Monthly Climatological Summary for Oct 2023 Name: MeteoRedipuglia City: Fogliano Redipuglia State: Italy Elevation: 14 m Lat: N 45° 50' 38" Lon: E 013° 29' 20" Temperature (°C), Rain (mm), Wind Speed (m/s) Heat Cool Avg Mean Deg Deg Wind Dom Day Temp High Time Low Time Days Days Rain Speed High Time Dir ---------------------------------------------------------------------------------- 01 20.6 27.5 13:08 14.6 05:00 0.8 3.1 0.0 0.6 5.0 11:20 S 02 20.3 28.3 13:07 14.4 04:01 1.0 3.0 0.0 0.5 5.0 06:37 SW 03 20.3 26.9 12:09 14.7 04:13 0.9 2.9 0.0 0.5 5.0 11:51 S 04 20.5 25.3 10:26 16.0 02:32 0.3 2.5 0.0 2.9 14.0 15:10 E 05 19.8 27.0 14:01 14.0 05:22 0.9 2.4 0.0 1.0 6.0 09:07 ESE 06 19.4 26.1 14:49 12.5 04:53 1.4 2.4 0.0 1.7 14.0 08:54 ESE 07 19.6 26.3 12:09 13.5 05:12 1.0 2.2 0.0 1.2 8.0 01:41 SE 08 19.3 26.5 13:04 13.3 03:18 1.3 2.2 0.0 0.4 4.0 13:12 SSE 09 20.3 25.4 13:17 14.6 04:50 0.5 2.5 0.0 0.9 6.0 00:25 SE 10 20.3 26.2 12:45 16.7 05:00 0.3 2.2 0.0 0.4 5.0 23:27 SE 11 20.6 27.0 13:31 15.3 23:42 0.5 2.8 0.0 1.0 6.0 04:25 SSE 12 19.5 24.8 13:40 14.9 01:00 0.6 1.8 0.0 0.8 5.0 03:36 SE 13 20.5 24.4 13:05 17.3 02:39 0.1 2.3 0.0 1.1 5.0 09:31 SSE 14 20.7 24.4 12:03 18.1 23:50 0.0 2.4 0.8 1.4 9.0 09:13 S 15 14.6 19.4 07:56 7.5 22:20 3.8 0.1 39.1 3.3 22.0 10:05 E 16 10.5 16.3 13:26 5.8 03:39 7.8 0.0 0.0 1.6 11.0 09:52 E 17 10.6 17.1 13:18 4.8 04:50 7.7 0.0 0.0 1.2 9.0 09:32 ENE 18 11.6 15.5 13:26 6.6 04:12 6.3 0.0 5.0 0.7 6.0 07:11 NNE 19 15.8 17.8 12:58 12.7 00:00 2.5 0.0 14.8 0.4 5.0 16:49 NNE 20 20.0 23.1 17:01 16.5 21:16 0.3 2.0 12.7 1.8 14.0 16:52 SE 21 18.8 22.9 11:31 15.4 22:01 0.7 1.2 3.0 1.5 7.0 18:14 ESE 22 17.1 22.6 12:45 13.0 23:38 2.0 0.8 0.0 1.1 6.0 22:24 SSE 23 17.1 22.5 13:35 12.5 05:33 2.0 0.7 0.0 0.9 7.0 00:00 SE 24 17.9 20.0 18:12 16.2 01:44 0.6 0.2 39.1 2.6 14.0 17:59 SSE 25 17.2 20.0 09:57 14.0 19:35 1.4 0.4 0.0 1.1 6.0 07:34 SE 26 16.7 20.5 10:49 14.3 05:22 1.9 0.2 21.1 0.6 6.0 18:17 SSE 27 18.2 20.8 07:34 14.8 22:44 0.7 0.6 13.2 2.6 17.0 04:41 S 28 16.6 20.7 10:11 11.4 22:42 2.3 0.5 0.0 1.4 7.0 10:13 SSE 29 15.8 20.0 10:37 11.0 02:04 2.6 0.1 0.2 0.6 5.0 13:44 E 30 18.3 20.0 18:05 16.6 05:52 0.5 0.5 17.6 2.5 13.5 22:44 SE 31 15.1 18.8 10:51 9.2 21:11 3.2 0.0 5.8 2.1 14.8 12:35 SSE ---------------------------------------------------------------------------------- 17.9 28.3 2 4.8 17 55.9 42.0 172.4 1.3 22.0 15 SE Max >= 27.0 4 Max <= 0.0 0 Min <= 0.0 0 Min <= -5.0 0 Max Rain: 39.1 on day 15 Days of Rain: 12 (>= 0.2 mm) 10 (>= 2.0 mm) 3 (>= 20.0 mm) Heat Base: 18.3 Cool Base: 18.3 Method: Integration