NOAA-Style Climate Reports
Select a Year or Month report
2024: Gen Feb Mar Apr Mag Giu Lug Ago Set Ott Nov Dic
2023: Gen Feb Mar Apr Mag Giu Lug Ago Set Ott Nov Dic
2022: Gen Feb Mar Apr Mag Giu Lug Ago Set Ott Nov Dic
2021: Gen Feb Mar Apr Mag Giu Lug Ago Set Ott Nov Dic
2020: Gen Feb Mar Apr Mag Giu Lug Ago Set Ott Nov Dic
2019: Gen Feb Mar Apr Mag Giu Lug Ago Set Ott Nov Dic
2018: Gen Feb Mar Apr Mag Giu Lug Ago Set Ott Nov Dic
2017: Gen Feb Mar Apr Mag Giu Lug Ago Set Ott Nov Dic
2016: Gen Feb Mar Apr Mag Giu Lug Ago Set Ott Nov Dic
2015: Gen Feb Mar Apr Mag Giu Lug Ago Set Ott Nov Dic
2014: Gen Feb Mar Apr Mag Giu Lug Ago Set Ott Nov Dic
2013: Gen Feb Mar Apr Mag Giu Lug Ago Set Ott Nov Dic
2012: Gen Feb Mar Apr Mag Giu Lug Ago Set Ott Nov Dic
2011: Gen Feb Mar Apr Mag Giu Lug Ago Set Ott Nov Dic
2024: Gen Feb Mar Apr Mag Giu Lug Ago Set Ott Nov Dic
2023: Gen Feb Mar Apr Mag Giu Lug Ago Set Ott Nov Dic
2022: Gen Feb Mar Apr Mag Giu Lug Ago Set Ott Nov Dic
2021: Gen Feb Mar Apr Mag Giu Lug Ago Set Ott Nov Dic
2020: Gen Feb Mar Apr Mag Giu Lug Ago Set Ott Nov Dic
2019: Gen Feb Mar Apr Mag Giu Lug Ago Set Ott Nov Dic
2018: Gen Feb Mar Apr Mag Giu Lug Ago Set Ott Nov Dic
2017: Gen Feb Mar Apr Mag Giu Lug Ago Set Ott Nov Dic
2016: Gen Feb Mar Apr Mag Giu Lug Ago Set Ott Nov Dic
2015: Gen Feb Mar Apr Mag Giu Lug Ago Set Ott Nov Dic
2014: Gen Feb Mar Apr Mag Giu Lug Ago Set Ott Nov Dic
2013: Gen Feb Mar Apr Mag Giu Lug Ago Set Ott Nov Dic
2012: Gen Feb Mar Apr Mag Giu Lug Ago Set Ott Nov Dic
2011: Gen Feb Mar Apr Mag Giu Lug Ago Set Ott Nov Dic
Report for 2023 Novembre
Monthly Climatological Summary for Nov 2023 Name: MeteoRedipuglia City: Fogliano Redipuglia State: Italy Elevation: 14 m Lat: N 45° 50' 38" Lon: E 013° 29' 20" Temperature (°C), Rain (mm), Wind Speed (m/s) Heat Cool Avg Mean Deg Deg Wind Dom Day Temp High Time Low Time Days Days Rain Speed High Time Dir ---------------------------------------------------------------------------------- 01 13.9 19.3 11:34 10.1 00:01 4.5 0.0 0.0 1.5 8.0 02:16 SE 02 14.8 18.5 19:52 10.0 01:13 3.5 0.0 57.4 3.4 21.0 16:46 SSE 03 12.5 17.0 06:58 7.0 22:40 5.8 0.0 5.3 2.9 20.0 13:18 SSW 04 11.3 16.5 12:19 7.0 01:07 7.0 0.0 31.0 1.1 7.0 21:52 SE 05 14.7 17.7 13:11 11.3 07:12 3.0 0.0 30.8 3.0 16.2 04:13 SSE 06 13.6 19.1 12:34 9.4 05:49 4.7 0.0 0.0 1.1 8.7 11:03 S 07 12.8 18.3 14:03 8.2 05:40 5.5 0.0 0.0 1.2 9.4 10:11 SE 08 11.8 18.8 12:40 7.6 04:15 6.5 0.0 0.0 0.8 6.7 21:56 E 09 10.5 16.0 13:02 5.2 06:05 7.8 0.0 4.9 0.7 6.7 23:10 SE 10 11.5 13.6 13:17 10.0 19:59 6.8 0.0 20.5 0.7 6.1 09:46 E 11 9.4 14.6 13:47 5.1 22:05 8.9 0.0 4.9 0.9 9.4 03:25 NNE 12 9.3 16.4 13:35 4.6 01:48 9.0 0.0 0.0 0.5 5.4 00:00 ENE 13 10.3 15.4 12:42 5.3 01:24 8.0 0.0 0.0 0.6 5.4 11:04 SE 14 11.3 13.1 17:01 8.5 02:21 7.0 0.0 0.5 0.5 6.1 22:02 N 15 11.4 17.7 14:26 7.1 23:37 6.9 0.0 0.2 0.5 4.7 23:58 NW 16 11.8 17.3 10:59 6.3 04:00 6.5 0.0 0.0 0.7 7.4 12:45 ESE 17 10.7 16.7 13:17 5.1 22:19 7.6 0.0 0.0 0.7 5.4 23:27 NNE 18 9.0 16.8 12:49 3.5 02:27 9.3 0.0 0.0 0.8 7.4 04:16 ESE 19 9.2 15.1 12:16 5.0 23:37 9.1 0.0 0.0 0.8 6.1 00:47 ESE 20 8.9 13.3 10:05 4.1 02:38 9.4 0.0 0.3 0.2 3.4 23:16 NE 21 11.5 14.6 09:53 7.3 20:40 6.8 0.0 0.0 1.6 15.5 12:01 E 22 11.1 15.5 13:24 6.4 06:21 7.2 0.0 0.0 2.5 15.5 09:49 E 23 7.7 15.0 14:11 1.9 06:22 10.6 0.0 0.0 0.7 8.7 00:09 NE 24 8.0 13.5 13:22 2.3 04:58 10.3 0.0 0.0 1.1 12.9 20:27 E 25 5.2 11.2 12:53 -0.2 22:12 13.1 0.0 0.0 1.5 12.2 09:16 N 26 5.5 13.0 13:27 -0.1 00:48 12.8 0.0 0.0 1.3 8.1 00:08 E 27 6.6 11.3 11:40 1.9 02:39 11.7 0.0 3.0 0.9 6.7 04:15 ENE 28 6.8 8.5 12:53 3.8 23:49 11.5 0.0 3.4 0.4 4.7 18:03 NNE 29 6.3 12.1 12:36 1.1 04:17 12.0 0.0 0.0 1.0 6.7 09:41 E 30 6.4 7.7 03:02 5.4 05:50 11.9 0.0 65.7 1.0 7.4 09:07 N ---------------------------------------------------------------------------------- 10.1 19.3 1 -0.2 25 244.9 0.0 227.9 1.2 21.0 2 ESE Max >= 27.0 0 Max <= 0.0 0 Min <= 0.0 2 Min <= -5.0 0 Max Rain: 65.7 on day 30 Days of Rain: 13 (>= 0.2 mm) 10 (>= 2.0 mm) 5 (>= 20.0 mm) Heat Base: 18.3 Cool Base: 18.3 Method: Integration