NOAA-Style Climate Reports
Select a Year or Month report
2024: Gen Feb Mar Apr Mag Giu Lug Ago Set Ott Nov Dic
2023: Gen Feb Mar Apr Mag Giu Lug Ago Set Ott Nov Dic
2022: Gen Feb Mar Apr Mag Giu Lug Ago Set Ott Nov Dic
2021: Gen Feb Mar Apr Mag Giu Lug Ago Set Ott Nov Dic
2020: Gen Feb Mar Apr Mag Giu Lug Ago Set Ott Nov Dic
2019: Gen Feb Mar Apr Mag Giu Lug Ago Set Ott Nov Dic
2018: Gen Feb Mar Apr Mag Giu Lug Ago Set Ott Nov Dic
2017: Gen Feb Mar Apr Mag Giu Lug Ago Set Ott Nov Dic
2016: Gen Feb Mar Apr Mag Giu Lug Ago Set Ott Nov Dic
2015: Gen Feb Mar Apr Mag Giu Lug Ago Set Ott Nov Dic
2014: Gen Feb Mar Apr Mag Giu Lug Ago Set Ott Nov Dic
2013: Gen Feb Mar Apr Mag Giu Lug Ago Set Ott Nov Dic
2012: Gen Feb Mar Apr Mag Giu Lug Ago Set Ott Nov Dic
2011: Gen Feb Mar Apr Mag Giu Lug Ago Set Ott Nov Dic
2024: Gen Feb Mar Apr Mag Giu Lug Ago Set Ott Nov Dic
2023: Gen Feb Mar Apr Mag Giu Lug Ago Set Ott Nov Dic
2022: Gen Feb Mar Apr Mag Giu Lug Ago Set Ott Nov Dic
2021: Gen Feb Mar Apr Mag Giu Lug Ago Set Ott Nov Dic
2020: Gen Feb Mar Apr Mag Giu Lug Ago Set Ott Nov Dic
2019: Gen Feb Mar Apr Mag Giu Lug Ago Set Ott Nov Dic
2018: Gen Feb Mar Apr Mag Giu Lug Ago Set Ott Nov Dic
2017: Gen Feb Mar Apr Mag Giu Lug Ago Set Ott Nov Dic
2016: Gen Feb Mar Apr Mag Giu Lug Ago Set Ott Nov Dic
2015: Gen Feb Mar Apr Mag Giu Lug Ago Set Ott Nov Dic
2014: Gen Feb Mar Apr Mag Giu Lug Ago Set Ott Nov Dic
2013: Gen Feb Mar Apr Mag Giu Lug Ago Set Ott Nov Dic
2012: Gen Feb Mar Apr Mag Giu Lug Ago Set Ott Nov Dic
2011: Gen Feb Mar Apr Mag Giu Lug Ago Set Ott Nov Dic
Report for 2023 Dicembre
Monthly Climatological Summary for Dec 2023 Name: MeteoRedipuglia City: Fogliano Redipuglia State: Italy Elevation: 14 m Lat: N 45° 50' 38" Lon: E 013° 29' 20" Temperature (°C), Rain (mm), Wind Speed (m/s) Heat Cool Avg Mean Deg Deg Wind Dom Day Temp High Time Low Time Days Days Rain Speed High Time Dir ---------------------------------------------------------------------------------- 01 10.0 16.8 22:51 6.1 00:00 8.2 0.0 20.0 0.9 10.2 22:25 ESE 02 12.2 16.9 04:32 4.3 23:50 6.1 0.0 20.9 3.5 14.2 13:49 S 03 3.8 8.7 13:04 -0.4 21:47 14.5 0.0 0.2 1.1 8.7 13:57 E 04 2.6 6.9 11:39 -1.8 04:53 15.7 0.0 1.8 0.6 8.1 05:54 NE 05 5.7 8.9 13:24 2.8 02:02 12.6 0.0 3.6 0.7 8.1 21:31 NNE 06 6.0 10.1 11:59 2.6 02:31 12.3 0.0 0.0 0.8 6.7 11:03 E 07 6.8 12.7 13:07 2.2 20:37 11.5 0.0 0.0 1.3 8.7 22:05 ESE 08 6.2 10.9 12:14 1.7 03:55 12.1 0.0 0.0 0.8 6.7 02:12 NE 09 6.6 11.8 13:34 3.2 06:52 11.7 0.0 0.0 0.6 6.7 10:41 NNE 10 6.1 11.3 14:31 3.3 23:52 12.2 0.0 6.2 0.8 6.7 03:38 NE 11 8.2 12.8 11:02 2.7 01:56 10.1 0.0 0.0 0.7 7.4 08:31 ENE 12 9.8 13.1 12:19 7.1 04:35 8.5 0.0 2.0 0.3 3.4 00:41 NNW 13 8.6 9.6 10:23 7.1 23:30 9.7 0.0 30.1 0.4 6.7 23:58 N 14 7.5 15.4 14:16 3.1 23:28 10.8 0.0 0.0 0.6 6.7 00:00 NNE 15 7.2 14.3 12:07 2.0 04:12 11.1 0.0 0.0 1.5 11.5 17:18 E 16 5.3 11.6 13:05 1.1 00:39 13.0 0.0 0.0 1.0 8.1 12:09 NNE 17 6.1 13.7 13:52 1.5 04:02 12.2 0.0 0.0 0.8 6.7 00:51 NNW 18 5.7 14.5 14:23 0.7 06:02 12.6 0.0 0.0 0.2 2.6 10:32 SSW 19 5.7 14.4 13:39 0.6 04:23 12.6 0.0 0.0 0.3 3.4 10:18 ESE 20 6.3 11.4 11:53 1.0 05:32 12.0 0.0 0.0 0.5 4.7 09:39 ENE 21 7.1 12.1 11:43 2.2 03:02 11.2 0.0 0.0 0.4 4.7 05:13 E 22 7.7 13.4 14:08 3.6 23:19 10.6 0.0 0.0 1.0 8.7 04:51 ESE 23 8.0 14.3 13:41 3.4 02:20 10.3 0.0 0.0 0.7 5.4 19:32 E 24 11.1 17.0 11:24 5.3 07:13 7.2 0.0 0.0 0.7 5.4 02:48 SSE 25 9.6 12.2 09:16 5.6 19:40 8.7 0.0 0.0 0.7 6.7 10:38 SSE 26 8.9 10.7 13:05 7.1 01:44 9.4 0.0 0.0 0.1 2.6 22:31 N 27 9.5 11.2 10:54 8.1 00:52 8.8 0.0 0.0 0.2 2.6 22:10 S 28 9.3 11.7 13:22 7.7 23:45 9.0 0.0 0.0 0.1 3.4 01:26 E 29 8.4 10.9 12:19 5.2 05:46 9.9 0.0 0.0 0.1 2.6 11:26 N 30 9.7 12.0 12:57 8.2 02:21 8.6 0.0 0.0 0.1 2.6 08:08 ENE 31 10.4 13.6 22:40 8.9 00:35 7.9 0.0 11.9 1.0 12.9 22:53 SSE ---------------------------------------------------------------------------------- 7.6 17.0 24 -1.8 4 331.0 0.0 96.8 0.7 14.2 2 E Max >= 27.0 0 Max <= 0.0 0 Min <= 0.0 2 Min <= -5.0 0 Max Rain: 30.1 on day 13 Days of Rain: 8 (>= 0.2 mm) 7 (>= 2.0 mm) 3 (>= 20.0 mm) Heat Base: 18.3 Cool Base: 18.3 Method: Integration