NOAA-Style Climate Reports
Select a Year or Month report
2024: Gen Feb Mar Apr Mag Giu Lug Ago Set Ott Nov Dic
2023: Gen Feb Mar Apr Mag Giu Lug Ago Set Ott Nov Dic
2022: Gen Feb Mar Apr Mag Giu Lug Ago Set Ott Nov Dic
2021: Gen Feb Mar Apr Mag Giu Lug Ago Set Ott Nov Dic
2020: Gen Feb Mar Apr Mag Giu Lug Ago Set Ott Nov Dic
2019: Gen Feb Mar Apr Mag Giu Lug Ago Set Ott Nov Dic
2018: Gen Feb Mar Apr Mag Giu Lug Ago Set Ott Nov Dic
2017: Gen Feb Mar Apr Mag Giu Lug Ago Set Ott Nov Dic
2016: Gen Feb Mar Apr Mag Giu Lug Ago Set Ott Nov Dic
2015: Gen Feb Mar Apr Mag Giu Lug Ago Set Ott Nov Dic
2014: Gen Feb Mar Apr Mag Giu Lug Ago Set Ott Nov Dic
2013: Gen Feb Mar Apr Mag Giu Lug Ago Set Ott Nov Dic
2012: Gen Feb Mar Apr Mag Giu Lug Ago Set Ott Nov Dic
2011: Gen Feb Mar Apr Mag Giu Lug Ago Set Ott Nov Dic
2024: Gen Feb Mar Apr Mag Giu Lug Ago Set Ott Nov Dic
2023: Gen Feb Mar Apr Mag Giu Lug Ago Set Ott Nov Dic
2022: Gen Feb Mar Apr Mag Giu Lug Ago Set Ott Nov Dic
2021: Gen Feb Mar Apr Mag Giu Lug Ago Set Ott Nov Dic
2020: Gen Feb Mar Apr Mag Giu Lug Ago Set Ott Nov Dic
2019: Gen Feb Mar Apr Mag Giu Lug Ago Set Ott Nov Dic
2018: Gen Feb Mar Apr Mag Giu Lug Ago Set Ott Nov Dic
2017: Gen Feb Mar Apr Mag Giu Lug Ago Set Ott Nov Dic
2016: Gen Feb Mar Apr Mag Giu Lug Ago Set Ott Nov Dic
2015: Gen Feb Mar Apr Mag Giu Lug Ago Set Ott Nov Dic
2014: Gen Feb Mar Apr Mag Giu Lug Ago Set Ott Nov Dic
2013: Gen Feb Mar Apr Mag Giu Lug Ago Set Ott Nov Dic
2012: Gen Feb Mar Apr Mag Giu Lug Ago Set Ott Nov Dic
2011: Gen Feb Mar Apr Mag Giu Lug Ago Set Ott Nov Dic
Report for 2024 Gennaio
Monthly Climatological Summary for Jan 2024 Name: MeteoRedipuglia City: Fogliano Redipuglia State: Italy Elevation: 14 m Lat: N 45° 50' 38" Lon: E 013° 29' 20" Temperature (°C), Rain (mm), Wind Speed (m/s) Heat Cool Avg Mean Deg Deg Wind Dom Day Temp High Time Low Time Days Days Rain Speed High Time Dir ---------------------------------------------------------------------------------- 01 8.4 11.9 01:22 5.6 22:35 4.7 0.0 6.6 0.7 8.0 02:18 E 02 7.0 9.7 13:21 3.9 06:23 11.3 0.0 0.7 0.7 6.0 05:04 SE 03 7.8 8.9 14:39 6.9 00:00 10.5 0.0 0.6 0.3 3.0 14:11 SE 04 7.1 8.9 12:35 4.6 18:27 11.2 0.0 0.0 0.6 5.0 12:47 SE 05 11.3 15.3 12:32 7.3 00:36 7.0 0.0 21.8 1.4 7.0 01:15 ESE 06 11.0 12.5 03:23 8.2 23:17 7.3 0.0 76.9 2.6 9.0 00:36 E 07 8.7 10.7 12:46 7.2 06:19 9.5 0.0 22.5 1.1 7.0 22:48 E 08 5.9 8.7 00:01 2.8 21:36 12.4 0.0 0.0 1.0 6.0 10:49 ESE 09 2.6 8.2 12:43 -0.9 05:29 15.7 0.0 0.0 1.2 8.0 13:16 ESE 10 1.9 6.1 13:06 -2.5 23:25 16.4 0.0 0.0 3.2 16.0 05:52 E 11 2.0 11.1 13:53 -3.5 05:03 16.3 0.0 0.0 0.4 5.0 11:09 NNW 12 3.2 8.1 10:20 -1.3 06:37 15.0 0.0 0.0 1.3 12.0 11:04 ESE 13 2.5 8.3 13:41 -1.7 05:34 15.0 0.0 0.0 0.7 7.0 07:06 ESE 14 4.5 8.1 13:23 1.2 01:49 13.8 0.0 0.0 0.3 4.0 05:14 SSW 15 4.4 7.3 12:46 0.8 23:50 13.9 0.0 0.0 0.6 5.0 13:17 NNW 16 5.0 10.3 13:15 -0.6 05:04 13.3 0.0 0.0 0.8 9.0 09:59 ENE 17 5.5 7.1 23:15 4.7 04:01 12.8 0.0 20.1 0.4 5.0 13:19 N 18 8.0 9.5 05:52 6.3 00:30 10.3 0.0 16.6 0.5 7.0 06:54 ESE 19 5.3 8.8 06:42 0.4 23:09 13.0 0.0 20.8 2.5 21.0 08:21 ENE 20 2.5 8.5 13:09 -2.3 22:45 15.7 0.0 0.0 1.6 10.0 10:52 E 21 3.2 11.3 13:46 -3.3 05:29 15.1 0.0 0.0 0.8 7.0 20:07 NNE 22 3.8 9.5 13:08 -1.7 05:15 14.5 0.0 0.0 0.6 7.0 00:54 ESE 23 5.8 12.2 12:51 0.2 06:40 12.0 0.0 0.0 0.7 6.0 11:51 S 24 6.3 10.6 13:48 2.3 00:00 6.3 0.0 0.0 0.7 5.0 12:12 S 25 7.0 14.2 13:39 2.8 22:27 11.3 0.0 0.0 0.4 4.1 12:09 SSW 26 6.1 13.0 13:13 1.1 05:44 12.2 0.0 0.0 0.6 4.7 11:57 SSE 27 6.6 17.1 13:13 0.5 06:04 11.7 0.0 0.7 0.5 4.7 11:40 NW 28 4.3 12.0 11:16 -0.1 03:11 14.0 0.0 0.0 0.4 5.4 11:58 S 29 4.4 13.0 13:06 -0.8 05:49 13.9 0.0 0.0 0.6 6.7 01:12 SSE 30 4.3 12.8 13:29 -1.1 04:15 14.0 0.0 0.0 0.4 4.1 12:27 S 31 4.1 12.4 13:19 -1.1 02:28 14.2 0.0 0.0 0.4 3.4 12:05 S ---------------------------------------------------------------------------------- 5.5 17.1 27 -3.5 11 384.4 0.0 187.3 0.9 21.0 19 ESE Max >= 33.0 0 Max <= 0.0 0 Min <= 0.0 13 Min <= -5.0 0 Max Rain: 76.9 on day 6 Days of Rain: 10 (>= 0.2 mm) 7 (>= 2.0 mm) 5 (>= 20.0 mm) Heat Base: 18.3 Cool Base: 18.3 Method: Integration