NOAA-Style Climate Reports
Select a Year or Month report
2024: Gen Feb Mar Apr Mag Giu Lug Ago Set Ott Nov Dic
2023: Gen Feb Mar Apr Mag Giu Lug Ago Set Ott Nov Dic
2022: Gen Feb Mar Apr Mag Giu Lug Ago Set Ott Nov Dic
2021: Gen Feb Mar Apr Mag Giu Lug Ago Set Ott Nov Dic
2020: Gen Feb Mar Apr Mag Giu Lug Ago Set Ott Nov Dic
2019: Gen Feb Mar Apr Mag Giu Lug Ago Set Ott Nov Dic
2018: Gen Feb Mar Apr Mag Giu Lug Ago Set Ott Nov Dic
2017: Gen Feb Mar Apr Mag Giu Lug Ago Set Ott Nov Dic
2016: Gen Feb Mar Apr Mag Giu Lug Ago Set Ott Nov Dic
2015: Gen Feb Mar Apr Mag Giu Lug Ago Set Ott Nov Dic
2014: Gen Feb Mar Apr Mag Giu Lug Ago Set Ott Nov Dic
2013: Gen Feb Mar Apr Mag Giu Lug Ago Set Ott Nov Dic
2012: Gen Feb Mar Apr Mag Giu Lug Ago Set Ott Nov Dic
2011: Gen Feb Mar Apr Mag Giu Lug Ago Set Ott Nov Dic
2024: Gen Feb Mar Apr Mag Giu Lug Ago Set Ott Nov Dic
2023: Gen Feb Mar Apr Mag Giu Lug Ago Set Ott Nov Dic
2022: Gen Feb Mar Apr Mag Giu Lug Ago Set Ott Nov Dic
2021: Gen Feb Mar Apr Mag Giu Lug Ago Set Ott Nov Dic
2020: Gen Feb Mar Apr Mag Giu Lug Ago Set Ott Nov Dic
2019: Gen Feb Mar Apr Mag Giu Lug Ago Set Ott Nov Dic
2018: Gen Feb Mar Apr Mag Giu Lug Ago Set Ott Nov Dic
2017: Gen Feb Mar Apr Mag Giu Lug Ago Set Ott Nov Dic
2016: Gen Feb Mar Apr Mag Giu Lug Ago Set Ott Nov Dic
2015: Gen Feb Mar Apr Mag Giu Lug Ago Set Ott Nov Dic
2014: Gen Feb Mar Apr Mag Giu Lug Ago Set Ott Nov Dic
2013: Gen Feb Mar Apr Mag Giu Lug Ago Set Ott Nov Dic
2012: Gen Feb Mar Apr Mag Giu Lug Ago Set Ott Nov Dic
2011: Gen Feb Mar Apr Mag Giu Lug Ago Set Ott Nov Dic
Report for 2024 Febbraio
Monthly Climatological Summary for Feb 2024 Name: MeteoRedipuglia City: Fogliano Redipuglia State: Italy Elevation: 14 m Lat: N 45° 50' 38" Lon: E 013° 29' 20" Temperature (°C), Rain (mm), Wind Speed (m/s) Heat Cool Avg Mean Deg Deg Wind Dom Day Temp High Time Low Time Days Days Rain Speed High Time Dir ---------------------------------------------------------------------------------- 01 3.3 8.9 11:37 -1.7 05:43 15.0 0.0 0.0 0.4 4.0 09:29 E 02 6.2 14.7 13:37 0.1 00:11 12.1 0.0 0.0 0.5 5.0 10:59 S 03 5.4 13.1 13:37 1.1 03:23 12.9 0.0 0.0 0.1 3.0 13:37 S 04 6.9 13.2 14:06 0.7 05:52 11.4 0.0 0.0 0.4 5.0 11:18 SSE 05 9.4 12.7 13:45 5.8 02:41 8.9 0.0 0.0 0.3 3.0 14:05 SSE 06 9.4 10.7 09:39 8.5 20:11 8.9 0.0 0.0 0.7 6.0 23:04 SSE 07 8.9 10.0 13:16 7.8 23:25 9.4 0.0 0.0 0.2 5.0 00:00 ENE 08 9.1 10.6 13:56 7.3 03:13 9.2 0.0 0.3 0.3 6.0 23:50 ENE 09 11.1 12.5 18:45 9.6 00:47 6.7 0.0 11.3 1.1 9.0 18:34 SE 10 12.2 14.5 11:29 10.2 03:40 6.1 0.0 43.2 1.7 7.0 09:00 ESE 11 11.2 12.3 10:28 9.9 22:03 7.0 0.0 17.5 1.7 9.4 09:28 SSE 12 10.2 13.6 12:08 7.1 23:30 8.1 0.0 7.3 0.6 5.4 16:46 NNE 13 9.7 17.8 13:29 4.5 23:27 8.6 0.0 0.0 0.7 6.1 14:25 WSW 14 8.9 14.9 12:50 3.9 23:24 9.4 0.0 0.0 0.9 7.4 05:52 SE 15 7.7 14.7 12:04 3.2 05:43 10.6 0.0 0.0 0.5 5.4 12:21 S 16 6.6 14.5 14:04 1.6 05:29 11.7 0.0 0.3 0.7 4.7 16:50 SSE 17 6.5 13.6 12:14 0.6 06:21 11.8 0.0 0.7 0.6 4.7 12:30 S 18 11.5 16.2 13:36 6.5 00:00 6.7 0.0 0.3 0.8 8.1 09:21 ESE 19 10.5 17.2 12:31 7.1 01:49 7.8 0.0 0.0 0.6 6.7 14:21 SE 20 11.2 17.6 12:43 5.4 06:44 7.1 0.0 0.0 1.0 10.9 18:16 SW 21 9.8 16.0 10:33 4.4 05:07 8.5 0.0 0.0 1.0 6.7 12:41 S 22 9.7 11.7 09:23 5.8 03:58 8.6 0.0 9.9 1.0 7.4 10:17 SSE 23 10.8 13.4 13:14 9.0 03:27 7.5 0.0 55.2 4.7 21.0 14:06 SE 24 10.4 14.3 13:05 7.2 20:54 7.9 0.0 0.0 1.9 8.1 10:13 SSE 25 9.3 14.8 14:07 4.4 23:57 9.0 0.0 0.0 1.0 6.1 11:57 ENE 26 8.9 13.0 11:50 2.8 02:30 9.4 0.0 0.0 0.8 5.4 21:05 ENE 27 11.6 14.4 14:55 9.2 00:40 6.7 0.0 4.6 1.7 9.4 13:48 ENE 28 13.4 18.0 13:53 10.5 21:08 4.9 0.0 0.7 0.9 7.4 00:16 NNE 29 15.2 18.5 11:39 11.4 00:07 3.1 0.0 0.0 3.1 16.2 08:25 ENE ---------------------------------------------------------------------------------- 9.5 18.5 29 -1.7 1 255.0 0.0 151.3 1.0 21.0 23 SE Max >= 33.0 0 Max <= 0.0 0 Min <= 0.0 1 Min <= -5.0 0 Max Rain: 55.2 on day 23 Days of Rain: 12 (>= 0.2 mm) 7 (>= 2.0 mm) 2 (>= 20.0 mm) Heat Base: 18.3 Cool Base: 18.3 Method: Integration